301
CXUS54 KFWD 010730
CF60F2
PRELIMINARY LOCAL CLIMATOLOGICAL DATA (WS FORM: F-6)
STATION: BOWIE
MONTH: OCTOBER
YEAR: 2020
LATITUDE: 33 36 N
LONGITUDE: 97 47 W
TEMPERATURE IN F: :PCPN: SNOW: WIND :SUNSHINE: SKY :PK WND
================================================================================
1 2 3 4 5 6A 6B 7 8 9 10 11 12 13 14 15 16 17 18
12Z AVG MX 2MIN
DY MAX MIN AVG DEP HDD CDD WTR SNW DPTH SPD SPD DIR MIN PSBL S-S WX SPD DR
================================================================================
1 77 57 67 -1 0 2 0.00 0.0 0 4.4 9 10 M M 0 8 M M
2 75 48 62 -6 3 0 0.00 0.0 0 4.2 9 130 M M 0 M M
3 83 53 68 0 0 3 0.00 0.0 0 5.6 14 180 M M 3 18 180
4 76 50 63 -4 2 0 0.00 0.0 0 4.9 12 360 M M 2 16 20
5 78 46 62 -5 3 0 0.00 0.0 0 5.2 13 160 M M 0 18 160
6 86 55 71 4 0 6 0.00 0.0 0 3.7 9 190 M M 0 M M
7 89 60 75 9 0 10 0.00 0.0 0 4.7 10 180 M M 0 1 18 160
8 86 57 72 6 0 7 0.00 0.0 0 2.9 8 160 M M 0 M M
9 86 61 74 8 0 9 0.00 0.0 0 4.4 7 170 M M 4 1 M M
10 87 62 75 10 0 10 0.00 0.0 0 3.2 8 180 M M 4 12 M M
11 95 65 80 15 0 15 0.00 0.0 0 8.1 13 170 M M 0 18 170
12 78 47 63 -2 2 0 0.00 0.0 0 8.3 22 350 M M 0 29 350
13 81 42 62 -2 3 0 0.00 0.0 0 3.5 9 160 M M 0 8 M M
14 91 54 73 9 0 8 0.00 0.0 0 10.1 22 190 M M 0 29 190
15 77 54 66 2 0 1 0.00 0.0 0 10.6 21 40 M M 3 33 40
16 71 44 58 -6 7 0 0.00 0.0 0 3.7 9 120 M M 0 M M
17 80 43 62 -1 3 0 0.00 0.0 0 11.3 18 170 M M 0 29 170
18 84 50 67 4 0 2 0.00 0.0 0 12.0 20 350 M M 7 24 170
19 59 47 53 -10 12 0 0.00 0.0 0 4.0 13 340 M M 10 1 M M
20 87 56 72 10 0 7 0.00 0.0 0 6.3 18 190 M M 6 1 22 170
21 84 66 75 13 0 10 0.00 0.0 0 8.1 14 170 M M 2 21 160
22 85 61 73 11 0 8 0.48 0.0 0 10.5 18 170 M M 2 3 24 170
23 65 44 55 -7 10 0 0.96 0.0 0 11.6 21 350 M M 9 3 33 350
24 59 36 48 -13 17 0 0.00 0.0 0 4.2 12 360 M M 2 16 360
25 59 48 54 -7 11 0 0.03 0.0 0 6.4 10 40 M M 8 1 20 140
26 48 32 40 -20 25 0 0.25 0.0 0 12.4 18 360 M M 10 1 27 360
27 36 32 34 -26 31 0 M 0.0 0 10.3 14 360 M M 10 16 21 360
28 42 34 38 -22 27 0 0.53 M 0 8.9 13 290 M M 8 1 20 10
29 60 33 47 -13 18 0 0.00 0.0 0 11.0 20 340 M M 6 28 340
30 67 33 50 -9 15 0 0.00 0.0 0 2.1 6 190 M M 0 M M
31 73 39 56 -3 9 0 0.00 0.0 0 5.3 16 190 M M 0 22 180
================================================================================
SM 2304 1509 198 98 2.25 0.0 211.9 M 96
================================================================================
AV 74.3 48.7 6.8 FASTST M M 3 MAX(MPH)
MISC ----> # 22 350 # 33 40
================================================================================
NOTES:
# LAST OF SEVERAL OCCURRENCES
COLUMN 17 PEAK WIND IN M.P.H.
PRELIMINARY LOCAL CLIMATOLOGICAL DATA (WS FORM: F-6) , PAGE 2
STATION: BOWIE
MONTH: OCTOBER
YEAR: 2020
LATITUDE: 33 36 N
LONGITUDE: 97 47 W
[TEMPERATURE DATA] [PRECIPITATION DATA] SYMBOLS USED IN COLUMN 16
AVERAGE MONTHLY: 61.5 TOTAL FOR MONTH: 2.25 1 = FOG OR MIST
DPTR FM NORMAL: -2.1 DPTR FM NORMAL: -1.77 2 = FOG REDUCING VISIBILITY
HIGHEST: 95 ON 11 GRTST 24HR 0.96 ON 23-23 TO 1/4 MILE OR LESS
LOWEST: 32 ON 27,26 3 = THUNDER
SNOW, ICE PELLETS, HAIL 4 = ICE PELLETS
TOTAL MONTH: 0.0 INCH 5 = HAIL
GRTST 24HR 0.0 6 = FREEZING RAIN OR DRIZZLE
GRTST DEPTH: 0 7 = DUSTSTORM OR SANDSTORM:
VSBY 1/2 MILE OR LESS
8 = SMOKE OR HAZE
[NO. OF DAYS WITH] [WEATHER - DAYS WITH] 9 = BLOWING SNOW
X = TORNADO
MAX 32 OR BELOW: 0 0.01 INCH OR MORE: 5
MAX 90 OR ABOVE: 2 0.10 INCH OR MORE: 4
MIN 32 OR BELOW: 2 0.50 INCH OR MORE: 2
MIN 0 OR BELOW: 0 1.00 INCH OR MORE: 0
[HDD (BASE 65) ]
TOTAL THIS MO. 198 CLEAR (SCALE 0-3) 19
DPTR FM NORMAL 74 PTCLDY (SCALE 4-7) 7
TOTAL FM JUL 1 217 CLOUDY (SCALE 8-10) 5
DPTR FM NORMAL 77
[CDD (BASE 65) ]
TOTAL THIS MO. 98
DPTR FM NORMAL 19 [PRESSURE DATA]
TOTAL FM JAN 1 2434 HIGHEST SLP M ON M
DPTR FM NORMAL 372 LOWEST SLP M ON M
[REMARKS]
#FINAL-10-20#