000
CXUS53 KUNR 011030
CF62WX
PRELIMINARY LOCAL CLIMATOLOGICAL DATA (WS FORM: F-6)
STATION: BUFFALO SD
MONTH: DECEMBER
YEAR: 2021
LATITUDE: 45 35 N
LONGITUDE: 103 33 W
TEMPERATURE IN F: :PCPN: SNOW: WIND :SUNSHINE: SKY :PK WND
================================================================================
1 2 3 4 5 6A 6B 7 8 9 10 11 12 13 14 15 16 17 18
12Z AVG MX 2MIN
DY MAX MIN AVG DEP HDD CDD WTR SNW DPTH SPD SPD DIR MIN PSBL S-S WX SPD DR
================================================================================
1 71 37 54 27 11 0 0.00 M M 23.0 38 290 M M M 58 280
2 54 36 45 18 20 0 0.00 M M 9.0 21 340 M M M 28 20
3 48 30 39 13 26 0 0.00 M M 10.4 24 320 M M M 31 320
4 31 26 29 3 36 0 0.00 M M 16.6 33 140 M M M 41 130
5 39 9 24 -2 41 0 0.00 M M 30.5 46 310 M M M 57 310
6 25 1 13 -13 52 0 0.00 M M 10.1 26 300 M M M 34 310
7 31 15 23 -2 42 0 0.00 M M 9.4 22 280 M M M 26 280
8 53 20 37 12 28 0 0.00 M M 9.1 38 300 M M M 47 300
9 41 23 32 7 33 0 0.00 M M 12.2 26 300 M M M 33 300
10 37 16 27 3 38 0 0.00 M M 9.0 22 270 M M M 27 270
11 42 16 29 5 36 0 0.00 M M 16.7 31 230 M M M 36 240
12 54 30 42 18 23 0 0.00 M M 14.0 26 240 M M M 34 240
13 50 24 37 13 28 0 0.00 M M 7.9 21 150 M M M 26 140
14 61 28 45 21 20 0 0.00 M M 11.7 32 220 M M M 42 210
15 46 12 29 6 36 0 0.00 M M 26.0 44 310 M M M 56 310
16 32 6 19 -4 46 0 0.00 M M 9.0 24 280 M M M 30 280
17 18 -6 6 -17 59 0 0.00 M M 14.8 38 320 M M M 49 320
18 23 -6 9 -14 56 0 0.00 M M 9.7 20 180 M M M 25 180
19 47 16 32 9 33 0 0.00 M M 13.2 26 350 M M M 32 350
20 22 7 15 -8 50 0 0.02 M M 12.7 24 170 M M M 29 170
21 32 9 21 -1 44 0 0.04 M M 14.3 39 310 M M M 50 310
22 53 17 35 13 30 0 0.00 M M 8.7 14 250 M M M 17 220
23 56 30 43 21 22 0 0.00 M M 16.5 32 230 M M M 41 220
24 48 20 34 12 31 0 0.00 M M 14.0 41 320 M M M 52 320
25 23 14 19 -3 46 0 0.06 M M 9.2 20 100 M M M 28 100
26 21 -1 10 -12 55 0 0.05 M M 20.7 40 300 M M M 49 290
27 -1 -10 -5 -27 70 0 0.07 M M 10.3 32 290 M M M 40 290
28 8 -10 -1 -23 66 0 0.00 M M 3.6 10 170 M M M 15 160
29 11 -1 5 -17 60 0 0.00 M M 7.5 23 350 M M M 29 340
30 19 -5 7 -15 58 0 0.03 M M 6.9 18 180 M M M 23 180
31 5 -9 -2 -24 67 0 0.00 M M 11.6 18 320 M M M 22 340
================================================================================
SM 1100 394 1263 0 0.27 M 398.3 M M
================================================================================
AV 35.5 12.7 12.8 FASTST M M M MAX(MPH)
MISC ----> 46 310 58 280
================================================================================
NOTES:
# LAST OF SEVERAL OCCURRENCES
COLUMN 17 PEAK WIND IN M.P.H.
PRELIMINARY LOCAL CLIMATOLOGICAL DATA (WS FORM: F-6) , PAGE 2
STATION: BUFFALO SD
MONTH: DECEMBER
YEAR: 2021
LATITUDE: 45 35 N
LONGITUDE: 103 33 W
[TEMPERATURE DATA] [PRECIPITATION DATA] SYMBOLS USED IN COLUMN 16
AVERAGE MONTHLY: 24.1 TOTAL FOR MONTH: 0.27 1 = FOG OR MIST
DPTR FM NORMAL: 0.5 DPTR FM NORMAL: -0.08 2 = FOG REDUCING VISIBILITY
HIGHEST: 71 ON 1 GRTST 24HR 0.07 ON 27-27 TO 1/4 MILE OR LESS
LOWEST: -10 ON 28,27 3 = THUNDER
SNOW, ICE PELLETS, HAIL 4 = ICE PELLETS
TOTAL MONTH: M 5 = HAIL
GRTST 24HR M ON M 6 = FREEZING RAIN OR DRIZZLE
GRTST DEPTH: M ON M 7 = DUSTSTORM OR SANDSTORM:
VSBY 1/2 MILE OR LESS
8 = SMOKE OR HAZE
[NO. OF DAYS WITH] [WEATHER - DAYS WITH] 9 = BLOWING SNOW
X = TORNADO
MAX 32 OR BELOW: 15 0.01 INCH OR MORE: 6
MAX 90 OR ABOVE: 0 0.10 INCH OR MORE: 0
MIN 32 OR BELOW: 29 0.50 INCH OR MORE: 0
MIN 0 OR BELOW: 8 1.00 INCH OR MORE: 0
[HDD (BASE 65) ]
TOTAL THIS MO. 1263 CLEAR (SCALE 0-3) 0
DPTR FM NORMAL -20 PTCLDY (SCALE 4-7) 0
TOTAL FM JUL 1 2547 CLOUDY (SCALE 8-10) 31
DPTR FM NORMAL -527
[CDD (BASE 65) ]
TOTAL THIS MO. 0
DPTR FM NORMAL 0 [PRESSURE DATA]
TOTAL FM JAN 1 1021 HIGHEST SLP 30.49 ON 18
DPTR FM NORMAL 442 LOWEST SLP 29.05 ON 23
[REMARKS]
#FINAL-12-21#