000
CXUS54 KMAF 011210
CF66R6
PRELIMINARY LOCAL CLIMATOLOGICAL DATA (WS FORM: F-6)
STATION: TERRELL COUNTY AIRPORT
MONTH: FEBRUARY
YEAR: 2020
LATITUDE: 30 2 N
LONGITUDE: 102 13 W
TEMPERATURE IN F: :PCPN: SNOW: WIND :SUNSHINE: SKY :PK WND
================================================================================
1 2 3 4 5 6A 6B 7 8 9 10 11 12 13 14 15 16 17 18
12Z AVG MX 2MIN
DY MAX MIN AVG DEP HDD CDD WTR SNW DPTH SPD SPD DIR MIN PSBL S-S WX SPD DR
================================================================================
1 71 32 52 1 13 0 0.00 0.0 0 12.1 24 250 M M 0 28 240
2 72 41 57 6 8 0 0.00 0.0 0 8.1 22 220 M M 0 27 220
3 71 47 59 8 6 0 0.01 M M 4.1 16 140 M M 0 20 150
4 80 37 59 8 6 0 0.08 M M 10.9 30 350 M M 0 40 350
5 43 29 36 -15 29 0 0.05 M M 14.0 23 350 M M 0 31 350
6 60 27 44 -8 21 0 0.00 0.0 0 11.5 24 290 M M 0 36 250
7 75 41 58 6 7 0 0.00 0.0 0 10.0 20 250 M M 0 24 250
8 73 42 58 6 7 0 0.00 M M 7.6 13 110 M M 0 17 120
9 80 51 66 14 0 1 0.00 M M 4.6 10 100 M M 0 14 20
10 68 49 59 6 6 0 0.00 M M 11.7 26 350 M M 0 36 350
11 50 39 45 -8 20 0 0.16 M M 12.1 22 360 M M 0 28 20
12 64 35 50 -3 15 0 0.10 M M 9.4 25 260 M M 0 33 260
13 61 33 47 -6 18 0 0.00 M M 7.6 16 340 M M 0 21 340
14 55 34 45 -9 20 0 0.00 0.0 0 8.6 17 80 M M 0 23 80
15 71 36 54 0 11 0 0.00 M M 6.7 15 210 M M 0 20 210
16 80 40 60 6 5 0 0.00 M M 7.5 21 220 M M 0 24 240
17 87 41 64 10 1 0 0.00 M M 8.1 16 220 M M 0 23 200
18 67 51 59 4 6 0 0.00 M M 11.4 29 340 M M 0 36 340
19 52 45 49 -6 16 0 0.25 M M 7.5 14 50 M M 0 17 30
20 49 38 44 -11 21 0 0.05 0.0 0 11.7 21 20 M M 0 26 30
21 52 36 44 -11 21 0 0.00 M M 7.2 13 70 M M 0 15 70
22 64 36 50 -6 15 0 0.00 M M 6.3 15 120 M M 0 18 120
23 71 42 57 1 8 0 0.00 M M 5.5 12 120 M M 0 14 150
24 76 53 65 9 0 0 0.00 M M 10.9 24 220 M M 0 31 220
25 62 44 53 -3 12 0 0.00 M M 13.8 24 350 M M 0 32 360
26 53 30 42 -15 23 0 0.00 0.0 0 10.3 25 10 M M 0 34 10
27 67 26 47 -10 18 0 0.00 M M 7.1 20 230 M M 0 24 220
28 72 33 53 -4 12 0 0.00 M M 6.0 12 150 M M 0 16 140
29 77 43 60 3 5 0 0.00 0.0 0 8.2 17 130 M M 0 23 130
================================================================================
SM 1923 1131 350 1 0.70 0.0 260.5 M 0
================================================================================
AV 66.3 39.0 9.0 FASTST M M 0 MAX(MPH)
MISC ----> 30 350 40 350
================================================================================
NOTES:
# LAST OF SEVERAL OCCURRENCES
COLUMN 17 PEAK WIND IN M.P.H.
PRELIMINARY LOCAL CLIMATOLOGICAL DATA (WS FORM: F-6) , PAGE 2
STATION: TERRELL COUNTY AIRPORT
MONTH: FEBRUARY
YEAR: 2020
LATITUDE: 30 2 N
LONGITUDE: 102 13 W
[TEMPERATURE DATA] [PRECIPITATION DATA] SYMBOLS USED IN COLUMN 16
AVERAGE MONTHLY: 52.7 TOTAL FOR MONTH: 0.70 1 = FOG OR MIST
DPTR FM NORMAL: -1.0 DPTR FM NORMAL: -0.03 2 = FOG REDUCING VISIBILITY
HIGHEST: 87 ON 17 GRTST 24HR 0.30 ON 19-20 TO 1/4 MILE OR LESS
LOWEST: 26 ON 27 3 = THUNDER
SNOW, ICE PELLETS, HAIL 4 = ICE PELLETS
TOTAL MONTH: 0.0 INCH 5 = HAIL
GRTST 24HR 0.0 6 = FREEZING RAIN OR DRIZZLE
GRTST DEPTH: 0 7 = DUSTSTORM OR SANDSTORM:
VSBY 1/2 MILE OR LESS
8 = SMOKE OR HAZE
[NO. OF DAYS WITH] [WEATHER - DAYS WITH] 9 = BLOWING SNOW
X = TORNADO
MAX 32 OR BELOW: 0 0.01 INCH OR MORE: 7
MAX 90 OR ABOVE: 0 0.10 INCH OR MORE: 3
MIN 32 OR BELOW: 5 0.50 INCH OR MORE: 0
MIN 0 OR BELOW: 0 1.00 INCH OR MORE: 0
[HDD (BASE 65) ]
TOTAL THIS MO. 350 CLEAR (SCALE 0-3) 29
DPTR FM NORMAL 28 PTCLDY (SCALE 4-7) 0
TOTAL FM JUL 1 1412 CLOUDY (SCALE 8-10) 0
DPTR FM NORMAL -210
[CDD (BASE 65) ]
TOTAL THIS MO. 1
DPTR FM NORMAL -7 [PRESSURE DATA]
TOTAL FM JAN 1 1 HIGHEST SLP 30.61 ON 21
DPTR FM NORMAL -7 LOWEST SLP 29.55 ON 4
[REMARKS]
#FINAL-02-20#