000
CXUS54 KMAF 012312
CF66R6
PRELIMINARY LOCAL CLIMATOLOGICAL DATA (WS FORM: F-6)
STATION: TERRELL COUNTY AIRPORT
MONTH: AUGUST
YEAR: 2023
LATITUDE: 30 2 N
LONGITUDE: 102 13 W
TEMPERATURE IN F: :PCPN: SNOW: WIND :SUNSHINE: SKY :PK WND
================================================================================
1 2 3 4 5 6A 6B 7 8 9 10 11 12 13 14 15 16 17 18
12Z AVG MX 2MIN
DY MAX MIN AVG DEP HDD CDD WTR SNW DPTH SPD SPD DIR MIN PSBL S-S WX SPD DR
================================================================================
1 102 76 89 4 0 24 0.00 M M 10.0 21 110 M M 0 30 100
2 101 76 89 4 0 24 0.00 M M 10.5 21 130 M M 0 28 100
3 102 75 89 4 0 24 0.00 M M 11.3 20 80 M M 0 30 80
4 105 74 90 5 0 25 0.00 M M 8.6 20 120 M M 0 28 70
5 105 74 90 5 0 25 0.00 M M 10.6 22 110 M M 0 30 100
6 107 74 91 6 0 26 0.00 M M 9.6 18 100 M M 0 26 110
7 106 75 91 6 0 26 0.00 M M 9.8 23 100 M M 0 32 100
8 106 78 92 7 0 27 0.00 M M 9.6 20 100 M M 0 26 100
9 107 76 92 7 0 27 0.00 M M 7.0 22 290 M M 0 29 290
10 108 77 93 8 0 28 0.00 M M 7.7 20 120 M M 0 26 100
11 106 78 92 7 0 27 0.00 M M 7.8 18 140 M M 0 26 150
12 105 80 93 8 0 28 0.00 M M 8.8 18 110 M M 0 26 100
13 104 80 92 7 0 27 0.00 M M 11.2 20 120 M M 0 27 110
14 102 79 91 7 0 26 0.00 M M 11.1 20 100 M M 0 30 80
15 101 78 90 6 0 25 0.00 M M 8.7 18 90 M M 0 27 90
16 103 76 90 6 0 25 0.00 M M 7.2 18 100 M M 0 25 80
17 106 74 90 6 0 25 0.00 M M 7.1 18 100 M M 0 26 90
18 104 74 89 5 0 24 0.00 M M 10.1 23 120 M M 0 36 140
19 101 73 87 3 0 22 0.00 M M 10.0 23 110 M M 0 31 80
20 99 79 89 5 0 24 0.00 M M 12.6 25 100 M M 0 35 80
21 102 76 89 5 0 24 0.00 M M 7.9 21 30 M M 0 29 20
22 91 69 80 -3 0 15 0.53 M M 8.3 22 90 M M 0 3 30 120
23 86 69 78 -5 0 13 4.97 M M 11.9 30 50 M M 0 3 41 50
24 91 72 82 -1 0 17 0.00 M M 8.6 17 110 M M 0 25 100
25 94 67 81 -2 0 16 0.00 M M 6.8 18 140 M M 0 26 160
26 96 79 88 5 0 23 0.00 M M 5.6 18 70 M M 0 25 60
27 98 73 86 4 0 21 0.28 M M 5.1 40 40 M M 0 55 50
28 94 72 83 1 0 18 0.00 M M 6.6 24 40 M M 0 34 30
29 96 73 85 3 0 20 0.00 M M 7.8 16 50 M M 0 23 50
30 94 72 83 1 0 18 0.00 M M 5.8 16 20 M M 0 22 10
31 96 66 81 -1 0 16 0.00 M M 4.4 12 130 M M 0 17 130
================================================================================
SM 3118 2314 0 710 5.78 M 268.1 M 0
================================================================================
AV100.6 74.6 8.6 FASTST M M 0 MAX(MPH)
MISC ----> 40 40 55 50
================================================================================
NOTES:
# LAST OF SEVERAL OCCURRENCES
COLUMN 17 PEAK WIND IN M.P.H.
PRELIMINARY LOCAL CLIMATOLOGICAL DATA (WS FORM: F-6) , PAGE 2
STATION: TERRELL COUNTY AIRPORT
MONTH: AUGUST
YEAR: 2023
LATITUDE: 30 2 N
LONGITUDE: 102 13 W
[TEMPERATURE DATA] [PRECIPITATION DATA] SYMBOLS USED IN COLUMN 16
AVERAGE MONTHLY: 87.6 TOTAL FOR MONTH: 5.78 1 = FOG OR MIST
DPTR FM NORMAL: 3.7 DPTR FM NORMAL: 4.83 2 = FOG REDUCING VISIBILITY
HIGHEST: 108 ON 10 GRTST 24HR 5.50 ON 22-23 TO 1/4 MILE OR LESS
LOWEST: 66 ON 31 3 = THUNDER
SNOW, ICE PELLETS, HAIL 4 = ICE PELLETS
TOTAL MONTH: M 5 = HAIL
GRTST 24HR M ON M 6 = FREEZING RAIN OR DRIZZLE
GRTST DEPTH: M ON M 7 = DUSTSTORM OR SANDSTORM:
VSBY 1/2 MILE OR LESS
8 = SMOKE OR HAZE
[NO. OF DAYS WITH] [WEATHER - DAYS WITH] 9 = BLOWING SNOW
X = TORNADO
MAX 32 OR BELOW: 0 0.01 INCH OR MORE: 3
MAX 90 OR ABOVE: 30 0.10 INCH OR MORE: 3
MIN 32 OR BELOW: 0 0.50 INCH OR MORE: 2
MIN 0 OR BELOW: 0 1.00 INCH OR MORE: 1
[HDD (BASE 65) ]
TOTAL THIS MO. 0 CLEAR (SCALE 0-3) 31
DPTR FM NORMAL 0 PTCLDY (SCALE 4-7) 0
TOTAL FM JUL 1 0 CLOUDY (SCALE 8-10) 0
DPTR FM NORMAL 0
[CDD (BASE 65) ]
TOTAL THIS MO. 710
DPTR FM NORMAL 124 [PRESSURE DATA]
TOTAL FM JAN 1 2620 HIGHEST SLP 30.10 ON 15
DPTR FM NORMAL 270 LOWEST SLP 29.65 ON 10
[REMARKS]
#FINAL-08-23#