000
CXUS56 KMFR 230930
CF6AAT
PRELIMINARY LOCAL CLIMATOLOGICAL DATA (WS FORM: F-6)
STATION: ALTURAS CA
MONTH: APRIL
YEAR: 2024
LATITUDE: 41 29 N
LONGITUDE: 120 34 W
TEMPERATURE IN F: :PCPN: SNOW: WIND :SUNSHINE: SKY :PK WND
================================================================================
1 2 3 4 5 6A 6B 7 8 9 10 11 12 13 14 15 16 17 18
12Z AVG MX 2MIN
DY MAX MIN AVG DEP HDD CDD WTR SNW DPTH SPD SPD DIR MIN PSBL S-S WX SPD DR
================================================================================
1 65 22 44 2 21 0 0.00 M M 4.4 14 330 M M 0 21 340
2 72 28 50 8 15 0 0.00 M M 4.8 16 240 M M 0 1 23 260
3 62 34 48 6 17 0 0.15 M M 7.0 23 250 M M 7 13 32 310
4 44 30 37 -5 28 0 0.15 M M 7.7 25 300 M M 8 1 32 310
5 41 26 34 -8 31 0 T M M 11.0 20 310 M M 6 1 28 290
6 44 22 33 -9 32 0 0.01 M M 6.7 21 250 M M 8 29 240
7 51 23 37 -5 28 0 T M M 3.2 15 190 M M 6 18 21 180
8 57 19 38 -4 27 0 0.00 M M 1.6 9 310 M M 0 1 15 320
9 67 24 46 3 19 0 0.00 M M 4.1 14 330 M M 0 1 20 330
10 69 25 47 4 18 0 0.00 M M 2.2 9 270 M M 0 12 260
11 71 27 49 6 16 0 0.00 M M 6.6 25 220 M M 0 36 220
12 64 39 52 9 13 0 T M M 9.8 26 190 M M 3 36 190
13 63 34 49 6 16 0 0.07 M M 9.3 29 260 M M 6 1 39 270
14 38 32 35 -9 30 0 0.42 M M 3.8 17 260 M M 10 12 23 260
15 54 33 44 0 21 0 0.00 M M 1.9 9 260 M M 6 1 12 260
16 59 27 43 -1 22 0 0.00 M M 3.9 16 250 M M 0 1 22 260
17 57 30 44 0 21 0 0.00 M M 6.0 14 10 M M 0 19 10
18 66 24 45 1 20 0 0.00 M M 2.7 13 280 M M 0 16 280
19 69 29 49 4 16 0 0.00 M M 3.4 15 250 M M 1 22 250
20 71 30 51 6 14 0 0.00 M M 4.2 17 250 M M 0 24 290
21 68 31 50 5 15 0 0.00 M M 3.1 15 330 M M 0 20 330
22 73 28 51 5 14 0 0.00 M M 2.5 10 330 M M 0 14 340
================================================================================
SM 1325 617 454 0 0.80 M 109.9 M 61
================================================================================
AV 60.2 28.0 5.0 FASTST M M 3 MAX(MPH)
MISC ----> 29 260 39 270
================================================================================
NOTES:
# LAST OF SEVERAL OCCURRENCES
COLUMN 17 PEAK WIND IN M.P.H.
PRELIMINARY LOCAL CLIMATOLOGICAL DATA (WS FORM: F-6) , PAGE 2
STATION: ALTURAS CA
MONTH: APRIL
YEAR: 2024
LATITUDE: 41 29 N
LONGITUDE: 120 34 W
[TEMPERATURE DATA] [PRECIPITATION DATA] SYMBOLS USED IN COLUMN 16
AVERAGE MONTHLY: 44.1 TOTAL FOR MONTH: 0.80 1 = FOG OR MIST
DPTR FM NORMAL: 0.9 DPTR FM NORMAL: -0.31 2 = FOG REDUCING VISIBILITY
HIGHEST: 73 ON 22 GRTST 24HR 0.49 ON 13-14 TO 1/4 MILE OR LESS
LOWEST: 19 ON 8 3 = THUNDER
SNOW, ICE PELLETS, HAIL 4 = ICE PELLETS
TOTAL MONTH: M 5 = HAIL
GRTST 24HR M ON M 6 = FREEZING RAIN OR DRIZZLE
GRTST DEPTH: M ON M 7 = DUSTSTORM OR SANDSTORM:
VSBY 1/2 MILE OR LESS
8 = SMOKE OR HAZE
[NO. OF DAYS WITH] [WEATHER - DAYS WITH] 9 = BLOWING SNOW
X = TORNADO
MAX 32 OR BELOW: 0 0.01 INCH OR MORE: 5
MAX 90 OR ABOVE: 0 0.10 INCH OR MORE: 3
MIN 32 OR BELOW: 18 0.50 INCH OR MORE: 0
MIN 0 OR BELOW: 0 1.00 INCH OR MORE: 0
[HDD (BASE 65) ]
TOTAL THIS MO. 454 CLEAR (SCALE 0-3) 14
DPTR FM NORMAL -23 PTCLDY (SCALE 4-7) 7
TOTAL FM JUL 1 5444 CLOUDY (SCALE 8-10) 1
DPTR FM NORMAL -412
[CDD (BASE 65) ]
TOTAL THIS MO. 0
DPTR FM NORMAL 0 [PRESSURE DATA]
TOTAL FM JAN 1 0 HIGHEST SLP M ON M
DPTR FM NORMAL 0 LOWEST SLP 29.55 ON 4
[REMARKS]