000
CXUS56 KMFR 011030
CF6AAT
PRELIMINARY LOCAL CLIMATOLOGICAL DATA (WS FORM: F-6)
STATION: ALTURAS CA
MONTH: DECEMBER
YEAR: 2023
LATITUDE: 41 29 N
LONGITUDE: 120 34 W
TEMPERATURE IN F: :PCPN: SNOW: WIND :SUNSHINE: SKY :PK WND
================================================================================
1 2 3 4 5 6A 6B 7 8 9 10 11 12 13 14 15 16 17 18
12Z AVG MX 2MIN
DY MAX MIN AVG DEP HDD CDD WTR SNW DPTH SPD SPD DIR MIN PSBL S-S WX SPD DR
================================================================================
1 36 22 29 -4 36 0 0.01 M M 4.9 21 250 M M 9 1 30 270
2 42 32 37 5 28 0 0.18 M M 6.1 20 250 M M 10 1 25 240
3 47 36 42 10 23 0 0.04 M M 4.7 20 240 M M 10 18 25 250
4 59 31 45 13 20 0 0.00 M M 2.3 8 130 M M 3 18 11 200
5 59 28 44 12 21 0 0.00 M M 1.8 10 200 M M 0 18 16 150
6 56 34 45 13 20 0 0.05 M M 9.2 26 190 M M 5 8 38 200
7 39 19 29 -2 36 0 0.10 M M 7.5 18 260 M M 7 1 26 250
8 37 12 25 -6 40 0 0.00 M M 2.2 8 350 M M 3 18 12 360
9 44 13 29 -2 36 0 0.00 M M 3.4 18 170 M M 1 18 24 170
10 45 17 31 0 34 0 0.00 M M 1.0 6 110 M M 1 18 7 290
11 49 22 36 6 29 0 0.00 M M 0.8 7 180 M M 6 18 8 180
12 48 23 36 6 29 0 0.00 M M 2.5 13 50 M M 5 128 17 60
13 48 17 33 3 32 0 0.00 M M 3.0 10 160 M M 0 18 14 150
14 49 24 37 7 28 0 0.00 M M 2.3 9 60 M M 0 18 11 70
15 53 19 36 6 29 0 0.00 M M 2.6 9 80 M M 0 18 12 80
16 55 20 38 8 27 0 0.00 M M 2.1 12 60 M M 0 18 13 60
17 47 18 33 3 32 0 0.00 M M 2.2 9 270 M M 2 18 11 280
18 50 34 42 12 23 0 0.32 M M 6.7 17 180 M M 9 18 25 170
19 53 37 45 15 20 0 0.05 M M 8.2 20 160 M M 7 18 29 150
20 52 29 41 11 24 0 0.00 M M 1.8 7 120 M M 3 18 8 130
21 55 25 40 10 25 0 0.00 M M 1.1 9 190 M M 3 128 13 180
22 52 22 37 7 28 0 0.00 M M 3.5 23 330 M M 3 12 31 330
23 41 15 28 -2 37 0 0.00 M M 2.9 8 110 M M 0 8 12 140
24 41 18 30 0 35 0 0.00 M M 1.8 8 60 M M 4 8 10 60
25 50 31 41 11 24 0 0.02 M M 2.8 10 170 M M 9 18 18 120
26 55 27 41 11 24 0 0.00 M M 2.7 15 170 M M 3 18 21 180
27 52 38 45 15 20 0 T M M 11.6 29 170 M M 5 42 170
28 53 36 45 15 20 0 T M M 4.0 12 180 M M 6 18 18 160
29 58 35 47 17 18 0 0.00 M M 6.2 25 180 M M 4 43 160
30 45 33 39 9 26 0 T M M 2.0 7 170 M M 8 M M
31 43 27 35 5 30 0 0.00 M M 1.3 5 280 M M 5 1 M M
================================================================================
SM 1513 794 854 0 0.77 M 115.2 M 131
================================================================================
AV 48.8 25.6 3.7 FASTST M M 4 MAX(MPH)
MISC ----> 29 170 43 160
================================================================================
NOTES:
# LAST OF SEVERAL OCCURRENCES
COLUMN 17 PEAK WIND IN M.P.H.
PRELIMINARY LOCAL CLIMATOLOGICAL DATA (WS FORM: F-6) , PAGE 2
STATION: ALTURAS CA
MONTH: DECEMBER
YEAR: 2023
LATITUDE: 41 29 N
LONGITUDE: 120 34 W
[TEMPERATURE DATA] [PRECIPITATION DATA] SYMBOLS USED IN COLUMN 16
AVERAGE MONTHLY: 37.2 TOTAL FOR MONTH: 0.77 1 = FOG OR MIST
DPTR FM NORMAL: 6.7 DPTR FM NORMAL: -0.70 2 = FOG REDUCING VISIBILITY
HIGHEST: 59 ON 5, 4 GRTST 24HR 0.37 ON 18-19 TO 1/4 MILE OR LESS
LOWEST: 12 ON 8 3 = THUNDER
SNOW, ICE PELLETS, HAIL 4 = ICE PELLETS
TOTAL MONTH: M 5 = HAIL
GRTST 24HR M ON M 6 = FREEZING RAIN OR DRIZZLE
GRTST DEPTH: M ON M 7 = DUSTSTORM OR SANDSTORM:
VSBY 1/2 MILE OR LESS
8 = SMOKE OR HAZE
[NO. OF DAYS WITH] [WEATHER - DAYS WITH] 9 = BLOWING SNOW
X = TORNADO
MAX 32 OR BELOW: 0 0.01 INCH OR MORE: 8
MAX 90 OR ABOVE: 0 0.10 INCH OR MORE: 3
MIN 32 OR BELOW: 23 0.50 INCH OR MORE: 0
MIN 0 OR BELOW: 0 1.00 INCH OR MORE: 0
[HDD (BASE 65) ]
TOTAL THIS MO. 854 CLEAR (SCALE 0-3) 14
DPTR FM NORMAL -215 PTCLDY (SCALE 4-7) 12
TOTAL FM JUL 1 2433 CLOUDY (SCALE 8-10) 5
DPTR FM NORMAL -281
[CDD (BASE 65) ]
TOTAL THIS MO. 0
DPTR FM NORMAL 0 [PRESSURE DATA]
TOTAL FM JAN 1 243 HIGHEST SLP M ON M
DPTR FM NORMAL 8 LOWEST SLP 29.66 ON 19
[REMARKS]
#FINAL-12-23#