000
CXUS54 KSJT 011000
CF6ABI
PRELIMINARY LOCAL CLIMATOLOGICAL DATA (WS FORM: F-6)
STATION: ABILENE
MONTH: MAY
YEAR: 2023
LATITUDE: 32 25 N
LONGITUDE: 99 41 W
TEMPERATURE IN F: :PCPN: SNOW: WIND :SUNSHINE: SKY :PK WND
================================================================================
1 2 3 4 5 6A 6B 7 8 9 10 11 12 13 14 15 16 17 18
12Z AVG MX 2MIN
DY MAX MIN AVG DEP HDD CDD WTR SNW DPTH SPD SPD DIR MIN PSBL S-S WX SPD DR
================================================================================
1 80 55 68 -2 0 3 0.00 0.0 0 11.1 22 90 M M 0 33 110
2 86 57 72 2 0 7 0.00 0.0 M 10.7 20 170 M M 1 27 150
3 87 64 76 6 0 11 0.00 0.0 M 10.7 21 160 M M 1 31 160
4 85 65 75 5 0 10 T 0.0 0 10.7 22 180 M M 2 3 30 140
5 98 69 84 13 0 19 0.02 0.0 0 13.3 30 140 M M 0 40 140
6 96 67 82 11 0 17 0.08 0.0 0 14.5 37 140 M M 2 3 48 140
7 89 63 76 5 0 11 0.74 0.0 0 15.0 32 140 M M 5 138 41 140
8 93 65 79 7 0 14 0.10 0.0 0 11.6 32 160 M M 1 3 44 160
9 84 63 74 2 0 9 0.00 0.0 0 10.3 18 150 M M 0 26 160
10 83 63 73 1 0 8 0.00 0.0 0 12.8 22 140 M M 4 1 29 150
11 94 67 81 8 0 16 0.01 0.0 0 11.4 21 140 M M 5 1 29 140
12 92 61 77 4 0 12 1.85 0.0 0 15.0 40 340 M M 3 138 53 350
13 77 61 69 -4 0 4 0.04 0.0 0 7.9 16 150 M M 6 3 24 150
14 78 61 70 -4 0 5 0.00 0.0 0 5.3 10 320 M M 2 14 320
15 82 61 72 -2 0 7 0.00 0.0 0 7.8 20 350 M M 2 1 26 350
16 82 64 73 -1 0 8 0.00 0.0 0 5.9 14 300 M M 4 1 18 330
17 89 60 75 1 0 10 0.00 0.0 0 5.1 16 170 M M 0 3 20 180
18 89 64 77 2 0 12 0.01 0.0 0 8.2 18 150 M M 1 26 160
19 90 65 78 3 0 13 0.03 0.0 0 8.9 29 10 M M 3 3 41 10
20 79 59 69 -6 0 4 0.00 0.0 0 10.4 18 360 M M 3 8 27 10
21 79 61 70 -6 0 5 0.00 0.0 0 6.0 10 140 M M 2 8 14 150
22 87 58 73 -3 0 8 0.54 0.0 M 9.7 41 360 M M 1 138 52 360
23 88 60 74 -2 0 9 0.87 0.0 0 10.2 37 320 M M 2 13 50 310
24 81 62 72 -5 0 7 0.09 0.0 0 5.0 13 320 M M 3 13 18 130
25 82 65 74 -3 0 9 0.15 0.0 0 9.9 26 140 M M 4 1 35 150
26 80 63 72 -5 0 7 0.10 0.0 0 9.5 21 140 M M 2 13 28 140
27 75 63 69 -8 0 4 0.70 0.0 0 12.2 35 340 M M 7 138 49 340
28 83 66 75 -3 0 10 0.00 0.0 0 12.8 21 150 M M 1 18 29 130
29 84 64 74 -4 0 9 0.03 0.0 0 7.4 17 80 M M 3 3 23 50
30 88 62 75 -3 0 10 0.00 0.0 0 7.4 15 140 M M 1 23 130
31 87 66 77 -1 0 12 0.00 0.0 0 11.9 18 150 M M 1 28 130
================================================================================
SM 2647 1944 0 290 5.36 0.0 308.6 M 72
================================================================================
AV 85.4 62.7 10.0 FASTST M M 2 MAX(MPH)
MISC ----> 41 360 53 350
================================================================================
NOTES:
# LAST OF SEVERAL OCCURRENCES
COLUMN 17 PEAK WIND IN M.P.H.
PRELIMINARY LOCAL CLIMATOLOGICAL DATA (WS FORM: F-6) , PAGE 2
STATION: ABILENE
MONTH: MAY
YEAR: 2023
LATITUDE: 32 25 N
LONGITUDE: 99 41 W
[TEMPERATURE DATA] [PRECIPITATION DATA] SYMBOLS USED IN COLUMN 16
AVERAGE MONTHLY: 74.0 TOTAL FOR MONTH: 5.36 1 = FOG OR MIST
DPTR FM NORMAL: -0.1 DPTR FM NORMAL: 2.15 2 = FOG REDUCING VISIBILITY
HIGHEST: 98 ON 5 GRTST 24HR 1.89 ON 12-13 TO 1/4 MILE OR LESS
LOWEST: 55 ON 1 3 = THUNDER
SNOW, ICE PELLETS, HAIL 4 = ICE PELLETS
TOTAL MONTH: 0.0 INCH 5 = HAIL
GRTST 24HR 0.0 6 = FREEZING RAIN OR DRIZZLE
GRTST DEPTH: 0 7 = DUSTSTORM OR SANDSTORM:
VSBY 1/2 MILE OR LESS
8 = SMOKE OR HAZE
[NO. OF DAYS WITH] [WEATHER - DAYS WITH] 9 = BLOWING SNOW
X = TORNADO
MAX 32 OR BELOW: 0 0.01 INCH OR MORE: 16
MAX 90 OR ABOVE: 6 0.10 INCH OR MORE: 8
MIN 32 OR BELOW: 0 0.50 INCH OR MORE: 5
MIN 0 OR BELOW: 0 1.00 INCH OR MORE: 1
[HDD (BASE 65) ]
TOTAL THIS MO. 0 CLEAR (SCALE 0-3) 23
DPTR FM NORMAL -16 PTCLDY (SCALE 4-7) 8
TOTAL FM JUL 1 2095 CLOUDY (SCALE 8-10) 0
DPTR FM NORMAL -219
[CDD (BASE 65) ]
TOTAL THIS MO. 290
DPTR FM NORMAL -8 [PRESSURE DATA]
TOTAL FM JAN 1 465 HIGHEST SLP 30.24 ON 20
DPTR FM NORMAL -6 LOWEST SLP 29.63 ON 11
[REMARKS]
#FINAL-05-23#