000
CXUS53 KABR 011200
CF6ABR
PRELIMINARY LOCAL CLIMATOLOGICAL DATA (WS FORM: F-6)
STATION: ABERDEEN SD
MONTH: JANUARY
YEAR: 2023
LATITUDE: 45 27 N
LONGITUDE: 98 26 W
TEMPERATURE IN F: :PCPN: SNOW: WIND :SUNSHINE: SKY :PK WND
================================================================================
1 2 3 4 5 6A 6B 7 8 9 10 11 12 13 14 15 16 17 18
12Z AVG MX 2MIN
DY MAX MIN AVG DEP HDD CDD WTR SNW DPTH SPD SPD DIR MIN PSBL S-S WX SPD DR
================================================================================
1 26 2 14 0 51 0 0.00 0.0 7 4.2 13 160 M M 0 18 14 160
2 22 6 14 0 51 0 0.00 0.0 7 2.2 8 190 M M 4 1 10 190
3 20 9 15 1 50 0 0.00 0.0 7 12.7 21 360 M M 5 1 26 360
4 26 19 23 10 42 0 0.00 0.0 7 14.4 21 350 M M 9 26 350
5 26 -2 12 -1 53 0 0.00 0.0 7 5.0 15 360 M M 1 19 360
6 17 -3 7 -6 58 0 0.00 0.0 7 4.0 10 30 M M 9 128 12 20
7 15 1 8 -5 57 0 T T 7 8.0 14 190 M M 6 128 18 200
8 16 1 9 -4 56 0 0.00 0.0 7 7.0 12 190 M M 0 18 14 190
9 20 1 11 -2 54 0 0.00 0.0 7 3.5 10 230 M M 3 18 14 230
10 23 2 13 0 52 0 0.00 0.0 7 2.9 13 110 M M 6 12 14 120
11 26 8 17 4 48 0 0.00 0.0 7 10.6 23 340 M M 6 18 29 340
12 21 14 18 6 47 0 0.01 0.1 7 10.5 18 350 M M 10 1 23 330
13 16 11 14 2 51 0 T T 7 12.3 18 180 M M 6 12 25 170
14 33 15 24 12 41 0 0.00 0.0 7 10.6 20 160 M M 0 24 160
15 37 23 30 18 35 0 0.00 0.0 7 6.6 17 170 M M 0 1 22 170
16 29 23 26 14 39 0 0.21 3.5 7 14.9 24 360 M M 10 1 30 350
17 23 15 19 7 46 0 0.06 0.5 11 11.2 20 350 M M 9 1 23 330
18 20 15 18 6 47 0 T T 11 9.9 16 360 M M 10 1 20 360
19 25 17 21 9 44 0 T T 10 10.6 16 320 M M 10 1 21 330
20 26 17 22 10 43 0 0.00 0.0 10 6.4 13 250 M M 10 1 18 250
21 22 -3 10 -2 55 0 0.00 0.0 10 5.2 12 250 M M 4 128 14 240
22 14 -9 3 -9 62 0 0.00 0.0 10 6.0 13 190 M M 2 128 17 180
23 36 5 21 9 44 0 T T 10 11.5 24 320 M M 3 31 310
24 36 2 19 6 46 0 T T 9 11.1 26 330 M M 5 1 32 330
25 22 4 13 0 52 0 T T 8 13.6 30 350 M M 8 36 350
26 38 15 27 14 38 0 0.06 0.8 8 14.9 31 190 M M 9 18 39 190
27 38 14 26 13 39 0 T T 8 18.4 40 330 M M 8 9 52 330
28 14 -6 4 -9 61 0 T T 8 9.9 21 30 M M 3 27 30
29 4 -16 -6 -19 71 0 0.00 0.0 8 9.5 18 290 M M 2 25 290
30 -1 -24 -12 -25 77 0 0.00 0.0 8 10.2 17 190 M M 0 21 200
31 8 -16 -4 -17 69 0 0.00 0.0 8 8.4 15 180 M M 4 18 19 200
================================================================================
SM 698 160 1579 0 0.34 4.9 286.2 M 162
================================================================================
AV 22.5 5.2 9.2 FASTST M M 5 MAX(MPH)
MISC ----> 40 330 52 330
================================================================================
NOTES:
# LAST OF SEVERAL OCCURRENCES
COLUMN 17 PEAK WIND IN M.P.H.
PRELIMINARY LOCAL CLIMATOLOGICAL DATA (WS FORM: F-6) , PAGE 2
STATION: ABERDEEN SD
MONTH: JANUARY
YEAR: 2023
LATITUDE: 45 27 N
LONGITUDE: 98 26 W
[TEMPERATURE DATA] [PRECIPITATION DATA] SYMBOLS USED IN COLUMN 16
AVERAGE MONTHLY: 13.8 TOTAL FOR MONTH: 0.34 1 = FOG OR MIST
DPTR FM NORMAL: 1.0 DPTR FM NORMAL: -0.21 2 = FOG REDUCING VISIBILITY
HIGHEST: 38 ON 27,26 GRTST 24HR 0.25 ON 16-17 TO 1/4 MILE OR LESS
LOWEST: -24 ON 30 3 = THUNDER
SNOW, ICE PELLETS, HAIL 4 = ICE PELLETS
TOTAL MONTH: 4.9 INCHES 5 = HAIL
GRTST 24HR 3.5 ON 16-16 6 = FREEZING RAIN OR DRIZZLE
GRTST DEPTH: 11 ON 18,17 7 = DUSTSTORM OR SANDSTORM:
VSBY 1/2 MILE OR LESS
8 = SMOKE OR HAZE
[NO. OF DAYS WITH] [WEATHER - DAYS WITH] 9 = BLOWING SNOW
X = TORNADO
MAX 32 OR BELOW: 25 0.01 INCH OR MORE: 4
MAX 90 OR ABOVE: 0 0.10 INCH OR MORE: 1
MIN 32 OR BELOW: 31 0.50 INCH OR MORE: 0
MIN 0 OR BELOW: 8 1.00 INCH OR MORE: 0
[HDD (BASE 65) ]
TOTAL THIS MO. 1579 CLEAR (SCALE 0-3) 10
DPTR FM NORMAL -39 PTCLDY (SCALE 4-7) 11
TOTAL FM JUL 1 4972 CLOUDY (SCALE 8-10) 10
DPTR FM NORMAL 85
[CDD (BASE 65) ]
TOTAL THIS MO. 0
DPTR FM NORMAL 0 [PRESSURE DATA]
TOTAL FM JAN 1 0 HIGHEST SLP 30.61 ON 30
DPTR FM NORMAL 0 LOWEST SLP 29.48 ON 27
[REMARKS]
#FINAL-01-23#