000
CXUS56 KEKA 040105
CF6ACV
PRELIMINARY LOCAL CLIMATOLOGICAL DATA (WS FORM: F-6)
STATION: ARCATA CA
MONTH: APRIL
YEAR: 2023
LATITUDE: 40 58 N
LONGITUDE: 124 6 W
TEMPERATURE IN F: :PCPN: SNOW: WIND :SUNSHINE: SKY :PK WND
================================================================================
1 2 3 4 5 6A 6B 7 8 9 10 11 12 13 14 15 16 17 18
12Z AVG MX 2MIN
DY MAX MIN AVG DEP HDD CDD WTR SNW DPTH SPD SPD DIR MIN PSBL S-S WX SPD DR
================================================================================
1 50 44 47 -3 18 0 0.09 M M 6.1 15 170 M M 10 1 21 160
2 52 37 45 -5 20 0 0.37 M M 7.5 21 300 M M 9 1 28 270
3 47 34 41 -9 24 0 0.05 M M 4.9 14 280 M M 7 19 280
4 50 30 40 -10 25 0 0.00 M M 4.1 12 260 M M 7 1 18 260
5 51 36 44 -6 21 0 T M M 4.9 10 250 M M 7 15 260
6 54 46 50 0 15 0 0.41 M M 8.6 21 160 M M 10 1 28 160
7 52 46 49 -1 16 0 0.20 M M 4.8 15 210 M M 9 1 23 120
8 56 41 49 -1 16 0 0.00 M M 4.0 14 210 M M 5 19 200
9 63 42 53 3 12 0 T M M 3.7 13 160 M M 7 18 18 180
10 64 45 55 5 10 0 1.08 M M 5.0 17 330 M M 7 12 25 320
11 54 36 45 -5 20 0 0.00 M M 8.0 17 310 M M 3 1 23 310
12 52 39 46 -4 19 0 0.05 0.0 M 11.7 24 330 M M 6 1 35 310
13 53 31 42 -8 23 0 0.00 M M 7.4 21 310 M M 0 26 300
14 54 35 45 -5 20 0 0.00 M M 8.1 20 300 M M 1 25 310
15 54 46 50 0 15 0 0.00 0.0 M 4.3 14 300 M M 9 19 290
16 56 42 49 -1 16 0 0.03 M M 5.5 16 230 M M 8 18 22 230
17 51 38 45 -5 20 0 0.65 M M 7.9 23 180 M M 7 13 32 190
18 53 36 45 -5 20 0 0.22 M M 8.7 23 210 M M 6 1 38 180
19 53 38 46 -4 19 0 0.10 M M 5.6 10 260 M M 4 1 18 250
20 55 38 47 -3 18 0 0.00 M M 3.3 8 300 M M 8 1 11 270
21 59 45 52 2 13 0 0.00 M M 6.1 20 310 M M 5 12 27 320
22 58 49 54 4 11 0 0.01 M M 2.8 10 270 M M 10 12 13 270
23 55 40 48 -3 17 0 0.07 M M 8.2 22 310 M M 9 12 29 320
24 57 42 50 -1 15 0 0.00 M M 9.8 24 310 M M 4 32 310
25 57 44 51 0 14 0 0.00 M M 4.6 15 320 M M 5 18 20 320
26 59 42 51 0 14 0 0.00 M M 3.6 13 310 M M 0 1 15 310
27 63 44 54 3 11 0 0.00 M M 4.0 8 300 M M 2 1 12 280
28 55 49 52 1 13 0 0.00 M M 3.4 9 240 M M 10 12 14 240
29 54 48 51 0 14 0 0.00 M M 3.2 10 280 M M 10 12 13 270
30 57 46 52 1 13 0 0.09 M M 5.3 14 310 M M 7 18 17 310
================================================================================
SM 1648 1229 502 0 3.42 0.0 175.1 M 192
================================================================================
AV 54.9 41.0 5.8 FASTST M M 6 MAX(MPH)
MISC ----> # 24 330 38 180
================================================================================
NOTES:
# LAST OF SEVERAL OCCURRENCES
COLUMN 17 PEAK WIND IN M.P.H.
PRELIMINARY LOCAL CLIMATOLOGICAL DATA (WS FORM: F-6) , PAGE 2
STATION: ARCATA CA
MONTH: APRIL
YEAR: 2023
LATITUDE: 40 58 N
LONGITUDE: 124 6 W
[TEMPERATURE DATA] [PRECIPITATION DATA] SYMBOLS USED IN COLUMN 16
AVERAGE MONTHLY: 48.0 TOTAL FOR MONTH: 3.42 1 = FOG OR MIST
DPTR FM NORMAL: -2.3 DPTR FM NORMAL: -0.69 2 = FOG REDUCING VISIBILITY
HIGHEST: 64 ON 10 GRTST 24HR 1.08 ON 10-10 TO 1/4 MILE OR LESS
LOWEST: 30 ON 4 3 = THUNDER
SNOW, ICE PELLETS, HAIL 4 = ICE PELLETS
TOTAL MONTH: 0.0 INCH 5 = HAIL
GRTST 24HR 0.0 6 = FREEZING RAIN OR DRIZZLE
GRTST DEPTH: M ON M 7 = DUSTSTORM OR SANDSTORM:
VSBY 1/2 MILE OR LESS
8 = SMOKE OR HAZE
[NO. OF DAYS WITH] [WEATHER - DAYS WITH] 9 = BLOWING SNOW
X = TORNADO
MAX 32 OR BELOW: 0 0.01 INCH OR MORE: 14
MAX 90 OR ABOVE: 0 0.10 INCH OR MORE: 7
MIN 32 OR BELOW: 2 0.50 INCH OR MORE: 2
MIN 0 OR BELOW: 0 1.00 INCH OR MORE: 1
[HDD (BASE 65) ]
TOTAL THIS MO. 502 CLEAR (SCALE 0-3) 4
DPTR FM NORMAL 60 PTCLDY (SCALE 4-7) 15
TOTAL FM JUL 1 4320 CLOUDY (SCALE 8-10) 11
DPTR FM NORMAL 411
[CDD (BASE 65) ]
TOTAL THIS MO. 0
DPTR FM NORMAL 0 [PRESSURE DATA]
TOTAL FM JAN 1 0 HIGHEST SLP 30.47 ON 21
DPTR FM NORMAL 0 LOWEST SLP 29.86 ON 7
[REMARKS]
#FINAL-04-23#