000
CXUS51 KPHI 010815
CF6ACY
PRELIMINARY LOCAL CLIMATOLOGICAL DATA (WS FORM: F-6)
STATION: ATLANTIC CITY NJ
MONTH: OCTOBER
YEAR: 2021
LATITUDE: 39 27 N
LONGITUDE: 74 34 W
TEMPERATURE IN F: :PCPN: SNOW: WIND :SUNSHINE: SKY :PK WND
================================================================================
1 2 3 4 5 6A 6B 7 8 9 10 11 12 13 14 15 16 17 18
12Z AVG MX 2MIN
DY MAX MIN AVG DEP HDD CDD WTR SNW DPTH SPD SPD DIR MIN PSBL S-S WX SPD DR
================================================================================
1 70 46 58 -5 7 0 0.00 0.0 0 4.5 12 300 M M 0 17 320
2 76 45 61 -1 4 0 0.00 0.0 0 5.2 14 230 M M 0 24 220
3 84 55 70 8 0 5 0.00 0.0 0 4.5 12 290 M M 1 12 16 280
4 83 68 76 14 0 11 0.00 0.0 0 7.4 14 220 M M 2 22 220
5 69 65 67 6 0 2 0.79 0.0 0 7.8 15 70 M M 10 1 22 60
6 69 54 62 1 3 0 0.00 0.0 0 3.8 13 50 M M 9 1 19 60
7 74 54 64 4 1 0 0.00 0.0 0 3.3 9 180 M M 2 1 14 190
8 78 53 66 6 0 1 0.00 0.0 0 2.4 10 170 M M 2 1 17 150
9 71 58 65 5 0 0 T 0.0 0 11.7 23 70 M M 8 1 30 70
10 72 64 68 9 0 3 0.03 0.0 0 14.6 23 70 M M 9 1 32 70
11 67 62 65 6 0 0 0.03 0.0 0 12.5 20 40 M M 9 1 30 30
12 70 60 65 7 0 0 0.01 0.0 0 7.9 14 40 M M 9 1 19 20
13 71 57 64 6 1 0 0.00 0.0 0 1.5 7 270 M M 8 12 10 270
14 80 60 70 12 0 5 0.00 0.0 0 5.1 14 340 M M 3 12 19 320
15 82 56 69 12 0 4 0.00 0.0 0 4.5 12 160 M M 0 15 180
16 76 56 66 9 0 1 0.23 0.0 0 12.6 25 320 M M 3 1 35 320
17 65 49 57 0 8 0 0.00 0.0 0 12.1 23 310 M M 2 32 320
18 65 46 56 0 9 0 0.00 0.0 0 12.3 26 300 M M 3 34 300
19 68 41 55 -1 10 0 0.00 0.0 0 9.0 21 300 M M 0 28 290
20 77 51 64 8 1 0 0.00 0.0 0 7.7 15 300 M M 0 20 290
21 76 51 64 9 1 0 0.00 0.0 0 7.1 17 230 M M 0 25 230
22 72 51 62 7 3 0 T 0.0 0 7.0 16 230 M M 4 26 210
23 65 47 56 2 9 0 T 0.0 0 4.8 14 280 M M 6 19 320
24 65 45 55 1 10 0 0.00 0.0 0 4.6 10 180 M M 5 18 180
25 76 64 70 16 0 5 0.17 0.0 0 8.3 18 210 M M 2 1 27 220
26 69 49 59 6 6 0 2.39 0.0 0 13.2 26 290 M M 10 1 39 290
27 65 49 57 4 8 0 0.03 0.0 0 11.3 26 10 M M 9 1 36 10
28 61 45 53 0 12 0 0.00 0.0 0 6.7 16 90 M M 6 21 100
29 66 55 61 9 4 0 0.48 0.0 0 18.9 36 100 M M 9 18 52 100
30 67 56 62 10 3 0 1.28 0.0 0 7.5 16 180 M M 5 1 26 180
31 65 51 58 6 7 0 0.00 0.0 0 8.4 20 270 M M 3 27 280
================================================================================
SM 2214 1663 107 37 5.44 0.0 248.2 M 139
================================================================================
AV 71.4 53.6 8.0 FASTST M M 4 MAX(MPH)
MISC ----> 36 100 52 100
================================================================================
NOTES:
# LAST OF SEVERAL OCCURRENCES
COLUMN 17 PEAK WIND IN M.P.H.
PRELIMINARY LOCAL CLIMATOLOGICAL DATA (WS FORM: F-6) , PAGE 2
STATION: ATLANTIC CITY NJ
MONTH: OCTOBER
YEAR: 2021
LATITUDE: 39 27 N
LONGITUDE: 74 34 W
[TEMPERATURE DATA] [PRECIPITATION DATA] SYMBOLS USED IN COLUMN 16
AVERAGE MONTHLY: 62.5 TOTAL FOR MONTH: 5.44 1 = FOG OR MIST
DPTR FM NORMAL: 5.4 DPTR FM NORMAL: 1.30 2 = FOG REDUCING VISIBILITY
HIGHEST: 84 ON 3 GRTST 24HR 2.46 ON 25-26 TO 1/4 MILE OR LESS
LOWEST: 41 ON 19 3 = THUNDER
SNOW, ICE PELLETS, HAIL 4 = ICE PELLETS
TOTAL MONTH: 0.0 INCH 5 = HAIL
GRTST 24HR 0.0 6 = FREEZING RAIN OR DRIZZLE
GRTST DEPTH: 0 7 = DUSTSTORM OR SANDSTORM:
VSBY 1/2 MILE OR LESS
8 = SMOKE OR HAZE
[NO. OF DAYS WITH] [WEATHER - DAYS WITH] 9 = BLOWING SNOW
X = TORNADO
MAX 32 OR BELOW: 0 0.01 INCH OR MORE: 10
MAX 90 OR ABOVE: 0 0.10 INCH OR MORE: 6
MIN 32 OR BELOW: 0 0.50 INCH OR MORE: 3
MIN 0 OR BELOW: 0 1.00 INCH OR MORE: 2
[HDD (BASE 65) ]
TOTAL THIS MO. 107 CLEAR (SCALE 0-3) 16
DPTR FM NORMAL -163 PTCLDY (SCALE 4-7) 7
TOTAL FM JUL 1 115 CLOUDY (SCALE 8-10) 8
DPTR FM NORMAL -197
[CDD (BASE 65) ]
TOTAL THIS MO. 37
DPTR FM NORMAL 14 [PRESSURE DATA]
TOTAL FM JAN 1 1313 HIGHEST SLP 30.37 ON 6
DPTR FM NORMAL 178 LOWEST SLP 29.37 ON 26
[REMARKS]
#FINAL-10-21#