000
CXAK56 PAFC 011338
CF6ADQ
PRELIMINARY LOCAL CLIMATOLOGICAL DATA (WS FORM: F-6)
STATION: KODIAK
MONTH: FEBRUARY
YEAR: 2024
LATITUDE: 57 45 N
LONGITUDE: 152 31 W
TEMPERATURE IN F: :PCPN: SNOW: WIND :SUNSHINE: SKY :PK WND
================================================================================
1 2 3 4 5 6A 6B 7 8 9 10 11 12 13 14 15 16 17 18
12Z AVG MX 2MIN
DY MAX MIN AVG DEP HDD CDD WTR SNW DPTH SPD SPD DIR MIN PSBL S-S WX SPD DR
================================================================================
1 31 10 21 -11 44 0 0.01 M M 9.2 25 280 M M 2 18 34 290
2 27 8 18 -14 47 0 0.02 M M 5.7 14 300 M M 5 1 19 310
3 38 22 30 -2 35 0 0.14 M M 5.0 16 90 M M 10 1 21 80
4 37 25 31 -1 34 0 0.01 M M 5.8 14 290 M M 5 1 19 310
5 41 26 34 2 31 0 0.35 M M 9.5 23 90 M M 4 1 32 280
6 41 22 32 0 33 0 0.02 M M 7.9 28 170 M M 1 37 170
7 37 25 31 -1 34 0 0.00 M M 5.9 16 130 M M 4 20 130
8 38 22 30 -2 35 0 0.81 M M 17.7 33 100 M M 7 1 45 100
9 41 34 38 6 27 0 0.20 M M 15.9 29 70 M M 9 1 37 70
10 39 32 36 4 29 0 0.03 M M 10.0 24 170 M M 5 1 36 190
11 39 28 34 2 31 0 0.23 M M 5.2 17 80 M M 5 1 23 110
12 43 30 37 5 28 0 0.52 M M 17.5 33 130 M M 9 1 48 130
13 41 38 40 8 25 0 2.11 M M 24.2 38 130 M M 10 1 49 120
14 45 38 42 10 23 0 0.08 M M 17.1 28 140 M M 8 18 35 140
15 40 38 39 7 26 0 0.36 M M 22.7 36 110 M M 10 1 45 110
16 40 39 40 8 25 0 0.40 M M 22.8 28 60 M M 10 18 39 60
17 42 39 41 9 24 0 1.38 M M 16.2 32 50 M M 10 1 42 40
18 43 38 41 9 24 0 0.24 M M 3.5 10 300 M M 10 1 14 300
19 44 37 41 9 24 0 0.44 M M 12.5 24 140 M M 9 1 35 140
20 44 26 35 3 30 0 1.07 M M 12.8 29 130 M M 7 1 43 130
21 42 23 33 1 32 0 0.22 M M 11.7 32 160 M M 6 1 43 170
22 38 21 30 -3 35 0 0.07 M M 8.6 24 230 M M 4 12 35 220
23 37 17 27 -6 38 0 T M M 3.7 9 280 M M 6 11 270
24 35 29 32 -1 33 0 T M M 14.5 33 260 M M 4 44 280
25 34 25 30 -2 35 0 0.00 M M 14.2 32 280 M M 0 45 310
26 37 27 32 0 33 0 0.75 M M 12.2 30 280 M M 10 1 46 270
27 33 18 26 -6 39 0 T M M 15.2 31 290 M M 6 8 42 290
28 23 16 20 -12 45 0 0.00 M M 26.1 40 280 M M 5 59 300
29 19 12 16 -16 49 0 0.00 M M 24.5 32 290 M M 1 59 300
================================================================================
SM 1089 765 948 0 9.46 M 377.8 M 182
================================================================================
AV 37.6 26.4 13.0 FASTST M M 6 MAX(MPH)
MISC ----> 40 280 59 300
================================================================================
NOTES:
# LAST OF SEVERAL OCCURRENCES
COLUMN 17 PEAK WIND IN M.P.H.
PRELIMINARY LOCAL CLIMATOLOGICAL DATA (WS FORM: F-6) , PAGE 2
STATION: KODIAK
MONTH: FEBRUARY
YEAR: 2024
LATITUDE: 57 45 N
LONGITUDE: 152 31 W
[TEMPERATURE DATA] [PRECIPITATION DATA] SYMBOLS USED IN COLUMN 16
AVERAGE MONTHLY: 32.0 TOTAL FOR MONTH: 9.46 1 = FOG OR MIST
DPTR FM NORMAL: -0.4 DPTR FM NORMAL: 3.15 2 = FOG REDUCING VISIBILITY
HIGHEST: 45 ON 14 GRTST 24HR 2.14 ON 12-13 TO 1/4 MILE OR LESS
LOWEST: 8 ON 2 3 = THUNDER
SNOW, ICE PELLETS, HAIL 4 = ICE PELLETS
TOTAL MONTH: M 5 = HAIL
GRTST 24HR M ON M 6 = FREEZING RAIN OR DRIZZLE
GRTST DEPTH: M ON M 7 = DUSTSTORM OR SANDSTORM:
VSBY 1/2 MILE OR LESS
8 = SMOKE OR HAZE
[NO. OF DAYS WITH] [WEATHER - DAYS WITH] 9 = BLOWING SNOW
X = TORNADO
MAX 32 OR BELOW: 4 0.01 INCH OR MORE: 22
MAX 90 OR ABOVE: 0 0.10 INCH OR MORE: 15
MIN 32 OR BELOW: 21 0.50 INCH OR MORE: 6
MIN 0 OR BELOW: 0 1.00 INCH OR MORE: 3
[HDD (BASE 65) ]
TOTAL THIS MO. 948 CLEAR (SCALE 0-3) 4
DPTR FM NORMAL 34 PTCLDY (SCALE 4-7) 15
TOTAL FM JUL 1 5810 CLOUDY (SCALE 8-10) 10
DPTR FM NORMAL 201
[CDD (BASE 65) ]
TOTAL THIS MO. 0
DPTR FM NORMAL 0 [PRESSURE DATA]
TOTAL FM JAN 1 0 HIGHEST SLP 30.19 ON 25
DPTR FM NORMAL 0 LOWEST SLP 28.78 ON 9
[REMARKS]
#FINAL-02-24#