000
CXAK56 PAJK 011410
CF6AJN
PRELIMINARY LOCAL CLIMATOLOGICAL DATA (WS FORM: F-6)
STATION: JUNEAU
MONTH: FEBRUARY
YEAR: 2024
LATITUDE: 58 22 N
LONGITUDE: 134 35 W
TEMPERATURE IN F: :PCPN: SNOW: WIND :SUNSHINE: SKY :PK WND
================================================================================
1 2 3 4 5 6A 6B 7 8 9 10 11 12 13 14 15 16 17 18
12Z AVG MX 2MIN
DY MAX MIN AVG DEP HDD CDD WTR SNW DPTH SPD SPD DIR MIN PSBL S-S WX SPD DR
================================================================================
1 29 23 26 -3 39 0 0.46 7.0 9 3.3 10 230 M M 10 1 14 260
2 23 11 17 -12 48 0 0.04 1.6 12 0.9 8 280 M M 8 18 9 300
3 36 20 28 -2 37 0 0.19 5.4 12 2.0 15 80 M M 10 1 22 80
4 38 35 37 7 28 0 0.11 0.0 12 9.2 16 100 M M 10 1 25 110
5 37 32 35 5 30 0 0.04 0.0 5 2.7 9 70 M M 9 12 12 80
6 36 22 29 -1 36 0 T 0.1 3 1.9 8 90 M M 8 12 10 90
7 31 16 24 -6 41 0 0.00 0.0 3 1.1 9 110 M M 4 12 10 110
8 33 18 26 -4 39 0 T T 3 0.4 6 120 M M 6 1 8 230
9 36 17 27 -3 38 0 0.52 2.1 3 10.5 22 100 M M 9 1 26 110
10 40 35 38 8 27 0 0.06 0.0 4 11.4 21 110 M M 10 1 26 110
11 40 33 37 7 28 0 0.17 T 2 13.0 30 120 M M 9 1 41 110
12 38 31 35 5 30 0 0.01 0.0 T 3.8 17 110 M M 10 1 22 110
13 38 25 32 2 33 0 0.00 0.0 T 1.2 9 240 M M 8 12 11 220
14 38 22 30 0 35 0 T T T 1.1 7 100 M M 5 129 7 100
15 39 20 30 0 35 0 0.00 0.0 0 1.1 9 250 M M 3 1 11 260
16 41 19 30 0 35 0 0.00 0.0 0 0.8 8 250 M M 1 1 11 240
17 39 23 31 1 34 0 0.00 0.0 0 2.0 9 70 M M 9 11 80
18 41 33 37 7 28 0 T 0.0 0 0.9 7 240 M M 10 9 70
19 39 34 37 7 28 0 0.26 0.0 0 2.9 10 90 M M 10 12 13 100
20 39 32 36 6 29 0 T 0.0 0 5.8 14 100 M M 10 12 17 100
21 42 32 37 7 28 0 0.01 0.0 0 4.2 14 70 M M 10 12 18 80
22 40 33 37 7 28 0 0.92 T 0 16.1 37 110 M M 10 1 47 120
23 40 30 35 4 30 0 0.08 T 0 4.1 16 280 M M 8 1 21 280
24 36 23 30 -1 35 0 T T 0 2.4 12 70 M M 8 1 15 70
25 33 22 28 -3 37 0 0.00 0.0 0 8.4 21 80 M M 3 34 80
26 26 15 21 -10 44 0 0.00 0.0 0 10.4 25 90 M M 3 35 70
27 25 17 21 -10 44 0 0.03 1.5 0 12.6 26 130 M M 10 19 35 140
28 27 19 23 -8 42 0 0.01 0.5 2 5.9 18 140 M M 10 1 23 130
29 30 14 22 -9 43 0 0.00 M 1 6.3 18 90 M M 4 32 100
================================================================================
SM 1030 706 1009 0 2.91 18.2 146.4 M 225
================================================================================
AV 35.5 24.3 5.0 FASTST M M 8 MAX(MPH)
MISC ----> 37 110 47 120
================================================================================
NOTES:
# LAST OF SEVERAL OCCURRENCES
COLUMN 17 PEAK WIND IN M.P.H.
PRELIMINARY LOCAL CLIMATOLOGICAL DATA (WS FORM: F-6) , PAGE 2
STATION: JUNEAU
MONTH: FEBRUARY
YEAR: 2024
LATITUDE: 58 22 N
LONGITUDE: 134 35 W
[TEMPERATURE DATA] [PRECIPITATION DATA] SYMBOLS USED IN COLUMN 16
AVERAGE MONTHLY: 29.9 TOTAL FOR MONTH: 2.91 1 = FOG OR MIST
DPTR FM NORMAL: -0.2 DPTR FM NORMAL: -1.40 2 = FOG REDUCING VISIBILITY
HIGHEST: 42 ON 21 GRTST 24HR 1.00 ON 22-23 TO 1/4 MILE OR LESS
LOWEST: 11 ON 2 3 = THUNDER
SNOW, ICE PELLETS, HAIL 4 = ICE PELLETS
TOTAL MONTH: 25.0 INCHES 5 = HAIL
GRTST 24HR 7.0 ON 1- 1 6 = FREEZING RAIN OR DRIZZLE
GRTST DEPTH: 12 ON 4, 3 7 = DUSTSTORM OR SANDSTORM:
VSBY 1/2 MILE OR LESS
8 = SMOKE OR HAZE
[NO. OF DAYS WITH] [WEATHER - DAYS WITH] 9 = BLOWING SNOW
X = TORNADO
MAX 32 OR BELOW: 7 0.01 INCH OR MORE: 15
MAX 90 OR ABOVE: 0 0.10 INCH OR MORE: 7
MIN 32 OR BELOW: 23 0.50 INCH OR MORE: 2
MIN 0 OR BELOW: 0 1.00 INCH OR MORE: 0
[HDD (BASE 65) ]
TOTAL THIS MO. 1009 CLEAR (SCALE 0-3) 3
DPTR FM NORMAL 33 PTCLDY (SCALE 4-7) 10
TOTAL FM JUL 1 5237 CLOUDY (SCALE 8-10) 16
DPTR FM NORMAL -635
[CDD (BASE 65) ]
TOTAL THIS MO. 0
DPTR FM NORMAL 0 [PRESSURE DATA]
TOTAL FM JAN 1 0 HIGHEST SLP 30.45 ON 13
DPTR FM NORMAL 0 LOWEST SLP 29.21 ON 28
[REMARKS]
#FINAL-02-24#