000
CXUS56 KSGX 011245
CF6AJO
PRELIMINARY LOCAL CLIMATOLOGICAL DATA (WS FORM: F-6)
STATION: CORONA AIRPORT CA
MONTH: MAY
YEAR: 2020
LATITUDE: 33 53 N
LONGITUDE: 117 36 W
TEMPERATURE IN F: :PCPN: SNOW: WIND :SUNSHINE: SKY :PK WND
================================================================================
1 2 3 4 5 6A 6B 7 8 9 10 11 12 13 14 15 16 17 18
12Z AVG MX 2MIN
DY MAX MIN AVG DEP HDD CDD WTR SNW DPTH SPD SPD DIR MIN PSBL S-S WX SPD DR
================================================================================
1 80 60 70 M 0 5 0.00 0.0 0 5.7 15 270 M M 4 1 23 270
2 80 53 67 M 0 2 0.00 0.0 0 5.6 15 280 M M 0 24 280
3 80 52 66 M 0 1 0.00 0.0 0 5.8 17 280 M M 0 8 23 280
4 87 52 70 M 0 5 0.00 0.0 0 3.2 16 280 M M 0 21 270
5 93 52 73 M 0 8 0.00 0.0 0 5.0 15 280 M M 0 8 20 280
6 94 52 73 M 0 8 0.00 0.0 0 4.9 14 280 M M 0 18 21 290
7 94 53 74 M 0 9 0.00 0.0 0 5.2 16 270 M M 0 8 23 270
8 86 54 70 M 0 5 0.00 0.0 0 6.3 18 280 M M 0 18 25 280
9 82 58 70 M 0 5 0.00 0.0 0 5.9 14 280 M M 2 1 21 280
10 80 58 69 M 0 4 T 0.0 0 8.2 18 280 M M 3 25 280
11 79 57 68 M 0 3 0.00 0.0 0 7.9 15 270 M M 3 23 280
12 74 54 64 M 1 0 0.00 0.0 0 7.1 15 240 M M 6 21 260
13 75 50 63 M 2 0 0.00 0.0 0 4.8 14 280 M M 1 M M
14 78 49 64 M 1 0 0.00 0.0 0 4.1 14 260 M M 0 21 280
15 80 51 66 M 0 1 0.00 0.0 0 4.5 13 280 M M 0 20 260
16 85 54 70 M 0 5 0.00 0.0 0 6.8 18 270 M M 0 24 270
17 83 55 69 M 0 4 0.00 0.0 0 6.8 17 280 M M 0 1 24 270
18 71 58 65 M 0 0 T 0.0 0 5.4 14 280 M M 8 1 22 250
19 72 49 61 M 4 0 0.00 0.0 0 4.0 14 270 M M 1 21 270
20 78 45 62 M 3 0 0.00 0.0 0 4.3 14 250 M M 0 22 270
21 87 49 68 M 0 3 0.00 0.0 0 5.3 13 270 M M 0 1 21 250
22 81 50 66 M 0 1 0.00 0.0 0 7.1 16 280 M M 0 28 280
23 76 57 67 M 0 2 0.00 0.0 0 5.7 16 260 M M 4 8 22 260
24 84 52 68 M 0 3 0.00 0.0 0 5.8 20 310 M M 0 27 310
25 87 55 71 M 0 6 0.00 0.0 0 7.3 18 290 M M 0 1 22 290
26 91 58 75 M 0 10 0.00 0.0 0 7.0 18 290 M M 0 27 290
27 89 60 75 M 0 10 0.00 0.0 0 7.6 16 280 M M 0 24 270
28 84 57 71 M 0 6 0.00 0.0 0 7.9 15 270 M M 0 1 24 280
29 76 58 67 M 0 2 0.00 0.0 0 5.9 15 280 M M 4 23 260
30 81 59 70 M 0 5 0.00 0.0 0 7.9 16 240 M M 3 23 240
31 84 53 69 M 0 4 0.00 0.0 0 4.5 16 270 M M 0 23 270
================================================================================
SM 2551 1674 11 117 T 0.0 183.5 M 39
================================================================================
AV 82.3 54.0 5.9 FASTST M M 1 MAX(MPH)
MISC ----> # 20 310 # 28 280
================================================================================
NOTES:
# LAST OF SEVERAL OCCURRENCES
COLUMN 17 PEAK WIND IN M.P.H.
PRELIMINARY LOCAL CLIMATOLOGICAL DATA (WS FORM: F-6) , PAGE 2
STATION: CORONA AIRPORT CA
MONTH: MAY
YEAR: 2020
LATITUDE: 33 53 N
LONGITUDE: 117 36 W
[TEMPERATURE DATA] [PRECIPITATION DATA] SYMBOLS USED IN COLUMN 16
AVERAGE MONTHLY: 68.2 TOTAL FOR MONTH: T 1 = FOG OR MIST
DPTR FM NORMAL: M DPTR FM NORMAL: M 2 = FOG REDUCING VISIBILITY
HIGHEST: 94 ON 7, 6 GRTST 24HR T ON 18-18 TO 1/4 MILE OR LESS
LOWEST: 45 ON 20 3 = THUNDER
SNOW, ICE PELLETS, HAIL 4 = ICE PELLETS
TOTAL MONTH: 0.0 INCH 5 = HAIL
GRTST 24HR 0.0 6 = FREEZING RAIN OR DRIZZLE
GRTST DEPTH: 0 7 = DUSTSTORM OR SANDSTORM:
VSBY 1/2 MILE OR LESS
8 = SMOKE OR HAZE
[NO. OF DAYS WITH] [WEATHER - DAYS WITH] 9 = BLOWING SNOW
X = TORNADO
MAX 32 OR BELOW: 0 0.01 INCH OR MORE: 0
MAX 90 OR ABOVE: 4 0.10 INCH OR MORE: 0
MIN 32 OR BELOW: 0 0.50 INCH OR MORE: 0
MIN 0 OR BELOW: 0 1.00 INCH OR MORE: 0
[HDD (BASE 65) ]
TOTAL THIS MO. 11 CLEAR (SCALE 0-3) 25
DPTR FM NORMAL M PTCLDY (SCALE 4-7) 6
TOTAL FM JUL 1 1537 CLOUDY (SCALE 8-10) 0
DPTR FM NORMAL M
[CDD (BASE 65) ]
TOTAL THIS MO. 117
DPTR FM NORMAL M [PRESSURE DATA]
TOTAL FM JAN 1 188 HIGHEST SLP M ON M
DPTR FM NORMAL M LOWEST SLP M ON M
[REMARKS]
#FINAL-05-20#