000
CXAK56 PAFC 011438
CF6AKN
PRELIMINARY LOCAL CLIMATOLOGICAL DATA (WS FORM: F-6)
STATION: KING SALMON
MONTH: MAY
YEAR: 2023
LATITUDE: 58 41 N
LONGITUDE: 156 39 W
TEMPERATURE IN F: :PCPN: SNOW: WIND :SUNSHINE: SKY :PK WND
================================================================================
1 2 3 4 5 6A 6B 7 8 9 10 11 12 13 14 15 16 17 18
12Z AVG MX 2MIN
DY MAX MIN AVG DEP HDD CDD WTR SNW DPTH SPD SPD DIR MIN PSBL S-S WX SPD DR
================================================================================
1 47 38 43 0 22 0 T M M 20.9 35 150 M M 9 41 160
2 40 30 35 -8 30 0 0.14 M M 10.9 23 240 M M 9 128 31 230
3 46 30 38 -5 27 0 T M M 10.9 18 70 M M 8 23 80
4 51 37 44 0 21 0 0.02 M M 9.8 21 80 M M 9 1 29 80
5 47 35 41 -3 24 0 0.11 M M 6.9 15 150 M M 10 1 17 150
6 41 34 38 -6 27 0 0.02 M M 7.7 14 230 M M 10 18 190
7 48 33 41 -3 24 0 T M M 3.9 15 180 M M 9 1 17 170
8 41 32 37 -7 28 0 0.05 M M 16.0 35 100 M M 9 1 48 100
9 54 39 47 3 18 0 T M M 17.3 30 100 M M 8 43 90
10 52 40 46 1 19 0 T M M 18.1 35 40 M M 7 46 50
11 57 38 48 3 17 0 0.00 M M 10.5 22 90 M M 4 27 60
12 65 30 48 3 17 0 0.00 M M 10.1 20 340 M M 2 26 350
13 60 31 46 1 19 0 0.00 M M 11.6 28 170 M M 1 34 170
14 55 38 47 2 18 0 0.17 M M 18.2 39 160 M M 6 47 160
15 51 42 47 1 18 0 0.03 M M 19.9 33 160 M M 9 44 160
16 49 36 43 -3 22 0 0.02 M M 15.3 33 160 M M 10 1 41 160
17 50 39 45 -1 20 0 0.20 M M 9.1 25 160 M M 10 1 32 160
18 60 33 47 1 18 0 0.00 M M 10.3 21 40 M M 5 28 60
19 61 46 54 8 11 0 T M M 16.2 30 90 M M 6 39 90
20 56 42 49 3 16 0 0.00 M M 19.7 35 80 M M 1 45 100
21 57 44 51 5 14 0 T M M 15.7 28 160 M M 6 37 90
22 50 39 45 -2 20 0 0.03 M M 14.4 29 90 M M 10 41 80
23 54 43 49 2 16 0 0.38 M M 6.6 14 80 M M 10 1 19 110
24 49 40 45 -2 20 0 0.71 M M 5.3 12 160 M M 10 1 14 160
25 52 39 46 -1 19 0 0.11 M M 6.0 16 140 M M 10 1 21 140
26 52 39 46 -1 19 0 0.07 M M 6.0 15 140 M M 10 1 21 130
27 46 40 43 -5 22 0 0.49 M M 8.5 16 250 M M 10 1 20 250
28 51 38 45 -3 20 0 0.24 M M 9.2 16 210 M M 9 1 21 250
29 48 38 43 -5 22 0 0.02 M M 9.2 17 230 M M 10 18 21 240
30 46 38 42 -6 23 0 0.17 M M 7.6 15 210 M M 10 1 20 230
31 61 38 50 1 15 0 0.01 M M 9.3 20 280 M M 6 24 310
================================================================================
SM 1597 1159 626 0 2.99 M 361.1 M 243
================================================================================
AV 51.5 37.4 11.6 FASTST M M 8 MAX(MPH)
MISC ----> 39 160 48 100
================================================================================
NOTES:
# LAST OF SEVERAL OCCURRENCES
COLUMN 17 PEAK WIND IN M.P.H.
PRELIMINARY LOCAL CLIMATOLOGICAL DATA (WS FORM: F-6) , PAGE 2
STATION: KING SALMON
MONTH: MAY
YEAR: 2023
LATITUDE: 58 41 N
LONGITUDE: 156 39 W
[TEMPERATURE DATA] [PRECIPITATION DATA] SYMBOLS USED IN COLUMN 16
AVERAGE MONTHLY: 44.5 TOTAL FOR MONTH: 2.99 1 = FOG OR MIST
DPTR FM NORMAL: -1.1 DPTR FM NORMAL: 1.55 2 = FOG REDUCING VISIBILITY
HIGHEST: 65 ON 12 GRTST 24HR 0.74 ON 24-25 TO 1/4 MILE OR LESS
LOWEST: 30 ON 12, 3 3 = THUNDER
SNOW, ICE PELLETS, HAIL 4 = ICE PELLETS
TOTAL MONTH: M 5 = HAIL
GRTST 24HR M ON M 6 = FREEZING RAIN OR DRIZZLE
GRTST DEPTH: M ON M 7 = DUSTSTORM OR SANDSTORM:
VSBY 1/2 MILE OR LESS
8 = SMOKE OR HAZE
[NO. OF DAYS WITH] [WEATHER - DAYS WITH] 9 = BLOWING SNOW
X = TORNADO
MAX 32 OR BELOW: 0 0.01 INCH OR MORE: 19
MAX 90 OR ABOVE: 0 0.10 INCH OR MORE: 10
MIN 32 OR BELOW: 5 0.50 INCH OR MORE: 1
MIN 0 OR BELOW: 0 1.00 INCH OR MORE: 0
[HDD (BASE 65) ]
TOTAL THIS MO. 626 CLEAR (SCALE 0-3) 3
DPTR FM NORMAL 26 PTCLDY (SCALE 4-7) 9
TOTAL FM JUL 1 10046 CLOUDY (SCALE 8-10) 19
DPTR FM NORMAL 28
[CDD (BASE 65) ]
TOTAL THIS MO. 0
DPTR FM NORMAL 0 [PRESSURE DATA]
TOTAL FM JAN 1 0 HIGHEST SLP 30.17 ON 17
DPTR FM NORMAL 0 LOWEST SLP 29.28 ON 27
[REMARKS]
#FINAL-05-23#