000
CXAK56 PAFC 141601
CF6AKN
PRELIMINARY LOCAL CLIMATOLOGICAL DATA (WS FORM: F-6)
STATION: KING SALMON
MONTH: APRIL
YEAR: 2020
LATITUDE: 58 41 N
LONGITUDE: 156 39 W
TEMPERATURE IN F: :PCPN: SNOW: WIND :SUNSHINE: SKY :PK WND
================================================================================
1 2 3 4 5 6A 6B 7 8 9 10 11 12 13 14 15 16 17 18
12Z AVG MX 2MIN
DY MAX MIN AVG DEP HDD CDD WTR SNW DPTH SPD SPD DIR MIN PSBL S-S WX SPD DR
================================================================================
1 40 31 36 8 29 0 0.47 M M 7.5 21 90 M M 10 1 27 80
2 36 27 32 4 33 0 0.37 M M 6.9 18 230 M M 10 1 22 240
3 37 26 32 3 33 0 0.06 M M 10.5 21 210 M M 10 1 26 210
4 49 34 42 13 23 0 0.00 M M 10.6 21 240 M M 8 26 250
5 35 26 31 1 34 0 T M M 18.0 30 270 M M 7 15 41 270
6 36 22 29 -1 36 0 0.00 M M 9.5 28 260 M M 4 35 260
7 40 22 31 1 34 0 0.00 M M 10.7 17 40 M M 5 22 80
8 32 17 25 -6 40 0 0.01 M M 8.3 20 250 M M 4 18 23 250
9 43 26 35 4 30 0 T M M 5.9 10 270 M M 7 14 260
10 46 23 35 3 30 0 0.00 M M 5.2 12 70 M M 2 16 60
11 46 35 41 9 24 0 0.01 M M 8.1 18 90 M M 8 25 100
12 42 33 38 6 27 0 0.41 M M 2.6 10 90 M M 10 1 13 110
13 50 36 43 10 22 0 0.00 M M 5.5 14 50 M M 6 12 17 50
14 57 40 49 16 16 0 T M M 6.1 14 110 M M 8 18 100
15 50 41 46 12 19 0 0.35 M M 10.7 24 160 M M 10 1 30 160
16 61 40 51 17 14 0 0.00 M M 7.1 17 160 M M 5 22 170
17 61 45 53 19 12 0 0.00 M M 16.6 32 150 M M 8 40 150
18 59 37 48 13 17 0 T M M 6.1 17 180 M M 5 18 19 180
19 50 39 45 10 20 0 0.27 M M 6.2 16 180 M M 10 18 22 190
20 56 40 48 12 17 0 0.07 M M 4.2 10 360 M M 10 1 13 360
21 50 38 44 8 21 0 0.18 M M 2.3 9 350 M M 10 18 11 350
22 49 39 44 8 21 0 0.45 M M 4.0 12 280 M M 10 18 14 190
23 54 34 44 7 21 0 0.03 M M 8.2 21 90 M M 8 32 100
24 56 34 45 8 20 0 0.00 M M 10.7 29 100 M M 6 37 110
25 59 33 46 8 19 0 0.00 M M 9.7 20 40 M M 4 28 30
26 58 27 43 5 22 0 0.00 M M 6.3 15 300 M M 0 20 290
27 55 24 40 2 25 0 0.00 M M 7.3 16 270 M M 2 12 20 270
28 53 29 41 2 24 0 0.00 M M 7.3 14 180 M M 5 12 18 190
29 50 27 39 0 26 0 0.00 M M 8.1 13 270 M M 7 12 16 270
30 49 29 39 0 26 0 0.00 0.0 0 6.0 14 280 M M 8 1 18 270
================================================================================
SM 1459 954 735 0 2.68 0.0 236.2 M 207
================================================================================
AV 48.6 31.8 7.9 FASTST M M 7 MAX(MPH)
MISC ----> 32 150 41 270
================================================================================
NOTES:
# LAST OF SEVERAL OCCURRENCES
COLUMN 17 PEAK WIND IN M.P.H.
PRELIMINARY LOCAL CLIMATOLOGICAL DATA (WS FORM: F-6) , PAGE 2
STATION: KING SALMON
MONTH: APRIL
YEAR: 2020
LATITUDE: 58 41 N
LONGITUDE: 156 39 W
[TEMPERATURE DATA] [PRECIPITATION DATA] SYMBOLS USED IN COLUMN 16
AVERAGE MONTHLY: 40.2 TOTAL FOR MONTH: 2.68 1 = FOG OR MIST
DPTR FM NORMAL: 6.5 DPTR FM NORMAL: 1.71 2 = FOG REDUCING VISIBILITY
HIGHEST: 61 ON 17,16 GRTST 24HR 0.64 ON 1- 2 TO 1/4 MILE OR LESS
LOWEST: 17 ON 8 3 = THUNDER
SNOW, ICE PELLETS, HAIL 4 = ICE PELLETS
TOTAL MONTH: 0.0 INCH 5 = HAIL
GRTST 24HR 0.0 6 = FREEZING RAIN OR DRIZZLE
GRTST DEPTH: 0 7 = DUSTSTORM OR SANDSTORM:
VSBY 1/2 MILE OR LESS
8 = SMOKE OR HAZE
[NO. OF DAYS WITH] [WEATHER - DAYS WITH] 9 = BLOWING SNOW
X = TORNADO
MAX 32 OR BELOW: 1 0.01 INCH OR MORE: 12
MAX 90 OR ABOVE: 0 0.10 INCH OR MORE: 7
MIN 32 OR BELOW: 14 0.50 INCH OR MORE: 0
MIN 0 OR BELOW: 0 1.00 INCH OR MORE: 0
[HDD (BASE 65) ]
TOTAL THIS MO. 735 CLEAR (SCALE 0-3) 3
DPTR FM NORMAL -204 PTCLDY (SCALE 4-7) 14
TOTAL FM JUL 1 9404 CLOUDY (SCALE 8-10) 13
DPTR FM NORMAL -422
[CDD (BASE 65) ]
TOTAL THIS MO. 0
DPTR FM NORMAL 0 [PRESSURE DATA]
TOTAL FM JAN 1 0 HIGHEST SLP M ON M
DPTR FM NORMAL 0 LOWEST SLP 29.32 ON 26
[REMARKS]
#FINAL-04-20#