000
CXUS51 KALY 010839
CLMALB
CLIMATE REPORT
NATIONAL WEATHER SERVICE ALBANY NY
439 AM EDT FRI SEP 01 2023
...................................
...THE ALBANY NY CLIMATE SUMMARY FOR THE MONTH OF AUGUST 2023...
CLIMATE NORMAL PERIOD: 1991 TO 2020
CLIMATE RECORD PERIOD: 1874 TO 2023
WEATHER OBSERVED NORMAL DEPART LAST YEAR`S
VALUE DATE(S) VALUE FROM VALUE DATE(S)
NORMAL
................................................................
TEMPERATURE (F)
RECORD
HIGH 102 08/07/1918
LOW 34 08/29/1982
HIGHEST 84 08/21 99 08/04
08/26
08/29
LOWEST 52 08/02 51 08/02
AVG. MAXIMUM 79.5 82.0 -2.5 86.2
AVG. MINIMUM 61.1 60.7 0.4 64.9
MEAN 70.3 71.4 -1.1 75.6
DAYS MAX >= 90 0 1.8 -1.8 9
DAYS MAX <= 32 0 0.0 0.0 0
DAYS MIN <= 32 0 0.0 0.0 0
DAYS MIN <= 0 0 0.0 0.0 0
PRECIPITATION (INCHES)
RECORD
MAXIMUM 10.59 1871
MINIMUM 0.53 1876
TOTALS 5.13 3.76 1.37 3.84
DAILY AVG. 0.17 0.12
DAYS >= .01 14 11.0 3.0 10
DAYS >= .10 10 6.8 3.2 6
DAYS >= .50 4 2.3 1.7 4
DAYS >= 1.00 1 0.8 0.2 0
GREATEST
24 HR. TOTAL 1.07 08/07 TO 08/08
DEGREE DAYS
HEATING TOTAL 2 10 -8 0
SINCE 7/1 2 9 -7 MM
COOLING TOTAL 175 207 -32 335
SINCE 1/1 694 644 50 MM
................................................................
WIND (MPH)
AVERAGE WIND SPEED 6.6
HIGHEST WIND SPEED/DIRECTION 26/290 DATE 08/13
26/270 08/19
HIGHEST GUST SPEED/DIRECTION 33/290 DATE 08/13
33/280 08/19
SKY COVER
AVERAGE SKY COVER 0.67
AVERAGE RH (PERCENT) 71
WEATHER CONDITIONS. NUMBER OF DAYS WITH
THUNDERSTORM 4 MIXED PRECIP 0
HEAVY RAIN 6 RAIN 7
LIGHT RAIN 17 FREEZING RAIN 0
LT FREEZING RAIN 0 HAIL 0
HEAVY SNOW 0 SNOW 0
LIGHT SNOW 0 SLEET 0
FOG 17 FOG W/VIS <= 1/4 MILE 0
HAZE 1
- INDICATES NEGATIVE NUMBERS.
R INDICATES RECORD WAS SET OR TIED.
MM INDICATES DATA IS MISSING.
T INDICATES TRACE AMOUNT.
$$