000
CXUS54 KEPZ 011030
CF6ALM
PRELIMINARY LOCAL CLIMATOLOGICAL DATA (WS FORM: F-6)
STATION: ALAMOGORDO
MONTH: AUGUST
YEAR: 2023
LATITUDE: 32 49 N
LONGITUDE: 106 0 W
TEMPERATURE IN F: :PCPN: SNOW: WIND :SUNSHINE: SKY :PK WND
================================================================================
1 2 3 4 5 6A 6B 7 8 9 10 11 12 13 14 15 16 17 18
12Z AVG MX 2MIN
DY MAX MIN AVG DEP HDD CDD WTR SNW DPTH SPD SPD DIR MIN PSBL S-S WX SPD DR
================================================================================
1 97 70 84 M 0 19 0.14 M M 6.3 14 120 M M 3 38 23 270
2 97 68 83 M 0 18 0.00 M M 8.1 16 160 M M 2 24 90
3 99 70 85 M 0 20 0.00 M M 6.6 17 170 M M 0 20 220
4 102 70 86 M 0 21 0.00 M M 4.7 9 160 M M 2 20 130
5 106 77 92 M 0 27 0.00 M M 7.8 14 150 M M 0 20 180
6 108 73 91 M 0 26 0.00 M M 8.0 17 130 M M 1 38 33 10
7 102 68 85 M 0 20 0.00 M M 13.6 33 360 M M 1 8 50 360
8 97 68 83 M 0 18 0.00 M M 8.1 25 340 M M 2 8 40 340
9 97 70 84 M 0 19 0.00 M M 8.1 26 30 M M 1 32 0
10 99 70 85 M 0 20 0.00 M M 9.5 29 330 M M 0 37 330
11 95 73 84 M 0 19 0.00 M M 8.4 22 150 M M 2 32 160
12 95 68 82 M 0 17 T M M 7.4 13 200 M M 2 22 170
13 93 72 83 M 0 18 0.00 M M 6.9 28 180 M M 1 36 180
14 91 66 79 M 0 14 0.01 M M 6.1 23 160 M M 3 41 160
15 95 66 81 M 0 16 0.00 M M 6.0 10 160 M M 3 18 240
16 97 66 82 M 0 17 0.00 M M 5.1 9 250 M M 2 17 250
17 99 72 86 M 0 21 0.00 M M 6.4 17 70 M M 0 28 70
18 100 66 83 M 0 18 0.00 M M 10.6 21 160 M M 1 29 160
19 100 66 83 M 0 18 0.00 M M 9.3 18 110 M M 0 28 80
20 99 72 86 M 0 21 0.00 M M 16.0 27 160 M M 0 37 160
21 99 72 86 M 0 21 0.00 M M 9.6 23 140 M M 3 36 150
22 95 68 82 M 0 17 0.00 M M 5.3 15 90 M M 3 24 90
23 81 63 72 M 0 7 1.48 M M 6.2 17 20 M M 8 18 22 20
24 86 61 74 M 0 9 0.00 M M 3.0 8 250 M M 2 12 13 180
25 91 70 81 M 0 16 0.00 M M 7.2 21 10 M M 2 27 10
26 97 64 81 M 0 16 0.00 M M 5.6 14 190 M M 2 22 200
27 93 64 79 M 0 14 0.00 M M 4.5 10 170 M M 2 14 140
28 95 70 83 M 0 18 0.00 M M 7.6 24 30 M M 4 35 30
29 90 66 78 M 0 13 T M M 6.0 14 170 M M 2 24 50
30 91 68 80 M 0 15 0.00 M M 4.7 12 350 M M 3 18 350
31 95 61 78 M 0 13 0.00 M M 5.7 16 190 M M 0 18 99
================================================================================
SM 2981 2118 0 546 1.63 M 228.4 M 57
================================================================================
AV 96.2 68.3 7.4 FASTST M M 2 MAX(MPH)
MISC ----> 33 360 50 360
================================================================================
NOTES:
# LAST OF SEVERAL OCCURRENCES
COLUMN 17 PEAK WIND IN M.P.H.
PRELIMINARY LOCAL CLIMATOLOGICAL DATA (WS FORM: F-6) , PAGE 2
STATION: ALAMOGORDO
MONTH: AUGUST
YEAR: 2023
LATITUDE: 32 49 N
LONGITUDE: 106 0 W
[TEMPERATURE DATA] [PRECIPITATION DATA] SYMBOLS USED IN COLUMN 16
AVERAGE MONTHLY: 82.2 TOTAL FOR MONTH: 1.63 1 = FOG OR MIST
DPTR FM NORMAL: 0.0 DPTR FM NORMAL: M 2 = FOG REDUCING VISIBILITY
HIGHEST: 108 ON 6 GRTST 24HR 1.48 ON 23-23 TO 1/4 MILE OR LESS
LOWEST: 61 ON 31,24 3 = THUNDER
SNOW, ICE PELLETS, HAIL 4 = ICE PELLETS
TOTAL MONTH: M 5 = HAIL
GRTST 24HR M ON M 6 = FREEZING RAIN OR DRIZZLE
GRTST DEPTH: M ON M 7 = DUSTSTORM OR SANDSTORM:
VSBY 1/2 MILE OR LESS
8 = SMOKE OR HAZE
[NO. OF DAYS WITH] [WEATHER - DAYS WITH] 9 = BLOWING SNOW
X = TORNADO
MAX 32 OR BELOW: 0 0.01 INCH OR MORE: 3
MAX 90 OR ABOVE: 29 0.10 INCH OR MORE: 2
MIN 32 OR BELOW: 0 0.50 INCH OR MORE: 1
MIN 0 OR BELOW: 0 1.00 INCH OR MORE: 1
[HDD (BASE 65) ]
TOTAL THIS MO. 0 CLEAR (SCALE 0-3) 29
DPTR FM NORMAL M PTCLDY (SCALE 4-7) 2
TOTAL FM JUL 1 0 CLOUDY (SCALE 8-10) 0
DPTR FM NORMAL M
[CDD (BASE 65) ]
TOTAL THIS MO. 546
DPTR FM NORMAL M [PRESSURE DATA]
TOTAL FM JAN 1 1739 HIGHEST SLP M ON M
DPTR FM NORMAL M LOWEST SLP M ON M
[REMARKS]
#FINAL-08-23#