000
CXUS52 KJAX 010900
CF6AMG
PRELIMINARY LOCAL CLIMATOLOGICAL DATA (WS FORM: F-6)
STATION: ALMA
MONTH: FEBRUARY
YEAR: 2020
LATITUDE: 31 32 N
LONGITUDE: 82 30 W
TEMPERATURE IN F: :PCPN: SNOW: WIND :SUNSHINE: SKY :PK WND
================================================================================
1 2 3 4 5 6A 6B 7 8 9 10 11 12 13 14 15 16 17 18
12Z AVG MX 2MIN
DY MAX MIN AVG DEP HDD CDD WTR SNW DPTH SPD SPD DIR MIN PSBL S-S WX SPD DR
================================================================================
1 48 43 46 -6 19 0 0.00 0.0 0 6.0 13 280 M M 9 1 19 280
2 62 37 50 -2 15 0 0.00 0.0 0 7.1 17 300 M M 0 23 270
3 73 36 55 3 10 0 0.00 0.0 0 3.2 9 220 M M 0 11 210
4 71 46 59 7 6 0 0.00 0.0 0 4.2 12 230 M M 2 12 14 240
5 77 52 65 12 0 0 T 0.0 0 6.8 17 200 M M 4 1 23 190
6 81 62 72 19 0 7 1.13 0.0 0 14.1 28 200 M M 9 13 46 250
7 62 36 49 -4 16 0 0.00 0.0 0 10.8 28 250 M M 3 38 230
8 63 32 48 -5 17 0 T 0.0 0 3.0 14 160 M M 3 1 20 160
9 65 37 51 -2 14 0 0.00 0.0 0 3.9 14 100 M M 1 18 110
10 76 42 59 6 6 0 0.00 0.0 0 4.7 17 160 M M 1 1 26 140
11 79 58 69 15 0 4 0.00 0.0 0 6.5 16 230 M M 4 23 240
12 80 63 72 18 0 7 T 0.0 0 6.1 17 220 M M 7 12 22 220
13 80 58 69 15 0 4 0.32 0.0 0 8.9 22 300 M M 9 1 33 300
14 63 42 53 -1 12 0 0.07 0.0 0 4.9 14 360 M M 0 1 21 330
15 64 38 51 -3 14 0 0.00 0.0 0 5.8 13 120 M M 1 19 130
16 57 46 52 -2 13 0 0.65 0.0 0 4.3 13 330 M M 9 1 17 360
17 64 49 57 2 8 0 0.02 0.0 0 3.6 8 100 M M 10 12 12 110
18 76 57 67 12 0 2 T 0.0 0 3.0 9 200 M M 8 1 11 210
19 74 57 66 11 0 1 0.02 0.0 0 4.6 12 360 M M 8 1 16 20
20 57 41 49 -6 16 0 0.39 0.0 0 6.5 14 10 M M 10 1 23 30
21 50 34 42 -13 23 0 0.00 0.0 0 7.3 20 360 M M 6 1 26 360
22 56 27 42 -14 23 0 0.00 0.0 0 3.1 12 70 M M 0 17 20
23 67 31 49 -7 16 0 0.00 0.0 0 2.2 14 230 M M 1 18 230
24 74 51 63 7 2 0 0.13 0.0 0 3.8 15 200 M M 9 1 24 190
25 71 58 65 9 0 0 0.92 0.0 0 7.3 13 190 M M 9 1 18 150
26 66 48 57 1 8 0 0.08 0.0 0 7.5 20 310 M M 8 1 26 310
27 54 35 45 -12 20 0 0.00 0.0 0 8.8 20 310 M M 0 28 320
28 59 31 45 -12 20 0 0.00 0.0 0 5.8 17 250 M M 0 24 280
29 62 36 49 -8 16 0 0.00 0.0 0 8.4 22 300 M M 1 37 290
================================================================================
SM 1931 1283 294 25 3.73 0.0 172.2 M 132
================================================================================
AV 66.6 44.2 5.9 FASTST M M 5 MAX(MPH)
MISC ----> # 28 200 46 250
================================================================================
NOTES:
# LAST OF SEVERAL OCCURRENCES
COLUMN 17 PEAK WIND IN M.P.H.
PRELIMINARY LOCAL CLIMATOLOGICAL DATA (WS FORM: F-6) , PAGE 2
STATION: ALMA
MONTH: FEBRUARY
YEAR: 2020
LATITUDE: 31 32 N
LONGITUDE: 82 30 W
[TEMPERATURE DATA] [PRECIPITATION DATA] SYMBOLS USED IN COLUMN 16
AVERAGE MONTHLY: 55.4 TOTAL FOR MONTH: 3.73 1 = FOG OR MIST
DPTR FM NORMAL: 1.2 DPTR FM NORMAL: -0.07 2 = FOG REDUCING VISIBILITY
HIGHEST: 81 ON 6 GRTST 24HR 1.13 ON 6- 6 TO 1/4 MILE OR LESS
LOWEST: 27 ON 22 3 = THUNDER
SNOW, ICE PELLETS, HAIL 4 = ICE PELLETS
TOTAL MONTH: 0.0 INCH 5 = HAIL
GRTST 24HR 0.0 6 = FREEZING RAIN OR DRIZZLE
GRTST DEPTH: 0 7 = DUSTSTORM OR SANDSTORM:
VSBY 1/2 MILE OR LESS
8 = SMOKE OR HAZE
[NO. OF DAYS WITH] [WEATHER - DAYS WITH] 9 = BLOWING SNOW
X = TORNADO
MAX 32 OR BELOW: 0 0.01 INCH OR MORE: 10
MAX 90 OR ABOVE: 0 0.10 INCH OR MORE: 6
MIN 32 OR BELOW: 4 0.50 INCH OR MORE: 3
MIN 0 OR BELOW: 0 1.00 INCH OR MORE: 1
[HDD (BASE 65) ]
TOTAL THIS MO. 294 CLEAR (SCALE 0-3) 13
DPTR FM NORMAL -18 PTCLDY (SCALE 4-7) 8
TOTAL FM JUL 1 1245 CLOUDY (SCALE 8-10) 8
DPTR FM NORMAL -173
[CDD (BASE 65) ]
TOTAL THIS MO. 25
DPTR FM NORMAL 14 [PRESSURE DATA]
TOTAL FM JAN 1 60 HIGHEST SLP 30.51 ON 22
DPTR FM NORMAL 44 LOWEST SLP 29.41 ON 6
[REMARKS]
#FINAL-02-20#