000
CXUS53 KDMX 020542
CF6AMW
PRELIMINARY LOCAL CLIMATOLOGICAL DATA (WS FORM: F-6)
STATION: AMES IA
MONTH: OCTOBER
YEAR: 2021
LATITUDE: 41 59 N
LONGITUDE: 93 37 W
TEMPERATURE IN F: :PCPN: SNOW: WIND :SUNSHINE: SKY :PK WND
================================================================================
1 2 3 4 5 6A 6B 7 8 9 10 11 12 13 14 15 16 17 18
12Z AVG MX 2MIN
DY MAX MIN AVG DEP HDD CDD WTR SNW DPTH SPD SPD DIR MIN PSBL S-S WX SPD DR
================================================================================
1 80 59 70 12 0 5 0.21 0.0 0 6.2 21 150 M M 4 12 30 160
2 73 57 65 8 0 0 0.03 0.0 0 7.4 17 340 M M 8 12 23 350
3 77 54 66 9 0 1 0.00 0.0 0 9.9 18 330 M M 4 25 320
4 78 48 63 7 2 0 0.00 0.0 0 5.6 15 350 M M 0 23 350
5 73 50 62 6 3 0 0.00 0.0 0 5.7 13 90 M M 6 19 80
6 76 62 69 13 0 4 T 0.0 0 4.9 13 90 M M 9 19 80
7 78 62 70 15 0 5 0.01 0.0 0 3.2 10 220 M M 6 18 13 220
8 83 55 69 14 0 4 0.00 0.0 0 1.7 10 190 M M 1 12 14 170
9 79 57 68 14 0 3 0.00 0.0 0 9.8 23 140 M M 0 35 140
10 73 57 65 11 0 0 T 0.0 0 8.2 17 210 M M 2 23 300
11 63 51 57 4 8 0 0.10 0.0 0 6.0 14 360 M M 8 20 10
12 75 45 60 7 5 0 0.00 0.0 0 5.5 12 310 M M 0 16 300
13 75 51 63 11 2 0 0.88 0.0 0 14.5 30 210 M M 4 13 40 200
14 66 45 56 4 9 0 0.00 0.0 0 8.3 16 270 M M 1 8 23 280
15 61 41 51 0 14 0 0.02 0.0 0 11.1 24 290 M M 4 34 310
16 65 35 50 -1 15 0 0.00 0.0 0 10.8 22 300 M M 0 28 300
17 73 34 54 4 11 0 0.00 0.0 0 4.0 15 270 M M 0 8 21 260
18 76 39 58 8 7 0 0.00 0.0 0 6.9 20 160 M M 0 18 27 180
19 74 46 60 10 5 0 T 0.0 0 9.4 21 160 M M 0 27 180
20 68 42 55 6 10 0 0.05 0.0 0 13.5 25 250 M M 7 18 34 250
21 48 32 40 -9 25 0 0.08 0.0 0 13.0 25 280 M M 8 1 35 280
22 47 30 39 -9 26 0 0.07 0.0 0 2.0 13 10 M M 3 12 17 20
23 56 28 42 -6 23 0 0.00 0.0 0 6.2 14 80 M M 2 12 22 80
24 49 43 46 -1 19 0 3.19 0.0 0 14.0 23 20 M M 10 13 34 20
25 55 37 46 -1 19 0 T 0.0 0 7.6 16 340 M M M 22 340
26 58 35 47 1 18 0 0.00 0.0 0 13.8 25 130 M M 9 36 130
27 55 47 51 5 14 0 0.75 0.0 0 12.3 22 120 M M 10 13 32 130
28 49 46 48 3 17 0 1.05 0.0 0 12.1 22 340 M M 10 1 33 350
29 53 42 48 3 17 0 0.02 0.0 0 16.6 26 360 M M 8 38 350
30 61 34 48 4 17 0 0.00 0.0 0 6.1 24 340 M M 1 8 32 350
31 52 32 42 -2 23 0 0.00 0.0 0 14.2 24 310 M M 2 35 300
================================================================================
SM 2049 1396 309 22 6.46 0.0 270.5 M 127
================================================================================
AV 66.1 45.0 8.7 FASTST M M 4 MAX(MPH)
MISC ----> 30 210 40 200
================================================================================
NOTES:
# LAST OF SEVERAL OCCURRENCES
COLUMN 17 PEAK WIND IN M.P.H.
PRELIMINARY LOCAL CLIMATOLOGICAL DATA (WS FORM: F-6) , PAGE 2
STATION: AMES IA
MONTH: OCTOBER
YEAR: 2021
LATITUDE: 41 59 N
LONGITUDE: 93 37 W
[TEMPERATURE DATA] [PRECIPITATION DATA] SYMBOLS USED IN COLUMN 16
AVERAGE MONTHLY: 55.6 TOTAL FOR MONTH: 6.46 1 = FOG OR MIST
DPTR FM NORMAL: 4.7 DPTR FM NORMAL: 3.69 2 = FOG REDUCING VISIBILITY
HIGHEST: 83 ON 8 GRTST 24HR 3.19 ON 24-24 TO 1/4 MILE OR LESS
LOWEST: 28 ON 23 3 = THUNDER
SNOW, ICE PELLETS, HAIL 4 = ICE PELLETS
TOTAL MONTH: 0.0 INCH 5 = HAIL
GRTST 24HR 0.0 6 = FREEZING RAIN OR DRIZZLE
GRTST DEPTH: 0 7 = DUSTSTORM OR SANDSTORM:
VSBY 1/2 MILE OR LESS
8 = SMOKE OR HAZE
[NO. OF DAYS WITH] [WEATHER - DAYS WITH] 9 = BLOWING SNOW
X = TORNADO
MAX 32 OR BELOW: 0 0.01 INCH OR MORE: 13
MAX 90 OR ABOVE: 0 0.10 INCH OR MORE: 6
MIN 32 OR BELOW: 4 0.50 INCH OR MORE: 4
MIN 0 OR BELOW: 0 1.00 INCH OR MORE: 2
[HDD (BASE 65) ]
TOTAL THIS MO. 309 CLEAR (SCALE 0-3) 13
DPTR FM NORMAL -139 PTCLDY (SCALE 4-7) 11
TOTAL FM JUL 1 341 CLOUDY (SCALE 8-10) 7
DPTR FM NORMAL -245
[CDD (BASE 65) ]
TOTAL THIS MO. 22
DPTR FM NORMAL 12 [PRESSURE DATA]
TOTAL FM JAN 1 1083 HIGHEST SLP 30.33 ON 31
DPTR FM NORMAL 297 LOWEST SLP 29.53 ON 9
[REMARKS]
#FINAL-10-21#