000
CXAK56 PAFC 011031
CF6ANC
PRELIMINARY LOCAL CLIMATOLOGICAL DATA (WS FORM: F-6)
STATION: ANCHORAGE AK
MONTH: MAY
YEAR: 2022
LATITUDE: 61 10 N
LONGITUDE: 150 2 W
TEMPERATURE IN F: :PCPN: SNOW: WIND :SUNSHINE: SKY :PK WND
================================================================================
1 2 3 4 5 6A 6B 7 8 9 10 11 12 13 14 15 16 17 18
12Z AVG MX 2MIN
DY MAX MIN AVG DEP HDD CDD WTR SNW DPTH SPD SPD DIR MIN PSBL S-S WX SPD DR
================================================================================
1 52 37 45 1 20 0 0.00 0.0 0 11.8 25 150 M M 8 34 180
2 46 39 43 -1 22 0 0.00 0.0 0 8.0 20 150 M M 9 30 180
3 49 38 44 0 21 0 0.00 0.0 0 7.1 17 150 M M 9 26 160
4 53 37 45 0 20 0 0.02 T 0 6.9 21 150 M M 7 4 40 180
5 55 36 46 1 19 0 0.00 0.0 0 6.9 17 180 M M 7 37 180
6 56 42 49 4 16 0 0.00 0.0 0 8.4 17 230 M M 6 26 160
7 58 41 50 4 15 0 0.00 0.0 0 7.7 14 250 M M 5 26 180
8 55 38 47 1 18 0 0.00 0.0 0 8.0 21 180 M M 6 8 32 200
9 53 40 47 1 18 0 T 0.0 0 12.2 25 170 M M 5 39 190
10 54 39 47 0 18 0 0.00 0.0 0 15.3 25 350 M M 3 38 320
11 52 32 42 -5 23 0 0.00 0.0 0 5.4 13 290 M M 6 15 290
12 53 35 44 -3 21 0 0.14 0.0 0 6.7 15 260 M M 6 1 21 140
13 53 38 46 -1 19 0 0.10 0.0 0 7.1 18 340 M M 9 26 170
14 57 37 47 -1 18 0 0.00 0.0 0 8.1 15 300 M M 7 19 10
15 58 36 47 -1 18 0 0.00 0.0 0 6.0 13 210 M M 5 19 200
16 58 40 49 1 16 0 0.00 0.0 0 6.1 12 260 M M 7 16 200
17 61 38 50 2 15 0 0.00 0.0 0 6.9 16 300 M M 4 23 310
18 63 44 54 5 11 0 0.00 0.0 0 9.2 17 230 M M 4 30 210
19 68 41 55 6 10 0 0.00 0.0 0 5.3 10 280 M M 2 16 290
20 68 47 58 9 7 0 0.00 0.0 0 11.2 23 150 M M 3 39 160
21 67 42 55 5 10 0 0.00 0.0 0 9.6 24 150 M M 5 35 170
22 68 51 60 10 5 0 T 0.0 0 8.7 23 140 M M 7 34 140
23 61 47 54 4 11 0 T 0.0 0 10.8 17 210 M M 4 32 170
24 58 44 51 1 14 0 0.00 0.0 0 6.9 14 230 M M 6 28 190
25 59 42 51 0 14 0 0.00 0.0 0 5.4 10 300 M M 6 13 230
26 67 42 55 4 10 0 0.00 0.0 0 6.6 16 220 M M 6 20 200
27 75 43 59 8 6 0 0.00 0.0 0 6.5 16 340 M M 3 22 340
28 74 45 60 9 5 0 0.00 0.0 0 4.5 14 210 M M 2 22 190
29 70 55 63 11 2 0 0.00 0.0 0 6.6 15 160 M M 1 22 180
30 74 52 63 11 2 0 0.00 0.0 0 9.2 18 150 M M 4 31 150
31 76 45 61 9 4 0 0.00 0.0 0 7.9 18 140 M M 5 28 150
================================================================================
SM 1871 1283 428 0 0.26 T 247.0 M 167
================================================================================
AV 60.4 41.4 8.0 FASTST M M 5 MAX(MPH)
MISC ----> # 25 150 40 180
================================================================================
NOTES:
# LAST OF SEVERAL OCCURRENCES
COLUMN 17 PEAK WIND IN M.P.H.
PRELIMINARY LOCAL CLIMATOLOGICAL DATA (WS FORM: F-6) , PAGE 2
STATION: ANCHORAGE AK
MONTH: MAY
YEAR: 2022
LATITUDE: 61 10 N
LONGITUDE: 150 2 W
[TEMPERATURE DATA] [PRECIPITATION DATA] SYMBOLS USED IN COLUMN 16
AVERAGE MONTHLY: 50.9 TOTAL FOR MONTH: 0.26 1 = FOG OR MIST
DPTR FM NORMAL: 2.8 DPTR FM NORMAL: -0.39 2 = FOG REDUCING VISIBILITY
HIGHEST: 76 ON 31 GRTST 24HR 0.22 ON 12-13 TO 1/4 MILE OR LESS
LOWEST: 32 ON 11 3 = THUNDER
SNOW, ICE PELLETS, HAIL 4 = ICE PELLETS
TOTAL MONTH: T 5 = HAIL
GRTST 24HR T ON 4- 4 6 = FREEZING RAIN OR DRIZZLE
GRTST DEPTH: 0 7 = DUSTSTORM OR SANDSTORM:
VSBY 1/2 MILE OR LESS
8 = SMOKE OR HAZE
[NO. OF DAYS WITH] [WEATHER - DAYS WITH] 9 = BLOWING SNOW
X = TORNADO
MAX 32 OR BELOW: 0 0.01 INCH OR MORE: 3
MAX 90 OR ABOVE: 0 0.10 INCH OR MORE: 2
MIN 32 OR BELOW: 1 0.50 INCH OR MORE: 0
MIN 0 OR BELOW: 0 1.00 INCH OR MORE: 0
[HDD (BASE 65) ]
TOTAL THIS MO. 428 CLEAR (SCALE 0-3) 6
DPTR FM NORMAL -94 PTCLDY (SCALE 4-7) 22
TOTAL FM JUL 1 9354 CLOUDY (SCALE 8-10) 3
DPTR FM NORMAL -351
[CDD (BASE 65) ]
TOTAL THIS MO. 0
DPTR FM NORMAL 0 [PRESSURE DATA]
TOTAL FM JAN 1 0 HIGHEST SLP M ON M
DPTR FM NORMAL 0 LOWEST SLP 29.19 ON 3
[REMARKS]
#FINAL-05-22#