000
CXUS52 KGSP 010817
CF6AND
PRELIMINARY LOCAL CLIMATOLOGICAL DATA (WS FORM: F-6)
STATION: ANDERSON SC
MONTH: OCTOBER
YEAR: 2023
LATITUDE: 34 30 N
LONGITUDE: 82 43 W
TEMPERATURE IN F: :PCPN: SNOW: WIND :SUNSHINE: SKY :PK WND
================================================================================
1 2 3 4 5 6A 6B 7 8 9 10 11 12 13 14 15 16 17 18
12Z AVG MX 2MIN
DY MAX MIN AVG DEP HDD CDD WTR SNW DPTH SPD SPD DIR MIN PSBL S-S WX SPD DR
================================================================================
1 83 65 74 6 0 9 0.00 M M 4.2 12 80 M M 5 14 90
2 84 59 72 4 0 7 0.00 M M 2.7 15 80 M M 0 18 70
3 84 61 73 6 0 8 0.00 M M 5.5 14 110 M M 0 18 60
4 84 61 73 6 0 8 0.00 M M 3.7 13 80 M M 1 17 80
5 80 59 70 3 0 5 0.00 M M 4.1 15 70 M M 2 18 80
6 84 63 74 8 0 9 0.01 M M 5.5 14 280 M M 4 19 270
7 76 48 62 -4 3 0 0.00 M M 7.4 21 300 M M 1 27 310
8 69 39 54 -12 11 0 0.00 M M 5.5 16 260 M M 0 21 260
9 75 41 58 -7 7 0 0.00 M M 6.7 20 220 M M 0 24 230
10 83 48 66 1 0 1 0.00 M M 7.1 22 230 M M 1 28 270
11 72 56 64 0 1 0 0.13 M M 2.1 14 180 M M 4 1 23 30
12 70 57 64 0 1 0 0.51 M M 8.2 20 70 M M 7 1 24 30
13 75 56 66 2 0 1 0.17 M M 5.4 15 150 M M 8 1 19 130
14 77 61 69 6 0 4 0.15 M M 9.1 22 310 M M 6 1 27 250
15 68 48 58 -5 7 0 0.00 M M 4.0 13 300 M M 5 17 300
16 63 44 54 -8 11 0 T M M 4.4 17 280 M M 5 22 280
17 67 39 53 -9 12 0 0.00 M M 2.5 10 250 M M 2 12 13 300
18 70 44 57 -5 8 0 0.00 M M 2.7 13 240 M M 0 16 240
19 72 46 59 -2 6 0 T M M 3.7 13 210 M M 5 17 220
20 72 53 63 2 2 0 0.28 M M 8.0 29 310 M M 5 13 37 310
21 75 45 60 0 5 0 0.00 M M 9.7 20 220 M M 0 23 240
22 77 49 63 3 2 0 0.00 M M 5.2 15 290 M M 0 19 280
23 72 43 58 -2 7 0 0.00 M M 2.0 10 110 M M 0 18 13 100
24 73 42 58 -1 7 0 0.00 M M 2.7 10 110 M M 0 14 120
25 77 43 60 1 5 0 0.00 M M 2.8 8 110 M M 1 13 130
26 79 54 67 9 0 2 0.00 M M 2.3 8 120 M M 4 14 200
27 79 54 67 9 0 2 0.00 M M 1.6 12 190 M M 2 1 14 190
28 82 53 68 10 0 3 0.00 M M 2.0 10 230 M M 0 1 16 290
29 82 52 67 10 0 2 0.00 M M 4.5 17 250 M M 0 1 23 240
30 84 55 70 13 0 5 0.00 M M 7.4 21 230 M M 1 1 23 260
31 63 50 57 0 8 0 0.00 M M 7.0 17 60 M M 5 23 60
================================================================================
SM 2351 1588 103 66 1.25 M 149.7 M 74
================================================================================
AV 75.8 51.2 4.8 FASTST M M 2 MAX(MPH)
MISC ----> 29 310 37 310
================================================================================
NOTES:
# LAST OF SEVERAL OCCURRENCES
COLUMN 17 PEAK WIND IN M.P.H.
PRELIMINARY LOCAL CLIMATOLOGICAL DATA (WS FORM: F-6) , PAGE 2
STATION: ANDERSON SC
MONTH: OCTOBER
YEAR: 2023
LATITUDE: 34 30 N
LONGITUDE: 82 43 W
[TEMPERATURE DATA] [PRECIPITATION DATA] SYMBOLS USED IN COLUMN 16
AVERAGE MONTHLY: 63.5 TOTAL FOR MONTH: 1.25 1 = FOG OR MIST
DPTR FM NORMAL: 1.1 DPTR FM NORMAL: -1.87 2 = FOG REDUCING VISIBILITY
HIGHEST: 84 ON 30, 6 GRTST 24HR 0.64 ON 11-12 TO 1/4 MILE OR LESS
LOWEST: 39 ON 17, 8 3 = THUNDER
SNOW, ICE PELLETS, HAIL 4 = ICE PELLETS
TOTAL MONTH: M 5 = HAIL
GRTST 24HR M ON M 6 = FREEZING RAIN OR DRIZZLE
GRTST DEPTH: M ON M 7 = DUSTSTORM OR SANDSTORM:
VSBY 1/2 MILE OR LESS
8 = SMOKE OR HAZE
[NO. OF DAYS WITH] [WEATHER - DAYS WITH] 9 = BLOWING SNOW
X = TORNADO
MAX 32 OR BELOW: 0 0.01 INCH OR MORE: 6
MAX 90 OR ABOVE: 0 0.10 INCH OR MORE: 5
MIN 32 OR BELOW: 0 0.50 INCH OR MORE: 1
MIN 0 OR BELOW: 0 1.00 INCH OR MORE: 0
[HDD (BASE 65) ]
TOTAL THIS MO. 103 CLEAR (SCALE 0-3) 19
DPTR FM NORMAL -34 PTCLDY (SCALE 4-7) 12
TOTAL FM JUL 1 103 CLOUDY (SCALE 8-10) 0
DPTR FM NORMAL -41
[CDD (BASE 65) ]
TOTAL THIS MO. 66
DPTR FM NORMAL 11 [PRESSURE DATA]
TOTAL FM JAN 1 1791 HIGHEST SLP 30.41 ON 25
DPTR FM NORMAL -10 LOWEST SLP 29.59 ON 20
[REMARKS]
#FINAL-10-23#