000
CXUS53 KAPX 010830
CF6APN
PRELIMINARY LOCAL CLIMATOLOGICAL DATA (WS FORM: F-6)
STATION: ALPENA MI
MONTH: FEBRUARY
YEAR: 2024
LATITUDE: 45 4 N
LONGITUDE: 83 34 W
TEMPERATURE IN F: :PCPN: SNOW: WIND :SUNSHINE: SKY :PK WND
================================================================================
1 2 3 4 5 6A 6B 7 8 9 10 11 12 13 14 15 16 17 18
12Z AVG MX 2MIN
DY MAX MIN AVG DEP HDD CDD WTR SNW DPTH SPD SPD DIR MIN PSBL S-S WX SPD DR
================================================================================
1 41 32 37 18 28 0 0.00 0.0 3 8.3 17 20 M M 7 22 10
2 32 24 28 9 37 0 0.00 0.0 3 7.2 16 10 M M 9 20 30
3 42 22 32 13 33 0 0.00 0.0 3 3.8 9 170 M M 6 12 12 190
4 42 19 31 12 34 0 0.00 0.0 3 3.2 13 330 M M 5 12 18 320
5 40 24 32 13 33 0 0.00 0.0 3 4.9 12 330 M M 8 1 15 310
6 40 30 35 16 30 0 0.00 0.0 3 4.4 10 160 M M 6 13 160
7 49 27 38 19 27 0 0.00 0.0 3 3.7 9 180 M M 2 12 170
8 52 27 40 21 25 0 T 0.0 2 8.9 17 170 M M 1 26 160
9 52 41 47 27 18 0 T 0.0 1 11.3 22 230 M M 7 35 210
10 41 31 36 16 29 0 T T T 8.5 15 280 M M 10 1 25 280
11 32 27 30 10 35 0 T T T 5.2 14 310 M M 10 20 310
12 40 25 33 13 32 0 T T T 5.9 13 320 M M 6 1 22 270
13 31 24 28 8 37 0 0.09 0.8 1 9.4 17 340 M M 10 1 25 330
14 33 15 24 4 41 0 0.00 0.0 1 5.1 12 150 M M 7 16 320
15 34 23 29 9 36 0 0.44 5.5 2 8.7 24 320 M M 9 128 37 320
16 25 15 20 -1 45 0 0.02 0.5 6 7.2 16 290 M M 9 18 26 320
17 24 7 16 -5 49 0 0.01 0.2 5 8.7 23 210 M M 7 18 34 220
18 33 19 26 5 39 0 0.01 0.2 5 9.9 26 330 M M 9 18 41 310
19 37 14 26 5 39 0 0.00 0.0 5 4.6 14 190 M M 7 19 220
20 44 6 25 3 40 0 0.00 0.0 4 4.5 14 160 M M 0 1 18 160
21 55 28 42 20 23 0 0.04 0.0 2 6.7 17 210 M M 4 1 27 190
22 50 22 36 14 29 0 0.00 0.0 1 2.0 10 100 M M 3 128 13 110
23 39 14 27 5 38 0 0.00 0.0 T 11.2 23 350 M M 3 31 330
24 31 8 20 -2 45 0 0.00 0.0 T 6.0 15 190 M M 0 22 220
25 46 27 37 14 28 0 T 0.0 T 8.0 17 220 M M 7 26 220
26 44 18 31 8 34 0 0.00 0.0 T 7.1 20 130 M M 1 28 130
27 70 34 52 29 13 0 0.00 0.0 T 7.7 15 180 M M 0 20 190
28 48 15 32 8 33 0 0.56 T T 13.3 29 310 M M 7 13 49 320
29 27 14 21 -3 44 0 0.00 0.0 T 6.7 15 310 M M 6 26 260
================================================================================
SM 1174 632 974 0 1.17 7.2 202.1 M 166
================================================================================
AV 40.5 21.8 7.0 FASTST M M 6 MAX(MPH)
MISC ----> 29 310 49 320
================================================================================
NOTES:
# LAST OF SEVERAL OCCURRENCES
COLUMN 17 PEAK WIND IN M.P.H.
PRELIMINARY LOCAL CLIMATOLOGICAL DATA (WS FORM: F-6) , PAGE 2
STATION: ALPENA MI
MONTH: FEBRUARY
YEAR: 2024
LATITUDE: 45 4 N
LONGITUDE: 83 34 W
[TEMPERATURE DATA] [PRECIPITATION DATA] SYMBOLS USED IN COLUMN 16
AVERAGE MONTHLY: 31.1 TOTAL FOR MONTH: 1.17 1 = FOG OR MIST
DPTR FM NORMAL: 10.4 DPTR FM NORMAL: -0.35 2 = FOG REDUCING VISIBILITY
HIGHEST: 70 ON 27 GRTST 24HR 0.56 ON 28-28 TO 1/4 MILE OR LESS
LOWEST: 6 ON 20 3 = THUNDER
SNOW, ICE PELLETS, HAIL 4 = ICE PELLETS
TOTAL MONTH: 7.2 INCHES 5 = HAIL
GRTST 24HR 5.5 ON 15-15 6 = FREEZING RAIN OR DRIZZLE
GRTST DEPTH: 6 ON 16 7 = DUSTSTORM OR SANDSTORM:
VSBY 1/2 MILE OR LESS
8 = SMOKE OR HAZE
[NO. OF DAYS WITH] [WEATHER - DAYS WITH] 9 = BLOWING SNOW
X = TORNADO
MAX 32 OR BELOW: 7 0.01 INCH OR MORE: 7
MAX 90 OR ABOVE: 0 0.10 INCH OR MORE: 2
MIN 32 OR BELOW: 27 0.50 INCH OR MORE: 1
MIN 0 OR BELOW: 0 1.00 INCH OR MORE: 0
[HDD (BASE 65) ]
TOTAL THIS MO. 974 CLEAR (SCALE 0-3) 8
DPTR FM NORMAL -266 PTCLDY (SCALE 4-7) 14
TOTAL FM JUL 1 4657 CLOUDY (SCALE 8-10) 7
DPTR FM NORMAL -950
[CDD (BASE 65) ]
TOTAL THIS MO. 0
DPTR FM NORMAL 0 [PRESSURE DATA]
TOTAL FM JAN 1 0 HIGHEST SLP 30.40 ON 29
DPTR FM NORMAL 0 LOWEST SLP 29.15 ON 28
[REMARKS]
#FINAL-02-24#