000
CXUS53 KAPX 010534
CLMAPN
CLIMATE REPORT
NATIONAL WEATHER SERVICE
1234 AM EST THU FEB 01 2024
...................................
...THE ALPENA MI CLIMATE SUMMARY FOR THE MONTH OF JANUARY 2024...
CLIMATE NORMAL PERIOD: 1991 TO 2020
CLIMATE RECORD PERIOD: 1916 TO 2024
WEATHER OBSERVED NORMAL DEPART LAST YEAR`S
VALUE DATE(S) VALUE FROM VALUE
NORMAL
..............................................................
TEMPERATURE (F)
HIGHEST 41 01/27 26 15
LOWEST 3 01/16 9 -6
01/20
01/21
AVG. MAXIMUM 29.8 28.1 1.7
AVG. MINIMUM 20.9 11.9 9.0
MEAN 25.3 20.0 5.3
DAYS MAX >= 90 0 0.0 0.0
DAYS MAX <= 32 17 21.2 -4.2
DAYS MIN <= 32 28 29.8 -1.8
DAYS MIN <= 0 0 6.7 -6.7
PRECIPITATION (INCHES)
TOTALS 2.29 1.81 0.48
DAYS >= .01 13 15.6 -2.6
DAYS >= .10 8 5.2 2.8
DAYS >= .50 1 0.5 0.5
DAYS >= 1.00 0 0.1 -0.1
GREATEST
24 HR. TOTAL 0.94 01/09 TO 01/10
SNOWFALL (INCHES)
RECORDS
TOTAL 43.5 1978
TOTALS 26.4 19.3 7.1
DAYS >= TRACE 18 2.9
DAYS >= 1.0 8 1.1
GREATEST
SNOW DEPTH 13 01/13
24 HR TOTAL MM
DEGREE DAYS
HEATING TOTAL 1224 1395 -171
SINCE 7/1 3683 4284 -601
COOLING TOTAL 0 0 0
SINCE 1/1 0 0 0
..............................................................
WIND (MPH)
AVERAGE WIND SPEED 6.9
HIGHEST WIND SPEED/DIRECTION 31/060 DATE 01/12
HIGHEST GUST SPEED/DIRECTION 48/040 DATE 01/12
SKY COVER
AVERAGE SKY COVER 0.90
AVERAGE RH (PERCENT) 82
- INDICATES NEGATIVE NUMBERS.
R INDICATES RECORD WAS SET OR TIED.
MM INDICATES DATA IS MISSING.
T INDICATES TRACE AMOUNT.
$$