000
CXUS54 KLCH 011617
CF6ARA
PRELIMINARY LOCAL CLIMATOLOGICAL DATA (WS FORM: F-6)
STATION: NEW IBERIA
MONTH: JUNE
YEAR: 2023
LATITUDE: 30 1 N
LONGITUDE: 91 53 W
TEMPERATURE IN F: :PCPN: SNOW: WIND :SUNSHINE: SKY :PK WND
================================================================================
1 2 3 4 5 6A 6B 7 8 9 10 11 12 13 14 15 16 17 18
12Z AVG MX 2MIN
DY MAX MIN AVG DEP HDD CDD WTR SNW DPTH SPD SPD DIR MIN PSBL S-S WX SPD DR
================================================================================
1 92 68 80 0 0 15 0.26 M M 3.9 15 360 M M 3 18 20 360
2 93 72 83 3 0 18 0.31 M M 4.1 17 260 M M 2 1 22 250
3 95 73 84 4 0 19 0.00 M M 6.4 14 330 M M 2 138 20 270
4 93 71 82 2 0 17 0.07 M M 5.5 20 310 M M 1 3 29 290
5 89 69 79 -1 0 14 0.06 M M 4.4 30 70 M M 2 38 38 60
6 89 66 78 -2 0 13 0.00 M M 4.0 17 170 M M 1 13 24 160
7 93 69 81 0 0 16 0.09 0.0 M 4.3 16 150 M M 1 138 25 200
8 93 71 82 1 0 17 2.46 M M 6.5 44 290 M M 2 138 69 290
9 93 70 82 1 0 17 0.38 M M 3.5 37 20 M M 0 13 47 20
10 91 73 82 1 0 17 T M M 4.6 16 10 M M 1 138 23 190
11 92 74 83 2 0 18 0.00 M M 8.2 16 210 M M 2 23 210
12 95 75 85 4 0 20 0.00 M M 5.7 14 240 M M 2 18 19 190
13 93 74 84 3 0 19 0.00 M M 8.5 18 210 M M 2 1 24 200
14 93 80 87 6 0 22 T M M 12.4 22 220 M M 4 33 200
15 94 81 88 6 0 23 0.00 M M 10.1 21 220 M M 4 1 29 220
16 94 79 87 5 0 22 0.00 M M 8.3 18 190 M M 2 1 27 180
17 96 79 88 6 0 23 0.00 M M 9.1 18 240 M M 2 1 26 250
18 97 80 89 7 0 24 0.00 M M 9.4 21 180 M M 3 31 210
19 97 81 89 7 0 24 0.00 M M 10.7 22 230 M M 3 1 31 220
20 97 74 86 4 0 21 1.24 0.0 M 9.7 35 120 M M 5 13 45 120
21 94 76 85 3 0 20 T M M 4.6 14 30 M M 6 13 18 340
22 93 77 85 3 0 20 T M M 4.8 15 210 M M 2 21 210
23 94 76 85 3 0 20 0.21 M M 4.1 16 300 M M 4 138 21 310
24 93 75 84 2 0 19 0.69 M M 6.0 26 260 M M 2 13 37 260
25 96 78 87 5 0 22 0.00 M M 6.5 16 230 M M 1 21 220
26 93 78 86 4 0 21 T M M 6.3 23 230 M M 1 13 30 360
27 96 78 87 5 0 22 0.00 M M 5.8 14 240 M M 2 1 20 280
28 98 79 89 7 0 24 0.00 0.0 0 4.6 12 230 M M 1 16 190
29 99 79 89 7 0 24 0.00 M M 3.8 12 220 M M 1 16 150
30 101 80 91 9 0 26 0.00 0.0 0 3.1 10 180 M M 2 13 140
================================================================================
SM 2826 2255 0 597 5.77 0.0 188.9 M 66
================================================================================
AV 94.2 75.2 6.3 FASTST M M 2 MAX(MPH)
MISC ----> 44 290 69 290
================================================================================
NOTES:
# LAST OF SEVERAL OCCURRENCES
COLUMN 17 PEAK WIND IN M.P.H.
PRELIMINARY LOCAL CLIMATOLOGICAL DATA (WS FORM: F-6) , PAGE 2
STATION: NEW IBERIA
MONTH: JUNE
YEAR: 2023
LATITUDE: 30 1 N
LONGITUDE: 91 53 W
[TEMPERATURE DATA] [PRECIPITATION DATA] SYMBOLS USED IN COLUMN 16
AVERAGE MONTHLY: 84.7 TOTAL FOR MONTH: 5.77 1 = FOG OR MIST
DPTR FM NORMAL: 3.3 DPTR FM NORMAL: -0.69 2 = FOG REDUCING VISIBILITY
HIGHEST: 101 ON 30 GRTST 24HR 2.84 ON 8- 9 TO 1/4 MILE OR LESS
LOWEST: 66 ON 6 3 = THUNDER
SNOW, ICE PELLETS, HAIL 4 = ICE PELLETS
TOTAL MONTH: 0.0 INCH 5 = HAIL
GRTST 24HR 0.0 6 = FREEZING RAIN OR DRIZZLE
GRTST DEPTH: 0 7 = DUSTSTORM OR SANDSTORM:
VSBY 1/2 MILE OR LESS
8 = SMOKE OR HAZE
[NO. OF DAYS WITH] [WEATHER - DAYS WITH] 9 = BLOWING SNOW
X = TORNADO
MAX 32 OR BELOW: 0 0.01 INCH OR MORE: 10
MAX 90 OR ABOVE: 28 0.10 INCH OR MORE: 7
MIN 32 OR BELOW: 0 0.50 INCH OR MORE: 3
MIN 0 OR BELOW: 0 1.00 INCH OR MORE: 2
[HDD (BASE 65) ]
TOTAL THIS MO. 0 CLEAR (SCALE 0-3) 24
DPTR FM NORMAL 0 PTCLDY (SCALE 4-7) 6
TOTAL FM JUL 1 1085 CLOUDY (SCALE 8-10) 0
DPTR FM NORMAL -278
[CDD (BASE 65) ]
TOTAL THIS MO. 597
DPTR FM NORMAL 107 [PRESSURE DATA]
TOTAL FM JAN 1 1407 HIGHEST SLP 30.04 ON 26
DPTR FM NORMAL 312 LOWEST SLP 29.72 ON 14
[REMARKS]
#FINAL-06-23#