000
CXUS56 KPQR 011200
CF6AST
PRELIMINARY LOCAL CLIMATOLOGICAL DATA (WS FORM: F-6)
STATION: ASTORIA OR
MONTH: JULY
YEAR: 2020
LATITUDE: 46 9 N
LONGITUDE: 123 53 W
TEMPERATURE IN F: :PCPN: SNOW: WIND :SUNSHINE: SKY :PK WND
================================================================================
1 2 3 4 5 6A 6B 7 8 9 10 11 12 13 14 15 16 17 18
12Z AVG MX 2MIN
DY MAX MIN AVG DEP HDD CDD WTR SNW DPTH SPD SPD DIR MIN PSBL S-S WX SPD DR
================================================================================
1 60 52 56 -3 9 0 0.14 M M 8.8 17 250 M M 10 1 22 250
2 62 54 58 -1 7 0 0.01 M M 6.2 13 280 M M 10 1 17 240
3 63 53 58 -1 7 0 0.02 M M 5.4 12 250 M M 9 1 15 250
4 63 53 58 -1 7 0 T M M 4.8 9 270 M M 9 12 240
5 66 49 58 -1 7 0 0.00 M M 4.7 12 260 M M 6 1 16 240
6 64 50 57 -3 8 0 0.01 M M 6.5 14 250 M M 8 1 18 250
7 64 55 60 0 5 0 0.11 M M 6.6 16 230 M M 10 18 20 250
8 67 54 61 1 4 0 0.01 M M 4.9 13 340 M M 7 1 18 330
9 68 53 61 1 4 0 T M M 5.9 14 290 M M 7 18 19 320
10 68 52 60 0 5 0 T M M 4.6 13 330 M M 6 15 290
11 64 50 57 -3 8 0 T M M 7.6 17 220 M M 7 22 200
12 67 57 62 2 3 0 0.08 M M 11.1 18 320 M M 5 1 23 320
13 67 47 57 -3 8 0 0.00 M M 10.6 21 310 M M 1 1 27 310
14 69 49 59 -1 6 0 0.00 M M 9.2 21 310 M M 2 28 330
15 68 53 61 1 4 0 0.00 M M 11.7 21 310 M M 5 1 26 310
16 68 57 63 3 2 0 T M M 6.9 13 300 M M 9 1 16 300
17 65 54 60 0 5 0 T M M 9.5 18 330 M M 8 1 22 330
18 70 49 60 -1 5 0 0.00 M M 8.0 21 310 M M 3 25 320
19 67 54 61 0 4 0 0.00 M M 7.8 16 290 M M 8 1 19 280
20 70 54 62 1 3 0 0.00 M M 5.3 15 250 M M 5 12 17 240
21 66 57 62 1 3 0 0.01 M M 7.6 12 310 M M 10 18 15 310
22 65 57 61 0 4 0 0.06 M M 7.3 14 310 M M 10 1 17 340
23 64 57 61 0 4 0 0.01 M M 7.3 14 310 M M 9 18 18 320
24 65 56 61 0 4 0 0.01 M M 9.9 17 320 M M 8 18 21 310
25 67 53 60 -1 5 0 0.00 M M 10.0 21 310 M M 3 27 330
26 83 49 66 5 0 1 0.00 M M 6.5 16 320 M M 0 19 320
27 66 53 60 -1 5 0 0.00 M M 5.9 15 310 M M 3 18 300
28 68 55 62 1 3 0 T M M 9.2 18 320 M M 4 1 22 310
29 76 50 63 2 2 0 0.00 M M 5.6 17 310 M M 0 22 300
30 76 49 63 2 2 0 0.00 M M 5.8 15 250 M M 1 18 230
31 64 57 61 0 4 0 0.00 M M 5.3 14 240 M M 10 18 17 250
================================================================================
SM 2080 1642 147 1 0.47 M 226.5 M 193
================================================================================
AV 67.1 53.0 7.3 FASTST M M 6 MAX(MPH)
MISC ----> # 21 310 # 28 330
================================================================================
NOTES:
# LAST OF SEVERAL OCCURRENCES
COLUMN 17 PEAK WIND IN M.P.H.
PRELIMINARY LOCAL CLIMATOLOGICAL DATA (WS FORM: F-6) , PAGE 2
STATION: ASTORIA OR
MONTH: JULY
YEAR: 2020
LATITUDE: 46 9 N
LONGITUDE: 123 53 W
[TEMPERATURE DATA] [PRECIPITATION DATA] SYMBOLS USED IN COLUMN 16
AVERAGE MONTHLY: 60.0 TOTAL FOR MONTH: 0.47 1 = FOG OR MIST
DPTR FM NORMAL: -0.3 DPTR FM NORMAL: -0.56 2 = FOG REDUCING VISIBILITY
HIGHEST: 83 ON 26 GRTST 24HR 0.14 ON 1- 1 TO 1/4 MILE OR LESS
LOWEST: 47 ON 13 3 = THUNDER
SNOW, ICE PELLETS, HAIL 4 = ICE PELLETS
TOTAL MONTH: M 5 = HAIL
GRTST 24HR M ON M 6 = FREEZING RAIN OR DRIZZLE
GRTST DEPTH: M ON M 7 = DUSTSTORM OR SANDSTORM:
VSBY 1/2 MILE OR LESS
8 = SMOKE OR HAZE
[NO. OF DAYS WITH] [WEATHER - DAYS WITH] 9 = BLOWING SNOW
X = TORNADO
MAX 32 OR BELOW: 0 0.01 INCH OR MORE: 11
MAX 90 OR ABOVE: 0 0.10 INCH OR MORE: 2
MIN 32 OR BELOW: 0 0.50 INCH OR MORE: 0
MIN 0 OR BELOW: 0 1.00 INCH OR MORE: 0
[HDD (BASE 65) ]
TOTAL THIS MO. 147 CLEAR (SCALE 0-3) 8
DPTR FM NORMAL -3 PTCLDY (SCALE 4-7) 12
TOTAL FM JUL 1 147 CLOUDY (SCALE 8-10) 11
DPTR FM NORMAL -3
[CDD (BASE 65) ]
TOTAL THIS MO. 1
DPTR FM NORMAL -2 [PRESSURE DATA]
TOTAL FM JAN 1 5 HIGHEST SLP 30.22 ON 18
DPTR FM NORMAL 2 LOWEST SLP 29.87 ON 26
[REMARKS]
#FINAL-07-20#