000
CXUS54 KMAF 011110
CF6ATS
PRELIMINARY LOCAL CLIMATOLOGICAL DATA (WS FORM: F-6)
STATION: ARTESIA
MONTH: AUGUST
YEAR: 2020
LATITUDE: 32 54 N
LONGITUDE: 104 30 W
TEMPERATURE IN F: :PCPN: SNOW: WIND :SUNSHINE: SKY :PK WND
================================================================================
1 2 3 4 5 6A 6B 7 8 9 10 11 12 13 14 15 16 17 18
12Z AVG MX 2MIN
DY MAX MIN AVG DEP HDD CDD WTR SNW DPTH SPD SPD DIR MIN PSBL S-S WX SPD DR
================================================================================
1 95 66 81 M 0 16 0.15 M M 6.0 29 360 M M 0 36 360
2 99 70 85 M 0 20 0.00 M M 8.2 30 330 M M 1 40 330
3 95 66 81 M 0 16 0.00 M M 6.5 15 120 M M 0 22 150
4 100 73 87 M 0 22 0.00 M M 8.3 22 350 M M 0 32 350
5 99 77 88 M 0 23 0.00 M M 9.2 20 340 M M 0 38 10
6 99 72 86 M 0 21 0.00 M M 8.0 25 170 M M 1 26 170
7 99 75 87 M 0 22 0.09 M M 9.7 24 280 M M 1 29 280
8 99 70 85 M 0 20 0.01 M M 8.3 20 270 M M 0 23 180
9 100 70 85 M 0 20 0.00 M M 8.3 21 130 M M 1 3 30 130
10 102 70 86 M 0 21 0.00 M M 8.7 13 210 M M 0 20 160
11 104 73 89 M 0 24 0.00 M M 9.0 16 150 M M 0 23 190
12 106 73 90 M 0 25 0.00 M M 11.7 36 280 M M 0 49 280
13 104 72 88 M 0 23 0.00 M M 7.5 23 280 M M 0 30 310
14 102 75 89 M 0 24 0.00 M M 8.9 20 300 M M 0 28 270
15 102 72 87 M 0 22 0.01 M M 10.3 33 10 M M 0 44 10
16 93 73 83 M 0 18 0.00 M M 9.3 17 140 M M 0 31 150
17 93 68 81 M 0 16 0.00 M M 7.3 28 120 M M 1 39 120
18 93 64 79 M 0 14 0.00 M M 3.5 8 300 M M 0 15 150
19 99 66 83 M 0 18 0.00 M M 8.7 18 150 M M 0 27 150
20 100 68 84 M 0 19 0.00 M M 5.3 13 200 M M 0 33 0
21 97 70 84 M 0 19 0.10 M M 8.7 31 350 M M 1 3 43 350
22 97 64 81 M 0 16 0.00 M M 6.2 36 260 M M 0 45 260
23 99 70 85 M 0 20 0.00 M M 8.5 14 150 M M 0 20 120
24 95 70 83 M 0 18 0.00 M M 9.1 17 130 M M 0 22 130
25 91 64 78 M 0 13 0.00 M M 7.8 14 170 M M 0 22 150
26 95 64 80 M 0 15 0.00 M M 7.4 13 150 M M 0 23 130
27 99 68 84 M 0 19 0.00 M M 8.5 16 160 M M 0 22 150
28 104 68 86 M 0 21 0.00 M M 8.4 16 140 M M 0 27 170
29 99 73 86 M 0 21 0.00 M M 8.0 14 130 M M 0 16 150
30 97 73 85 M 0 20 0.00 M M 7.0 13 220 M M 0 20 220
31 93 77 85 M 0 20 0.00 M M 5.7 13 340 M M 2 26 40
================================================================================
SM 3049 2174 0 606 0.36 M 247.9 M 8
================================================================================
AV 98.4 70.1 8.0 FASTST M M 0 MAX(MPH)
MISC ----> 36 260 49 280
================================================================================
NOTES:
# LAST OF SEVERAL OCCURRENCES
COLUMN 17 PEAK WIND IN M.P.H.
PRELIMINARY LOCAL CLIMATOLOGICAL DATA (WS FORM: F-6) , PAGE 2
STATION: ARTESIA
MONTH: AUGUST
YEAR: 2020
LATITUDE: 32 54 N
LONGITUDE: 104 30 W
[TEMPERATURE DATA] [PRECIPITATION DATA] SYMBOLS USED IN COLUMN 16
AVERAGE MONTHLY: 84.2 TOTAL FOR MONTH: 0.36 1 = FOG OR MIST
DPTR FM NORMAL: 0.0 DPTR FM NORMAL: M 2 = FOG REDUCING VISIBILITY
HIGHEST: 106 ON 12 GRTST 24HR 0.15 ON 1- 1 TO 1/4 MILE OR LESS
LOWEST: 64 ON 26,25 3 = THUNDER
SNOW, ICE PELLETS, HAIL 4 = ICE PELLETS
TOTAL MONTH: M 5 = HAIL
GRTST 24HR M ON M 6 = FREEZING RAIN OR DRIZZLE
GRTST DEPTH: M ON M 7 = DUSTSTORM OR SANDSTORM:
VSBY 1/2 MILE OR LESS
8 = SMOKE OR HAZE
[NO. OF DAYS WITH] [WEATHER - DAYS WITH] 9 = BLOWING SNOW
X = TORNADO
MAX 32 OR BELOW: 0 0.01 INCH OR MORE: 5
MAX 90 OR ABOVE: 31 0.10 INCH OR MORE: 1
MIN 32 OR BELOW: 0 0.50 INCH OR MORE: 0
MIN 0 OR BELOW: 0 1.00 INCH OR MORE: 0
[HDD (BASE 65) ]
TOTAL THIS MO. 0 CLEAR (SCALE 0-3) 31
DPTR FM NORMAL M PTCLDY (SCALE 4-7) 0
TOTAL FM JUL 1 0 CLOUDY (SCALE 8-10) 0
DPTR FM NORMAL M
[CDD (BASE 65) ]
TOTAL THIS MO. 606
DPTR FM NORMAL M [PRESSURE DATA]
TOTAL FM JAN 1 2128 HIGHEST SLP M ON M
DPTR FM NORMAL M LOWEST SLP M ON M
[REMARKS]
#FINAL-08-20#