000
CXUS54 KEWX 011010
CF6ATT
PRELIMINARY LOCAL CLIMATOLOGICAL DATA (WS FORM: F-6)
STATION: AUSTIN CAMP MABRY
MONTH: AUGUST
YEAR: 2020
LATITUDE: 30 17 N
LONGITUDE: 97 42 W
TEMPERATURE IN F: :PCPN: SNOW: WIND :SUNSHINE: SKY :PK WND
================================================================================
1 2 3 4 5 6A 6B 7 8 9 10 11 12 13 14 15 16 17 18
12Z AVG MX 2MIN
DY MAX MIN AVG DEP HDD CDD WTR SNW DPTH SPD SPD DIR MIN PSBL S-S WX SPD DR
================================================================================
1 99 74 87 1 0 22 0.00 0.0 0 2.2 9 140 M M 1 16 60
2 101 74 88 2 0 23 T 0.0 0 2.4 16 20 M M 1 3 27 20
3 103 73 88 2 0 23 T 0.0 0 1.5 14 350 M M 0 3 30 340
4 102 75 89 3 0 24 T 0.0 0 2.3 9 160 M M 2 17 200
5 103 76 90 4 0 25 0.00 0.0 0 6.2 13 150 M M 0 23 160
6 103 77 90 4 0 25 0.00 0.0 0 6.4 14 130 M M 1 27 170
7 103 77 90 4 0 25 0.00 0.0 0 5.1 15 160 M M 2 29 150
8 104 77 91 5 0 26 0.00 0.0 0 5.1 14 160 M M 2 25 150
9 103 78 91 5 0 26 0.00 0.0 0 6.4 13 170 M M 2 28 180
10 103 79 91 5 0 26 0.00 0.0 0 6.5 15 150 M M 3 26 130
11 104 79 92 6 0 27 0.00 0.0 0 5.6 14 160 M M 3 29 150
12 106 79 93 7 0 28 0.00 0.0 0 5.9 12 170 M M 4 23 150
13 104 79 92 6 0 27 0.00 0.0 0 5.2 12 160 M M 1 23 190
14 107 78 93 7 0 28 0.00 0.0 0 6.1 13 160 M M 0 25 190
15 107 79 93 7 0 28 0.00 0.0 0 5.1 12 150 M M 0 21 180
16 106 79 93 7 0 28 0.00 0.0 0 3.1 10 150 M M 0 20 170
17 101 76 89 3 0 24 0.00 0.0 0 2.4 15 30 M M 2 34 40
18 104 75 90 4 0 25 0.00 0.0 0 2.8 8 40 M M 1 18 40
19 104 73 89 3 0 24 0.00 0.0 0 3.3 10 30 M M 0 21 20
20 101 71 86 0 0 21 0.00 0.0 0 1.9 8 110 M M 0 14 50
21 104 77 91 5 0 26 0.00 0.0 0 4.5 14 130 M M 2 21 130
22 93 68 81 -5 0 16 1.25 0.0 0 3.4 20 340 M M 2 13 37 360
23 97 70 84 -2 0 19 0.00 0.0 0 3.0 12 120 M M 1 17 80
24 100 75 88 3 0 23 0.00 0.0 0 2.4 10 120 M M 1 19 70
25 101 75 88 3 0 23 0.00 0.0 0 2.5 9 20 M M 1 18 80
26 97 79 88 3 0 23 0.00 0.0 M 3.6 10 90 M M 2 20 90
27 101 76 89 4 0 24 0.00 0.0 0 3.1 9 120 M M 1 17 50
28 106 81 94 9 0 29 0.00 0.0 0 5.7 16 160 M M 0 8 29 150
29 105 79 92 7 0 27 0.00 0.0 0 6.0 12 180 M M 0 22 180
30 103 79 91 7 0 26 0.00 0.0 0 5.2 15 160 M M 1 25 160
31 104 83 94 10 0 29 0.00 0.0 0 7.4 15 150 M M 5 8 27 160
================================================================================
SM 3179 2370 0 770 1.25 0.0 132.3 M 41
================================================================================
AV102.6 76.5 4.3 FASTST M M 1 MAX(MPH)
MISC ----> # 20 340 # 37 360
================================================================================
NOTES:
# LAST OF SEVERAL OCCURRENCES
COLUMN 17 PEAK WIND IN M.P.H.
PRELIMINARY LOCAL CLIMATOLOGICAL DATA (WS FORM: F-6) , PAGE 2
STATION: AUSTIN CAMP MABRY
MONTH: AUGUST
YEAR: 2020
LATITUDE: 30 17 N
LONGITUDE: 97 42 W
[TEMPERATURE DATA] [PRECIPITATION DATA] SYMBOLS USED IN COLUMN 16
AVERAGE MONTHLY: 89.5 TOTAL FOR MONTH: 1.25 1 = FOG OR MIST
DPTR FM NORMAL: 3.7 DPTR FM NORMAL: -1.10 2 = FOG REDUCING VISIBILITY
HIGHEST: 107 ON 15,14 GRTST 24HR 1.25 ON 22-22 TO 1/4 MILE OR LESS
LOWEST: 68 ON 22 3 = THUNDER
SNOW, ICE PELLETS, HAIL 4 = ICE PELLETS
TOTAL MONTH: 0.0 INCH 5 = HAIL
GRTST 24HR 0.0 6 = FREEZING RAIN OR DRIZZLE
GRTST DEPTH: 0 7 = DUSTSTORM OR SANDSTORM:
VSBY 1/2 MILE OR LESS
8 = SMOKE OR HAZE
[NO. OF DAYS WITH] [WEATHER - DAYS WITH] 9 = BLOWING SNOW
X = TORNADO
MAX 32 OR BELOW: 0 0.01 INCH OR MORE: 1
MAX 90 OR ABOVE: 31 0.10 INCH OR MORE: 1
MIN 32 OR BELOW: 0 0.50 INCH OR MORE: 1
MIN 0 OR BELOW: 0 1.00 INCH OR MORE: 1
[HDD (BASE 65) ]
TOTAL THIS MO. 0 CLEAR (SCALE 0-3) 28
DPTR FM NORMAL 0 PTCLDY (SCALE 4-7) 3
TOTAL FM JUL 1 0 CLOUDY (SCALE 8-10) 0
DPTR FM NORMAL 0
[CDD (BASE 65) ]
TOTAL THIS MO. 770
DPTR FM NORMAL 125 [PRESSURE DATA]
TOTAL FM JAN 1 2877 HIGHEST SLP 30.09 ON 17
DPTR FM NORMAL 483 LOWEST SLP 29.66 ON 31
[REMARKS]
#FINAL-08-20#