000
CXUS54 KEWX 020943
CF6AUS
PRELIMINARY LOCAL CLIMATOLOGICAL DATA (WS FORM: F-6)
STATION: AUSTIN BERGSTROM
MONTH: NOVEMBER
YEAR: 2021
LATITUDE: 30 13 N
LONGITUDE: 97 40 W
TEMPERATURE IN F: :PCPN: SNOW: WIND :SUNSHINE: SKY :PK WND
================================================================================
1 2 3 4 5 6A 6B 7 8 9 10 11 12 13 14 15 16 17 18
12Z AVG MX 2MIN
DY MAX MIN AVG DEP HDD CDD WTR SNW DPTH SPD SPD DIR MIN PSBL S-S WX SPD DR
================================================================================
1 81 46 64 0 1 0 0.00 0.0 0 3.2 13 140 M M 1 18 130
2 79 52 66 2 0 1 0.00 0.0 0 3.6 12 40 M M 5 19 80
3 66 50 58 -5 7 0 2.03 0.0 0 10.9 25 350 M M 10 13 33 340
4 60 42 51 -12 14 0 0.00 0.0 0 11.2 20 10 M M 7 27 360
5 64 37 51 -12 14 0 0.00 0.0 0 1.9 9 20 M M 1 18 80
6 69 37 53 -9 12 0 0.00 0.0 0 1.0 8 70 M M 0 15 70
7 74 37 56 -6 9 0 0.00 0.0 0 4.2 14 180 M M 0 19 190
8 77 43 60 -2 5 0 0.00 0.0 0 4.7 15 170 M M 4 12 20 220
9 77 48 63 2 2 0 0.00 0.0 0 3.2 13 140 M M 5 1 19 170
10 81 56 69 8 0 4 T 0.0 0 8.1 23 180 M M 7 31 170
11 74 45 60 -1 5 0 0.00 0.0 0 9.7 21 20 M M 2 27 10
12 79 41 60 0 5 0 0.00 0.0 0 5.9 20 10 M M 1 24 10
13 71 35 53 -7 12 0 0.00 0.0 0 3.7 12 170 M M 3 14 180
14 79 38 59 -1 6 0 0.00 0.0 0 4.7 18 190 M M 2 26 190
15 81 49 65 6 0 0 0.00 0.0 0 6.8 20 180 M M 2 1 27 190
16 81 60 71 12 0 6 0.00 0.0 0 11.8 22 180 M M 6 1 30 180
17 82 59 71 12 0 6 0.00 0.0 0 10.1 26 190 M M 3 37 200
18 67 51 59 1 6 0 0.00 0.0 0 16.7 28 10 M M 7 34 10
19 66 39 53 -5 12 0 0.00 0.0 0 5.1 13 30 M M 1 17 60
20 73 42 58 0 7 0 T 0.0 0 6.2 16 190 M M 6 1 24 190
21 79 58 69 11 0 4 0.00 0.0 0 8.6 22 340 M M 9 30 360
22 69 37 53 -4 12 0 0.00 0.0 0 8.8 20 350 M M 3 28 350
23 70 31 51 -6 14 0 0.00 0.0 0 5.1 14 160 M M 4 23 180
24 79 46 63 6 2 0 0.03 0.0 0 8.7 26 190 M M 8 34 190
25 69 50 60 4 5 0 0.25 0.0 0 12.4 25 10 M M 7 1 35 350
26 56 43 50 -6 15 0 0.00 0.0 0 8.6 18 360 M M 8 24 10
27 51 46 49 -7 16 0 0.46 0.0 0 3.7 12 190 M M 10 1 16 200
28 70 42 56 0 9 0 0.00 0.0 0 5.8 18 10 M M 6 1 24 10
29 72 36 54 -1 11 0 0.00 0.0 0 4.6 13 200 M M 2 18 200
30 74 39 57 2 8 0 0.00 0.0 0 5.2 17 190 M M 5 23 170
================================================================================
SM 2170 1335 209 21 2.77 0.0 204.2 M 135
================================================================================
AV 72.3 44.5 6.8 FASTST M M 5 MAX(MPH)
MISC ----> 28 10 37 200
================================================================================
NOTES:
# LAST OF SEVERAL OCCURRENCES
COLUMN 17 PEAK WIND IN M.P.H.
PRELIMINARY LOCAL CLIMATOLOGICAL DATA (WS FORM: F-6) , PAGE 2
STATION: AUSTIN BERGSTROM
MONTH: NOVEMBER
YEAR: 2021
LATITUDE: 30 13 N
LONGITUDE: 97 40 W
[TEMPERATURE DATA] [PRECIPITATION DATA] SYMBOLS USED IN COLUMN 16
AVERAGE MONTHLY: 58.4 TOTAL FOR MONTH: 2.77 1 = FOG OR MIST
DPTR FM NORMAL: -0.9 DPTR FM NORMAL: 0.09 2 = FOG REDUCING VISIBILITY
HIGHEST: 82 ON 17 GRTST 24HR 2.03 ON 3- 3 TO 1/4 MILE OR LESS
LOWEST: 31 ON 23 3 = THUNDER
SNOW, ICE PELLETS, HAIL 4 = ICE PELLETS
TOTAL MONTH: 0.0 INCH 5 = HAIL
GRTST 24HR 0.0 6 = FREEZING RAIN OR DRIZZLE
GRTST DEPTH: 0 7 = DUSTSTORM OR SANDSTORM:
VSBY 1/2 MILE OR LESS
8 = SMOKE OR HAZE
[NO. OF DAYS WITH] [WEATHER - DAYS WITH] 9 = BLOWING SNOW
X = TORNADO
MAX 32 OR BELOW: 0 0.01 INCH OR MORE: 4
MAX 90 OR ABOVE: 0 0.10 INCH OR MORE: 3
MIN 32 OR BELOW: 1 0.50 INCH OR MORE: 1
MIN 0 OR BELOW: 0 1.00 INCH OR MORE: 1
[HDD (BASE 65) ]
TOTAL THIS MO. 209 CLEAR (SCALE 0-3) 12
DPTR FM NORMAL -10 PTCLDY (SCALE 4-7) 15
TOTAL FM JUL 1 234 CLOUDY (SCALE 8-10) 3
DPTR FM NORMAL -31
[CDD (BASE 65) ]
TOTAL THIS MO. 21
DPTR FM NORMAL -27 [PRESSURE DATA]
TOTAL FM JAN 1 2619 HIGHEST SLP 30.46 ON 19
DPTR FM NORMAL -363 LOWEST SLP 29.78 ON 10
[REMARKS]
#FINAL-11-21#