000
CXUS54 KEWX 112151
CF6AUS
PRELIMINARY LOCAL CLIMATOLOGICAL DATA (WS FORM: F-6)
STATION: AUSTIN BERGSTROM
MONTH: DECEMBER
YEAR: 2020
LATITUDE: 30 13 N
LONGITUDE: 97 40 W
TEMPERATURE IN F: :PCPN: SNOW: WIND :SUNSHINE: SKY :PK WND
================================================================================
1 2 3 4 5 6A 6B 7 8 9 10 11 12 13 14 15 16 17 18
12Z AVG MX 2MIN
DY MAX MIN AVG DEP HDD CDD WTR SNW DPTH SPD SPD DIR MIN PSBL S-S WX SPD DR
================================================================================
1 65 22 44 -9 21 0 0.00 0.0 0 6.6 22 170 M M 2 32 160
2 67 38 53 0 12 0 0.00 0.0 0 7.3 25 350 M M 4 32 360
3 59 37 48 -5 17 0 0.00 0.0 0 11.2 20 330 M M 3 28 340
4 60 32 46 -6 19 0 0.00 0.0 0 5.0 13 350 M M 1 19 10
5 54 31 43 -9 22 0 0.01 0.0 0 2.6 8 260 M M 8 11 270
6 68 32 50 -2 15 0 0.00 0.0 0 6.2 17 310 M M 1 1 26 310
7 71 35 53 1 12 0 0.00 0.0 0 5.2 16 10 M M 0 25 360
8 79 36 58 7 7 0 0.00 0.0 0 3.4 13 320 M M 1 17 330
9 83 42 63 12 2 0 0.00 0.0 0 5.1 12 190 M M 0 22 200
10 80 43 62 11 3 0 0.00 0.0 0 7.5 23 190 M M 1 31 180
11 77 48 63 12 2 0 0.05 0.0 0 3.5 9 260 M M 7 1 14 200
12 63 45 54 3 11 0 0.00 0.0 0 8.0 17 20 M M 3 1 23 20
13 70 43 57 7 8 0 T 0.0 0 11.4 38 350 M M 7 1 52 360
14 51 33 42 -8 23 0 0.00 0.0 0 8.4 31 350 M M 4 44 350
15 62 31 47 -3 18 0 0.00 0.0 0 5.1 18 310 M M 6 1 29 320
16 57 28 43 -7 22 0 0.00 0.0 0 7.0 21 330 M M 0 31 340
17 65 23 44 -6 21 0 0.00 0.0 0 3.5 13 150 M M 0 17 150
18 65 25 45 -5 20 0 0.00 0.0 0 5.3 18 170 M M 6 26 150
19 69 38 54 4 11 0 1.62 0.0 0 4.4 14 320 M M 7 13 22 330
20 70 35 53 3 12 0 0.00 0.0 0 2.7 10 340 M M 1 15 340
21 76 33 55 5 10 0 0.00 0.0 0 2.9 13 180 M M 3 18 190
22 75 36 56 7 9 0 0.00 0.0 0 7.5 21 150 M M 5 1 28 140
23 80 48 64 15 1 0 0.00 0.0 0 13.6 32 360 M M 7 1 43 350
24 57 36 47 -2 18 0 0.00 0.0 0 12.0 32 350 M M 1 46 340
25 69 30 50 1 15 0 0.00 0.0 0 2.3 12 130 M M 4 13 130
26 71 28 50 1 15 0 0.00 0.0 0 7.7 22 180 M M 1 30 180
27 78 36 57 8 8 0 0.00 0.0 0 7.3 28 200 M M 1 1 38 200
28 78 45 62 13 3 0 T 0.0 0 7.0 18 130 M M 8 12 24 120
29 78 63 71 22 0 6 0.02 0.0 0 16.9 26 150 M M 10 1 39 150
30 74 45 60 11 5 0 0.47 0.0 0 15.8 32 360 M M 9 1 43 10
31 45 38 42 -7 23 0 2.23 0.0 0 11.9 23 360 M M 10 13 33 10
================================================================================
SM 2116 1135 385 6 4.40 0.0 224.3 M 121
================================================================================
AV 68.3 36.6 7.2 FASTST M M 4 MAX(MPH)
MISC ----> 38 350 52 360
================================================================================
NOTES:
# LAST OF SEVERAL OCCURRENCES
COLUMN 17 PEAK WIND IN M.P.H.
PRELIMINARY LOCAL CLIMATOLOGICAL DATA (WS FORM: F-6) , PAGE 2
STATION: AUSTIN BERGSTROM
MONTH: DECEMBER
YEAR: 2020
LATITUDE: 30 13 N
LONGITUDE: 97 40 W
[TEMPERATURE DATA] [PRECIPITATION DATA] SYMBOLS USED IN COLUMN 16
AVERAGE MONTHLY: 52.4 TOTAL FOR MONTH: 4.40 1 = FOG OR MIST
DPTR FM NORMAL: 2.0 DPTR FM NORMAL: 2.19 2 = FOG REDUCING VISIBILITY
HIGHEST: 83 ON 9 GRTST 24HR 2.57 ON 30-31 TO 1/4 MILE OR LESS
LOWEST: 22 ON 1 3 = THUNDER
SNOW, ICE PELLETS, HAIL 4 = ICE PELLETS
TOTAL MONTH: 0.0 INCH 5 = HAIL
GRTST 24HR 0.0 6 = FREEZING RAIN OR DRIZZLE
GRTST DEPTH: 0 7 = DUSTSTORM OR SANDSTORM:
VSBY 1/2 MILE OR LESS
8 = SMOKE OR HAZE
[NO. OF DAYS WITH] [WEATHER - DAYS WITH] 9 = BLOWING SNOW
X = TORNADO
MAX 32 OR BELOW: 0 0.01 INCH OR MORE: 6
MAX 90 OR ABOVE: 0 0.10 INCH OR MORE: 3
MIN 32 OR BELOW: 10 0.50 INCH OR MORE: 2
MIN 0 OR BELOW: 0 1.00 INCH OR MORE: 2
[HDD (BASE 65) ]
TOTAL THIS MO. 385 CLEAR (SCALE 0-3) 16
DPTR FM NORMAL -77 PTCLDY (SCALE 4-7) 11
TOTAL FM JUL 1 573 CLOUDY (SCALE 8-10) 4
DPTR FM NORMAL -174
[CDD (BASE 65) ]
TOTAL THIS MO. 6
DPTR FM NORMAL -4 [PRESSURE DATA]
TOTAL FM JAN 1 3199 HIGHEST SLP 30.46 ON 24
DPTR FM NORMAL 448 LOWEST SLP 29.67 ON 31
[REMARKS]
#FINAL-12-20#