000
CXUS53 KGRB 060718
CLSAUW
CLIMATE REPORT...CORRECTION
NATIONAL WEATHER SERVICE GREEN BAY
218 AM CDT TUE JUN 06 2023
...................................
...THE WAUSAU WI CLIMATE SUMMARY FOR THE SEASON, FROM
3/1/2023 TO 5/31/2023...
CLIMATE NORMAL PERIOD: 1991 TO 2020
CLIMATE RECORD PERIOD: 1896 TO 2023
WEATHER OBSERVED NORMAL DEPART LAST YEAR`S
VALUE DATE(S) VALUE FROM VALUE DATE(S)
NORMAL
................................................................
TEMPERATURE (F)
RECORD
HIGH 104 05/31/1934
LOW -33 03/01/1962
HIGHEST 92 05/31 84 8 93 05/12
LOWEST 1 03/14 -2 3 -3 03/12
AVG. MAXIMUM 54.6 53.4 1.2 52.7
AVG. MINIMUM 33.7 32.5 1.2 34.9
MEAN 44.1 43.0 1.1 43.8
DAYS MAX >= 90 1 0.2 0.8 2
DAYS MAX <= 32 6 8.2 -2.2 7
DAYS MIN <= 32 46 42.8 3.2 43
DAYS MIN <= 0 0 2.0 -2.0 1
PRECIPITATION (INCHES)
RECORD
MAXIMUM 17.21 1942
MINIMUM 2.60 1931
TOTALS 10.49 8.74 1.75 10.47
DAILY AVG. 0.12 0.10 0.02 0.11
DAYS >= .01 34 34.8 -0.8 39
DAYS >= .10 23 20.1 2.9 24
DAYS >= .50 6 5.8 0.2 6
DAYS >= 1.00 2 1.3 0.7 1
SNOWFALL (INCHES)
RECORDS
TOTAL 46.7 2018
24 HR TOTAL MM
TOTALS 35.0 15.0 20.0 14.9
SINCE 7/1 90.8 64.3 26.5 MM
DAYS >= TRACE 27 10.1 16.9 23
DAYS >= 1.0 11 4.8 6.2 4
GREATEST
SNOW DEPTH 23R 03/12 11 03/14
03/13
24 HR TOTAL MM
DEGREE DAYS
HEATING TOTAL 1932 2046 -114 2003
SINCE 7/1 7317 8098 -781 MM
COOLING TOTAL 32 22 10 77
SINCE 1/1 32 22 10 MM
FREEZE DATES
RECORD
EARLIEST 08/30/1915
LATEST 06/12/1903
EARLIEST 10/08
LATEST 05/04
................................................................
WIND (MPH)
AVERAGE WIND SPEED 8.1
RESULTANT WIND SPEED/DIRECTION 0/340
HIGHEST WIND SPEED/DIRECTION 32/070 DATE 04/19
HIGHEST GUST SPEED/DIRECTION 45/MM DATE 04/05
45/MM 04/06
45/MM 04/19
SKY COVER
POSSIBLE SUNSHINE (PERCENT) MM
AVERAGE SKY COVER 0.44
NUMBER OF DAYS FAIR 46
NUMBER OF DAYS PC 19
NUMBER OF DAYS CLOUDY 27
AVERAGE RH (PERCENT) 61
WEATHER CONDITIONS. NUMBER OF DAYS WITH
THUNDERSTORM 5 MIXED PRECIP 0
HEAVY RAIN 7 RAIN 8
LIGHT RAIN 22 FREEZING RAIN 2
LT FREEZING RAIN 4 HAIL 0
HEAVY SNOW 2 SNOW 6
LIGHT SNOW 26 SLEET 0
FOG 34 FOG W/VIS <= 1/4 MILE 10
HAZE 24
- INDICATES NEGATIVE NUMBERS.
R INDICATES RECORD WAS SET OR TIED.
MM INDICATES DATA IS MISSING.
T INDICATES TRACE AMOUNT.
$$