000
CXUS52 KGSP 011429
CLMAVL
CLIMATE REPORT
NATIONAL WEATHER SERVICE GREENVILLE-SPARTANBURG SC
1029 AM EDT SAT JUL 01 2023
...................................
...THE ASHEVILLE NC CLIMATE SUMMARY FOR THE MONTH OF JUNE 2023...
CLIMATE NORMAL PERIOD 1991 TO 2020
CLIMATE RECORD PERIOD 1869 TO 2023
WEATHER OBSERVED NORMAL DEPART LAST YEAR`S
VALUE DATE(S) VALUE FROM VALUE DATE(S)
NORMAL
................................................................
TEMPERATURE (F)
RECORD
HIGH 98 06/30/2012
06/28/1952
06/29/1936
LOW 35 06/02/1966
HIGHEST 87 06/26 MM MM 92 06/13
LOWEST 46 06/09 MM MM 49 06/20
AVG. MAXIMUM 79.1 82.5 -3.4 83.1
AVG. MINIMUM 57.7 61.1 -3.4 61.8
MEAN 68.4 71.8 -3.4 72.4
DAYS MAX >= 90 0 1.5 -1.5 5
DAYS MAX <= 32 0 0.0 0.0 0
DAYS MIN <= 32 0 0.0 0.0 0
DAYS MIN <= 0 0 0.0 0.0 0
PRECIPITATION (INCHES)
RECORD
MAXIMUM 10.73 1989
MINIMUM 0.80 1964
TOTALS 1.92 4.79 -2.87 1.66
DAILY AVG. 0.06 0.16 -0.10 0.06
DAYS >= .01 11 13.4 -2.4 7
DAYS >= .10 7 8.3 -1.3 4
DAYS >= .50 1 3.3 -2.3 1
DAYS >= 1.00 0 1.2 -1.2 0
GREATEST
24 HR. TOTAL 0.81 06/20 TO 06/21 0.58 06/02 TO 06/02
STORM TOTAL 0.53 0.58
(MM/DD(HH)) MM
SNOWFALL (INCHES)
RECORDS
TOTAL MM MM
24 HR TOTAL MM
SNOW DEPTH MM MM
TOTALS 0.0 0.0 0.0 0.0
LIQUID EQUIV 0.00 0.00 0.00 0.00
SINCE 7/1 T 10.3 -10.3 MM
LIQUID 7/1 -0.10 1.00 -1.10 MM
SNOWDEPTH AVG. 0 0
DAYS >= TRACE 0 0.0 0.0 0
DAYS >= 1.0 0 0.0 0.0 0
GREATEST
SNOW DEPTH 0 0 MM
24 HR TOTAL MM MM
STORM TOTAL 0.0 0.0
(MM/DD(HH)) MM
DEGREE DAYS
HEATING TOTAL 13 8 5 1
SINCE 7/1 3603 3838 -235 MM
COOLING TOTAL 121 212 -91 232
SINCE 1/1 177 303 -126 MM
FREEZE DATES
RECORD
EARLIEST MM
LATEST MM
EARLIEST 10/18 10/18
LATEST 04/10 04/20
................................................................
WIND (MPH)
AVERAGE WIND SPEED 5.0
HIGHEST WIND SPEED/DIRECTION 28/340 DATE 06/26
HIGHEST GUST SPEED/DIRECTION 41/330 DATE 06/26
SKY COVER
POSSIBLE SUNSHINE (PERCENT) MM
AVERAGE SKY COVER 0.37
NUMBER OF DAYS FAIR 17
NUMBER OF DAYS PC 8
NUMBER OF DAYS CLOUDY 5
AVERAGE RH (PERCENT) 71
WEATHER CONDITIONS. NUMBER OF DAYS WITH
THUNDERSTORM 4 MIXED PRECIP 0
HEAVY RAIN 2 RAIN 7
LIGHT RAIN 15 FREEZING RAIN 0
LT FREEZING RAIN 0 HAIL 0
HEAVY SNOW 0 SNOW 0
LIGHT SNOW 0 SLEET 0
FOG 19 FOG W/VIS <= 1/4 MILE 1
HAZE 6
- INDICATES NEGATIVE NUMBERS.
R INDICATES RECORD WAS SET OR TIED.
MM INDICATES DATA IS MISSING.
T INDICATES TRACE AMOUNT.
$$