000
CXUS51 KOKX 011133
CF6BDR
PRELIMINARY LOCAL CLIMATOLOGICAL DATA (WS FORM: F-6)
STATION: BRIDGEPORT CT
MONTH: MAY
YEAR: 2022
LATITUDE: 41 10 N
LONGITUDE: 73 8 W
TEMPERATURE IN F: :PCPN: SNOW: WIND :SUNSHINE: SKY :PK WND
================================================================================
1 2 3 4 5 6A 6B 7 8 9 10 11 12 13 14 15 16 17 18
12Z AVG MX 2MIN
DY MAX MIN AVG DEP HDD CDD WTR SNW DPTH SPD SPD DIR MIN PSBL S-S WX SPD DR
================================================================================
1 66 41 54 -2 11 0 T 0.0 0 5.4 14 200 M M 0 19 190
2 53 49 51 -5 14 0 0.21 0.0 0 10.5 20 70 M M 10 1 24 60
3 54 49 52 -4 13 0 0.00 0.0 0 7.8 16 30 M M 10 1 21 40
4 57 48 53 -3 12 0 0.11 0.0 0 6.6 15 80 M M 9 1 17 90
5 68 50 59 2 6 0 0.00 0.0 0 8.5 16 200 M M 1 20 340
6 57 50 54 -3 11 0 0.27 0.0 0 4.8 13 90 M M 8 16 90
7 54 45 50 -7 15 0 0.39 0.0 0 17.2 29 60 M M 10 1 34 60
8 60 47 54 -4 11 0 T 0.0 0 16.9 28 50 M M 5 36 40
9 70 44 57 -1 8 0 0.00 0.0 0 17.0 28 50 M M 0 37 30
10 72 50 61 3 4 0 0.00 0.0 0 14.7 26 20 M M 1 34 30
11 74 53 64 5 1 0 0.00 0.0 0 10.8 21 30 M M 5 29 30
12 67 54 61 2 4 0 0.00 0.0 0 7.2 14 60 M M 6 18 18 70
13 64 54 59 0 6 0 T 0.0 0 7.9 14 80 M M 10 12 16 80
14 73 56 65 5 0 0 0.06 0.0 0 3.3 14 150 M M 9 12 17 150
15 75 58 67 7 0 2 T 0.0 0 7.3 16 190 M M 6 12 21 190
16 71 57 64 4 1 0 0.05 0.0 0 6.6 15 270 M M 4 13 20 270
17 77 55 66 6 0 1 0.00 0.0 0 13.1 26 270 M M 1 36 270
18 70 52 61 0 4 0 T 0.0 M 9.8 20 330 M M 1 27 340
19 59 52 56 -5 9 0 0.45 0.0 0 5.0 13 140 M M 8 1 16 130
20 62 53 58 -3 7 0 0.26 0.0 0 7.7 17 90 M M 9 128 21 90
21 82 58 70 8 0 5 0.00 0.0 0 4.0 13 60 M M 5 128 16 60
22 86 61 74 12 0 9 0.02 0.0 0 6.9 18 200 M M 1 23 200
23 74 60 67 5 0 2 0.00 0.0 0 9.2 23 350 M M 0 31 350
24 64 53 59 -3 6 0 T 0.0 0 7.9 18 110 M M 4 23 110
25 65 52 59 -4 6 0 0.00 0.0 0 6.5 14 120 M M 2 18 120
26 68 52 60 -3 5 0 T 0.0 0 5.4 13 190 M M 3 1 16 190
27 73 61 67 4 0 2 T 0.0 0 8.6 20 180 M M 8 128 26 200
28 73 62 68 4 0 3 0.66 0.0 0 6.4 22 290 M M 8 138 29 290
29 75 58 67 3 0 2 0.00 0.0 0 6.6 12 200 M M 0 16 210
30 85 57 71 7 0 6 0.00 0.0 0 6.6 15 210 M M 0 20 220
31 93 58 76 11 0 11 0.10 0.0 0 10.5 17 70 M M 2 25 330
================================================================================
SM 2141 1649 154 43 2.58 0.0 266.7 M 146
================================================================================
AV 69.1 53.2 8.6 FASTST M M 5 MAX(MPH)
MISC ----> 29 60 37 30
================================================================================
NOTES:
# LAST OF SEVERAL OCCURRENCES
COLUMN 17 PEAK WIND IN M.P.H.
PRELIMINARY LOCAL CLIMATOLOGICAL DATA (WS FORM: F-6) , PAGE 2
STATION: BRIDGEPORT CT
MONTH: MAY
YEAR: 2022
LATITUDE: 41 10 N
LONGITUDE: 73 8 W
[TEMPERATURE DATA] [PRECIPITATION DATA] SYMBOLS USED IN COLUMN 16
AVERAGE MONTHLY: 61.1 TOTAL FOR MONTH: 2.58 1 = FOG OR MIST
DPTR FM NORMAL: 1.1 DPTR FM NORMAL: -1.00 2 = FOG REDUCING VISIBILITY
HIGHEST: 93 ON 31 GRTST 24HR 0.66 ON 28-28 TO 1/4 MILE OR LESS
LOWEST: 41 ON 1 3 = THUNDER
SNOW, ICE PELLETS, HAIL 4 = ICE PELLETS
TOTAL MONTH: 0.0 INCH 5 = HAIL
GRTST 24HR 0.0 6 = FREEZING RAIN OR DRIZZLE
GRTST DEPTH: 0 7 = DUSTSTORM OR SANDSTORM:
VSBY 1/2 MILE OR LESS
8 = SMOKE OR HAZE
[NO. OF DAYS WITH] [WEATHER - DAYS WITH] 9 = BLOWING SNOW
X = TORNADO
MAX 32 OR BELOW: 0 0.01 INCH OR MORE: 11
MAX 90 OR ABOVE: 1 0.10 INCH OR MORE: 7
MIN 32 OR BELOW: 0 0.50 INCH OR MORE: 1
MIN 0 OR BELOW: 0 1.00 INCH OR MORE: 0
[HDD (BASE 65) ]
TOTAL THIS MO. 154 CLEAR (SCALE 0-3) 13
DPTR FM NORMAL -28 PTCLDY (SCALE 4-7) 9
TOTAL FM JUL 1 4852 CLOUDY (SCALE 8-10) 9
DPTR FM NORMAL -264
[CDD (BASE 65) ]
TOTAL THIS MO. 43
DPTR FM NORMAL 15 [PRESSURE DATA]
TOTAL FM JAN 1 43 HIGHEST SLP M ON M
DPTR FM NORMAL 13 LOWEST SLP 29.54 ON 16
[REMARKS]
#FINAL-05-22#