000
CXUS51 KOKX 012027
CLABDR
CLIMATE REPORT
NATIONAL WEATHER SERVICE NEW YORK, NY
327 PM EST SAT JAN 01 2022
...................................
...THE BRIDGEPORT CT CLIMATE SUMMARY FOR THE YEAR OF 2021...
CLIMATE NORMAL PERIOD 1991 TO 2020
CLIMATE RECORD PERIOD 1948 TO 2021
WEATHER OBSERVED NORMAL DEPART LAST YEAR`S
VALUE DATE(S) VALUE FROM VALUE DATE(S)
NORMAL
................................................................
TEMPERATURE (F)
RECORD
HIGH 103 07/22/2011
07/22/1957
LOW -7 01/22/1984
HIGHEST 96 06/30 MM MM 95 07/20
LOWEST 12 01/29 MM MM 11 02/15
AVG. MAXIMUM 62.4 61.1 1.3 62.9
AVG. MINIMUM 47.1 45.7 1.4 47.7
MEAN 54.7 53.4 1.3 55.3
DAYS MAX >= 90 13 9.1 3.9 9
DAYS MAX <= 32 8 18.4 -10.4 6
DAYS MIN <= 32 84 91.8 -7.8 64
DAYS MIN <= 0 0 0.4 -0.4 0
PRECIPITATION (INCHES)
RECORD
MAXIMUM 73.93 1972
MINIMUM MM MM
TOTALS 45.19 44.09 1.10 42.84
DAILY AVG. 0.13 0.12 0.01 0.12
DAYS >= .01 132 124.7 7.3 132
DAYS >= .10 72 77.5 -5.5 77
DAYS >= .50 26 29.3 -3.3 25
DAYS >= 1.00 7 10.3 -3.3 9
GREATEST
24 HR. TOTAL 5.94 3.99 07/03 TO 07/03
STORM TOTAL 5.77 MM
(MM/DD(HH)) MM
SNOWFALL (INCHES)
RECORDS
TOTAL MM MM
24 HR TOTAL 18.5 MM
SNOW DEPTH 30 02/09/2013
TOTALS 34.0 33.6 0.4 14.6
LIQUID EQUIV 3.40 3.30 0.10 1.50
SINCE 7/1 0.2 6.5 -6.3 MM
LIQUID 7/1 0.02 0.60 -0.58 MM
SNOWDEPTH AVG. 1 0
DAYS >= TRACE 27 14.8 12.2 17
DAYS >= 1.0 5 9.1 -4.1 3
GREATEST
SNOW DEPTH 16 02/02 9 12/18
12/19
24 HR TOTAL 15.2 02/01 TO 02/01 9.4 12/16 TO 12/17
STORM TOTAL 15.2 9.4
(MM/DD(HH)) MM
DEGREE DAYS
HEATING TOTAL 4701 5140 -439 4621
SINCE 7/1 1511 1766 -255 MM
COOLING TOTAL 1101 955 146 1175
SINCE 1/1 1101 954 147 MM
................................................................
WIND (MPH)
AVERAGE WIND SPEED 8.5
RESULTANT WIND SPEED/DIRECTION 2/300
HIGHEST WIND SPEED/DIRECTION 40/310 DATE 03/01
HIGHEST GUST SPEED/DIRECTION 52/300 DATE 03/01
SKY COVER
POSSIBLE SUNSHINE (PERCENT) MM
AVERAGE SKY COVER 0.41
NUMBER OF DAYS FAIR 183
NUMBER OF DAYS PC 104
NUMBER OF DAYS CLOUDY 78
AVERAGE RH (PERCENT) 67
WEATHER CONDITIONS. NUMBER OF DAYS WITH
THUNDERSTORM 19 MIXED PRECIP 0
HEAVY RAIN 40 RAIN 63
LIGHT RAIN 143 FREEZING RAIN 0
LT FREEZING RAIN 4 HAIL 0
HEAVY SNOW 3 SNOW 6
LIGHT SNOW 20 SLEET 4
FOG 130 FOG W/VIS <= 1/4 MILE 16
HAZE 19
- INDICATES NEGATIVE NUMBERS.
R INDICATES RECORD WAS SET OR TIED.
MM INDICATES DATA IS MISSING.
T INDICATES TRACE AMOUNT.
$$