000
CXUS53 KIWX 010800
CF6BEH
PRELIMINARY LOCAL CLIMATOLOGICAL DATA (WS FORM: F-6)
STATION: BENTON HARBOR
MONTH: AUGUST
YEAR: 2020
LATITUDE: 42 7 N
LONGITUDE: 86 26 W
TEMPERATURE IN F: :PCPN: SNOW: WIND :SUNSHINE: SKY :PK WND
================================================================================
1 2 3 4 5 6A 6B 7 8 9 10 11 12 13 14 15 16 17 18
12Z AVG MX 2MIN
DY MAX MIN AVG DEP HDD CDD WTR SNW DPTH SPD SPD DIR MIN PSBL S-S WX SPD DR
================================================================================
1 79 63 71 -1 0 6 0.27 0.0 0 3.3 10 120 M M 4 1 13 120
2 80 64 72 0 0 7 0.59 0.0 0 4.8 20 280 M M 7 1 27 280
3 74 60 67 -5 0 2 0.00 0.0 0 4.7 12 320 M M 7 12 19 320
4 71 55 63 -9 2 0 0.00 0.0 0 4.6 13 310 M M 4 23 340
5 74 48 61 -11 4 0 0.00 0.0 0 3.3 14 280 M M 0 21 290
6 77 53 65 -7 0 0 0.00 0.0 0 2.0 10 280 M M 3 15 290
7 83 52 68 -4 0 3 0.00 0.0 0 1.7 12 290 M M 1 1 16 290
8 86 58 72 0 0 7 0.00 0.0 0 6.6 15 200 M M 1 25 210
9 90 68 79 7 0 14 0.14 0.0 0 6.2 17 320 M M 1 13 27 330
10 90 69 80 8 0 15 0.27 0.0 0 9.4 46 270 M M 4 13 66 260
11 79 58 69 -3 0 4 0.00 0.0 0 5.1 18 260 M M 4 1 25 270
12 85 54 70 -1 0 5 0.00 0.0 0 3.0 12 140 M M 0 1 18 170
13 88 56 72 1 0 7 0.00 0.0 0 4.0 15 120 M M 0 1 21 120
14 88 58 73 2 0 8 0.00 0.0 0 4.0 12 10 M M 0 1 21 10
15 84 62 73 2 0 8 0.00 0.0 0 3.8 12 310 M M 1 8 17 270
16 79 62 71 0 0 6 0.00 0.0 0 4.6 13 280 M M 3 24 340
17 80 57 69 -2 0 4 0.00 0.0 0 3.6 12 300 M M 3 17 320
18 76 56 66 -5 0 1 0.00 0.0 0 5.5 13 340 M M 2 25 330
19 77 49 63 -8 2 0 0.00 0.0 0 2.9 10 320 M M 0 17 330
20 82 54 68 -3 0 3 0.00 0.0 0 4.2 13 280 M M 0 17 290
21 83 57 70 -1 0 5 0.00 0.0 0 3.3 10 320 M M 0 1 17 260
22 86 58 72 1 0 7 0.00 0.0 0 3.6 14 280 M M 0 1 19 300
23 88 61 75 5 0 10 0.00 0.0 0 4.4 16 280 M M 0 18 23 270
24 92 66 79 9 0 14 0.00 0.0 0 4.0 15 240 M M 0 1 19 250
25 83 70 77 7 0 12 0.32 0.0 0 4.5 21 310 M M 3 138 35 320
26 91 66 79 9 0 14 0.00 0.0 0 8.2 20 240 M M 0 26 260
27 93 76 85 15 0 20 0.00 0.0 0 12.1 20 270 M M 1 30 270
28 91 69 80 10 0 15 0.49 0.0 0 9.4 21 300 M M 2 13 34 300
29 76 64 70 0 0 5 0.00 0.0 0 6.6 16 310 M M 4 3 26 320
30 75 55 65 -4 0 0 0.00 0.0 0 4.0 10 90 M M 2 17 330
31 83 58 71 2 0 6 0.00 0.0 0 5.2 15 210 M M 1 23 160
================================================================================
SM 2563 1856 8 208 2.08 0.0 152.6 M 58
================================================================================
AV 82.7 59.9 4.9 FASTST M M 2 MAX(MPH)
MISC ----> # 46 270 # 66 260
================================================================================
NOTES:
# LAST OF SEVERAL OCCURRENCES
COLUMN 17 PEAK WIND IN M.P.H.
PRELIMINARY LOCAL CLIMATOLOGICAL DATA (WS FORM: F-6) , PAGE 2
STATION: BENTON HARBOR
MONTH: AUGUST
YEAR: 2020
LATITUDE: 42 7 N
LONGITUDE: 86 26 W
[TEMPERATURE DATA] [PRECIPITATION DATA] SYMBOLS USED IN COLUMN 16
AVERAGE MONTHLY: 71.3 TOTAL FOR MONTH: 2.08 1 = FOG OR MIST
DPTR FM NORMAL: 0.3 DPTR FM NORMAL: -1.67 2 = FOG REDUCING VISIBILITY
HIGHEST: 93 ON 27 GRTST 24HR 0.59 ON 2- 2 TO 1/4 MILE OR LESS
LOWEST: 48 ON 5 3 = THUNDER
SNOW, ICE PELLETS, HAIL 4 = ICE PELLETS
TOTAL MONTH: 0.0 INCH 5 = HAIL
GRTST 24HR 0.0 6 = FREEZING RAIN OR DRIZZLE
GRTST DEPTH: 0 7 = DUSTSTORM OR SANDSTORM:
VSBY 1/2 MILE OR LESS
8 = SMOKE OR HAZE
[NO. OF DAYS WITH] [WEATHER - DAYS WITH] 9 = BLOWING SNOW
X = TORNADO
MAX 32 OR BELOW: 0 0.01 INCH OR MORE: 6
MAX 90 OR ABOVE: 6 0.10 INCH OR MORE: 6
MIN 32 OR BELOW: 0 0.50 INCH OR MORE: 1
MIN 0 OR BELOW: 0 1.00 INCH OR MORE: 0
[HDD (BASE 65) ]
TOTAL THIS MO. 8 CLEAR (SCALE 0-3) 22
DPTR FM NORMAL -12 PTCLDY (SCALE 4-7) 9
TOTAL FM JUL 1 8 CLOUDY (SCALE 8-10) 0
DPTR FM NORMAL -24
[CDD (BASE 65) ]
TOTAL THIS MO. 208
DPTR FM NORMAL 4 [PRESSURE DATA]
TOTAL FM JAN 1 756 HIGHEST SLP 30.18 ON 8
DPTR FM NORMAL 84 LOWEST SLP 29.59 ON 28
[REMARKS]
#FINAL-08-20#