000
CXAK56 PAFC 011027
CF6BET
PRELIMINARY LOCAL CLIMATOLOGICAL DATA (WS FORM: F-6)
STATION: BETHEL
MONTH: SEPTEMBER
YEAR: 2021
LATITUDE: 60 46 N
LONGITUDE: 161 48 W
TEMPERATURE IN F: :PCPN: SNOW: WIND :SUNSHINE: SKY :PK WND
================================================================================
1 2 3 4 5 6A 6B 7 8 9 10 11 12 13 14 15 16 17 18
12Z AVG MX 2MIN
DY MAX MIN AVG DEP HDD CDD WTR SNW DPTH SPD SPD DIR MIN PSBL S-S WX SPD DR
================================================================================
1 65 47 56 5 9 0 0.01 M M 6.3 9 10 M M 5 1 M M
2 65 47 56 5 9 0 T M M 3.5 12 10 M M 8 1 14 20
3 58 50 54 3 11 0 0.01 M M 8.8 14 290 M M 9 12 18 290
4 53 43 48 -2 17 0 T M M 12.0 18 320 M M 10 1 24 330
5 52 41 47 -3 18 0 T M M 8.9 16 180 M M 10 1 20 180
6 55 44 50 0 15 0 0.04 M M 12.7 25 200 M M 10 128 30 200
7 56 49 53 3 12 0 0.23 M M 11.5 21 190 M M 10 1 24 190
8 59 49 54 5 11 0 0.01 M M 5.8 10 150 M M 9 1 12 170
9 58 46 52 3 13 0 T M M 4.6 13 160 M M 5 2 16 160
10 53 41 47 -1 18 0 0.09 M M 16.1 28 220 M M 7 12 38 210
11 54 46 50 2 15 0 0.61 M M 18.7 30 160 M M 10 18 39 150
12 55 47 51 3 14 0 0.08 M M 11.6 22 70 M M 10 26 80
13 53 45 49 2 16 0 0.31 M M 9.3 21 160 M M 10 1 28 160
14 51 43 47 0 18 0 0.19 M M 15.9 29 220 M M 9 1 37 220
15 55 39 47 1 18 0 0.02 M M 7.6 13 30 M M 5 15 10
16 55 35 45 -1 20 0 0.00 M M 11.2 21 360 M M 1 27 360
17 49 37 43 -3 22 0 T M M 13.5 23 310 M M 7 28 320
18 46 33 40 -5 25 0 0.00 M M 5.1 9 340 M M 9 12 320
19 51 32 42 -3 23 0 0.01 M M 9.1 25 340 M M 5 18 31 340
20 44 30 37 -7 28 0 0.00 M M 15.3 21 360 M M 3 27 350
21 45 33 39 -5 26 0 0.15 M M 11.2 24 340 M M 6 1 28 340
22 39 32 36 -8 29 0 0.04 M M 12.8 24 10 M M 10 1 30 20
23 44 29 37 -6 28 0 0.00 M M 15.3 25 340 M M 4 32 330
24 41 27 34 -9 31 0 0.00 M M 5.5 13 300 M M 2 17 310
25 46 23 35 -7 30 0 0.00 M M 5.6 12 350 M M 0 12 15 350
26 47 29 38 -4 27 0 0.00 M M 5.1 13 240 M M 4 16 230
27 45 26 36 -5 29 0 0.00 M M 10.8 22 10 M M 2 1 27 10
28 47 28 38 -3 27 0 T M M 6.5 13 200 M M 3 12 16 180
29 45 24 35 -5 30 0 T M M 6.9 16 90 M M 8 126 22 90
30 39 31 35 -5 30 0 0.49 M M 15.5 28 20 M M 9 1 37 10
================================================================================
SM 1525 1126 619 0 2.29 M 302.7 M 200
================================================================================
AV 50.8 37.5 10.1 FASTST M M 7 MAX(MPH)
MISC ----> 30 160 39 150
================================================================================
NOTES:
# LAST OF SEVERAL OCCURRENCES
COLUMN 17 PEAK WIND IN M.P.H.
PRELIMINARY LOCAL CLIMATOLOGICAL DATA (WS FORM: F-6) , PAGE 2
STATION: BETHEL
MONTH: SEPTEMBER
YEAR: 2021
LATITUDE: 60 46 N
LONGITUDE: 161 48 W
[TEMPERATURE DATA] [PRECIPITATION DATA] SYMBOLS USED IN COLUMN 16
AVERAGE MONTHLY: 44.2 TOTAL FOR MONTH: 2.29 1 = FOG OR MIST
DPTR FM NORMAL: -1.9 DPTR FM NORMAL: -0.60 2 = FOG REDUCING VISIBILITY
HIGHEST: 65 ON 2, 1 GRTST 24HR 0.63 ON 10-11 TO 1/4 MILE OR LESS
LOWEST: 23 ON 25 3 = THUNDER
SNOW, ICE PELLETS, HAIL 4 = ICE PELLETS
TOTAL MONTH: M 5 = HAIL
GRTST 24HR M ON M 6 = FREEZING RAIN OR DRIZZLE
GRTST DEPTH: M ON M 7 = DUSTSTORM OR SANDSTORM:
VSBY 1/2 MILE OR LESS
8 = SMOKE OR HAZE
[NO. OF DAYS WITH] [WEATHER - DAYS WITH] 9 = BLOWING SNOW
X = TORNADO
MAX 32 OR BELOW: 0 0.01 INCH OR MORE: 15
MAX 90 OR ABOVE: 0 0.10 INCH OR MORE: 6
MIN 32 OR BELOW: 11 0.50 INCH OR MORE: 1
MIN 0 OR BELOW: 0 1.00 INCH OR MORE: 0
[HDD (BASE 65) ]
TOTAL THIS MO. 619 CLEAR (SCALE 0-3) 5
DPTR FM NORMAL 51 PTCLDY (SCALE 4-7) 12
TOTAL FM JUL 1 1305 CLOUDY (SCALE 8-10) 13
DPTR FM NORMAL 118
[CDD (BASE 65) ]
TOTAL THIS MO. 0
DPTR FM NORMAL 0 [PRESSURE DATA]
TOTAL FM JAN 1 3 HIGHEST SLP M ON M
DPTR FM NORMAL -3 LOWEST SLP 29.04 ON 30
[REMARKS]
#FINAL-09-21#