000
CXUS55 KCYS 031252 CCA
CF6BFF
PRELIMINARY LOCAL CLIMATOLOGICAL DATA (WS FORM: F-6)...CORRECTED
STATION: SCOTTSBLUFF NE AIRPORT
MONTH: FEBRUARY
YEAR: 2022
LATITUDE: 41 52 N
LONGITUDE: 103 36 W
TEMPERATURE IN F: :PCPN: SNOW: WIND :SUNSHINE: SKY :PK WND
================================================================================
1 2 3 4 5 6A 6B 7 8 9 10 11 12 13 14 15 16 17 18
12Z AVG MX 2MIN
DY MAX MIN AVG DEP HDD CDD WTR SNW DPTH SPD SPD DIR MIN PSBL S-S WX SPD DR
================================================================================
1 34 16 25 -4 40 0 0.01 0.1 T 10.1 17 30 M M 6 8 22 340
2 16 -6 5 -24 60 0 0.16 3.2 3 10.1 17 100 M M 8 18 22 90
3 22 -6 8 -21 57 0 0.00 0.0 3 6.8 14 120 M M 0 17 120
4 42 6 24 -5 41 0 0.00 0.0 1 8.7 18 260 M M 2 25 260
5 50 29 40 11 25 0 0.00 0.0 0 16.8 31 280 M M 1 43 280
6 46 23 35 6 30 0 0.00 0.0 0 11.8 23 320 M M 4 30 340
7 56 21 39 10 26 0 0.00 0.0 0 13.2 22 280 M M 0 31 280
8 52 28 40 11 25 0 0.00 0.0 0 14.5 33 320 M M 0 46 310
9 51 27 39 9 26 0 T 0.0 0 11.8 29 340 M M 5 37 350
10 58 26 42 12 23 0 0.00 0.0 0 13.1 32 280 M M 2 45 260
11 44 20 32 2 33 0 T T 0 19.7 40 340 M M 6 57 330
12 49 15 32 2 33 0 0.00 0.0 0 10.5 25 300 M M 6 39 300
13 60 18 39 9 26 0 0.00 0.0 0 8.4 23 310 M M 0 32 310
14 61 18 40 10 25 0 0.00 0.0 0 10.2 22 190 M M 0 28 190
15 62 23 43 13 22 0 0.00 0.0 0 6.5 29 30 M M 0 8 39 30
16 33 19 26 -5 39 0 0.14 1.5 1 9.3 20 50 M M 10 18 25 70
17 38 13 26 -5 39 0 T T 1 8.3 24 290 M M 5 35 300
18 51 23 37 6 28 0 0.00 0.0 0 14.2 29 280 M M 4 41 270
19 62 23 43 12 22 0 0.00 0.0 0 13.4 32 280 M M 0 46 270
20 63 35 49 17 16 0 0.00 0.0 0 13.6 30 260 M M 0 42 270
21 39 -2 19 -13 46 0 0.12 3.0 2 15.0 24 360 M M 8 8 31 360
22 4 -5 0 -32 65 0 0.02 0.2 2 10.6 22 350 M M 5 8 27 330
23 5 -4 1 -31 64 0 T T 2 14.5 22 120 M M 7 8 28 120
24 16 -1 8 -25 57 0 0.05 1.0 3 8.6 20 130 M M 5 8 25 120
25 30 -7 12 -21 53 0 0.00 0.0 1 2.3 8 50 M M 1 9 340
26 35 2 19 -14 46 0 0.00 0.0 0 7.9 21 300 M M 0 29 320
27 55 8 32 -2 33 0 0.00 0.0 0 10.3 23 290 M M 0 30 260
28 61 26 44 10 21 0 0.00 0.0 0 13.3 25 270 M M 0 35 300
================================================================================
SM 1195 388 1021 0 0.50 9.0 313.5 M 85
================================================================================
AV 42.7 13.9 11.2 FASTST M M 3 MAX(MPH)
MISC ----> 40 340 57 330
================================================================================
NOTES:
# LAST OF SEVERAL OCCURRENCES
COLUMN 17 PEAK WIND IN M.P.H.
PRELIMINARY LOCAL CLIMATOLOGICAL DATA (WS FORM: F-6) , PAGE 2
STATION: SCOTTSBLUFF NE AIRPORT
MONTH: FEBRUARY
YEAR: 2022
LATITUDE: 41 52 N
LONGITUDE: 103 36 W
[TEMPERATURE DATA] [PRECIPITATION DATA] SYMBOLS USED IN COLUMN 16
AVERAGE MONTHLY: 28.3 TOTAL FOR MONTH: 0.50 1 = FOG OR MIST
DPTR FM NORMAL: -2.5 DPTR FM NORMAL: -0.06 2 = FOG REDUCING VISIBILITY
HIGHEST: 63 ON 20 GRTST 24HR 0.16 ON 1- 2 TO 1/4 MILE OR LESS
LOWEST: -7 ON 25 3 = THUNDER
SNOW, ICE PELLETS, HAIL 4 = ICE PELLETS
TOTAL MONTH: 9.0 INCHES 5 = HAIL
GRTST 24HR 3.2 ON 2- 2 6 = FREEZING RAIN OR DRIZZLE
GRTST DEPTH: 3 ON 24, 3 7 = DUSTSTORM OR SANDSTORM:
VSBY 1/2 MILE OR LESS
8 = SMOKE OR HAZE
[NO. OF DAYS WITH] [WEATHER - DAYS WITH] 9 = BLOWING SNOW
X = TORNADO
MAX 32 OR BELOW: 6 0.01 INCH OR MORE: 6
MAX 90 OR ABOVE: 0 0.10 INCH OR MORE: 3
MIN 32 OR BELOW: 27 0.50 INCH OR MORE: 0
MIN 0 OR BELOW: 7 1.00 INCH OR MORE: 0
[HDD (BASE 65) ]
TOTAL THIS MO. 1021 CLEAR (SCALE 0-3) 15
DPTR FM NORMAL 64 PTCLDY (SCALE 4-7) 11
TOTAL FM JUL 1 4132 CLOUDY (SCALE 8-10) 2
DPTR FM NORMAL -577
[CDD (BASE 65) ]
TOTAL THIS MO. 0
DPTR FM NORMAL 0 [PRESSURE DATA]
TOTAL FM JAN 1 0 HIGHEST SLP 30.72 ON 22
DPTR FM NORMAL 0 LOWEST SLP 29.54 ON 21
[REMARKS]
FEBRUARY 22...TIED RECORD LOW HIGH 4 DEGREES PREVIOUSLY SET IN 1899
FEBRUARY 23...RECORD LOW HIGH 5 DEGREES (PREVIOUS 8 DEGREES IN 2003)
#FINAL-02-22#