000
CXUS54 KAMA 010710
CF6BGD
PRELIMINARY LOCAL CLIMATOLOGICAL DATA (WS FORM: F-6)
STATION: BORGER
MONTH: MARCH
YEAR: 2022
LATITUDE: 35 42 N
LONGITUDE: 101 24 W
TEMPERATURE IN F: :PCPN: SNOW: WIND :SUNSHINE: SKY :PK WND
================================================================================
1 2 3 4 5 6A 6B 7 8 9 10 11 12 13 14 15 16 17 18
12Z AVG MX 2MIN
DY MAX MIN AVG DEP HDD CDD WTR SNW DPTH SPD SPD DIR MIN PSBL S-S WX SPD DR
================================================================================
1 77 28 53 7 12 0 0.00 M M 6.4 13 170 M M 0 18 170
2 79 33 56 9 9 0 0.00 M M 5.9 13 160 M M 0 18 150
3 82 34 58 11 7 0 0.00 M M 7.8 17 180 M M 0 26 160
4 82 55 69 22 0 4 0.00 M M 15.0 28 200 M M 1 46 230
5 72 40 56 8 9 0 0.00 M M 18.9 32 240 M M 0 43 250
6 40 25 33 -15 32 0 0.02 M M 11.7 24 40 M M 3 6 34 40
7 46 20 33 -15 32 0 0.00 M M 7.8 17 30 M M 1 25 30
8 48 24 36 -13 29 0 0.00 M M 5.4 13 300 M M 2 21 280
9 61 24 43 -6 22 0 0.00 M M 13.4 26 150 M M 1 44 180
10 45 18 32 -18 33 0 T M M 14.9 25 360 M M 9 1 36 10
11 41 19 30 -20 35 0 0.05 M M 9.9 20 20 M M 4 1 27 30
12 63 19 41 -9 24 0 0.00 M M 9.4 21 230 M M 0 30 250
13 78 39 59 8 6 0 0.00 M M 15.2 28 180 M M 0 51 190
14 61 44 53 2 12 0 0.00 M M 16.1 33 360 M M 4 55 10
15 73 31 52 1 13 0 0.00 M M 9.6 23 170 M M 0 33 160
16 80 48 64 12 1 0 0.00 M M 10.4 22 170 M M 0 33 180
17 57 37 47 -5 18 0 0.01 M M 19.9 44 20 M M 4 63 20
18 61 32 47 -5 18 0 0.00 M M 9.7 28 350 M M 2 40 360
19 73 33 53 0 12 0 0.00 M M 5.3 15 240 M M 0 22 230
20 81 48 65 12 0 0 0.00 M M 17.3 31 170 M M 0 48 180
21 64 36 50 -3 15 0 0.40 M M 15.2 35 340 M M 7 1 49 160
22 52 36 44 -10 21 0 0.02 M M 21.5 36 330 M M 7 1 53 340
23 50 36 43 -11 22 0 T M M 13.5 31 350 M M 4 44 340
24 74 33 54 0 11 0 0.00 M M 8.8 21 320 M M 0 32 330
25 72 41 57 2 8 0 0.00 M M 8.5 18 30 M M 0 28 20
26 81 40 61 6 4 0 0.00 M M 10.4 21 140 M M 0 29 150
27 74 42 58 3 7 0 0.00 M M 8.9 21 50 M M 0 31 120
28 88 40 64 9 1 0 0.00 M M 7.1 18 220 M M 0 27 150
29 82 55 69 13 0 4 0.00 M M 22.1 40 220 M M 1 59 220
30 58 37 48 -8 17 0 T M M 17.6 31 340 M M 8 50 350
31 67 34 51 -5 14 0 0.00 M M 7.6 13 150 M M 1 21 240
================================================================================
SM 2062 1081 444 8 0.50 M 371.2 M 59
================================================================================
AV 66.5 34.9 12.0 FASTST M M 2 MAX(MPH)
MISC ----> 44 20 63 20
================================================================================
NOTES:
# LAST OF SEVERAL OCCURRENCES
COLUMN 17 PEAK WIND IN M.P.H.
PRELIMINARY LOCAL CLIMATOLOGICAL DATA (WS FORM: F-6) , PAGE 2
STATION: BORGER
MONTH: MARCH
YEAR: 2022
LATITUDE: 35 42 N
LONGITUDE: 101 24 W
[TEMPERATURE DATA] [PRECIPITATION DATA] SYMBOLS USED IN COLUMN 16
AVERAGE MONTHLY: 50.7 TOTAL FOR MONTH: 0.50 1 = FOG OR MIST
DPTR FM NORMAL: -0.8 DPTR FM NORMAL: -0.63 2 = FOG REDUCING VISIBILITY
HIGHEST: 88 ON 28 GRTST 24HR 0.42 ON 21-22 TO 1/4 MILE OR LESS
LOWEST: 18 ON 10 3 = THUNDER
SNOW, ICE PELLETS, HAIL 4 = ICE PELLETS
TOTAL MONTH: M 5 = HAIL
GRTST 24HR M ON M 6 = FREEZING RAIN OR DRIZZLE
GRTST DEPTH: M ON M 7 = DUSTSTORM OR SANDSTORM:
VSBY 1/2 MILE OR LESS
8 = SMOKE OR HAZE
[NO. OF DAYS WITH] [WEATHER - DAYS WITH] 9 = BLOWING SNOW
X = TORNADO
MAX 32 OR BELOW: 0 0.01 INCH OR MORE: 5
MAX 90 OR ABOVE: 0 0.10 INCH OR MORE: 1
MIN 32 OR BELOW: 10 0.50 INCH OR MORE: 0
MIN 0 OR BELOW: 0 1.00 INCH OR MORE: 0
[HDD (BASE 65) ]
TOTAL THIS MO. 444 CLEAR (SCALE 0-3) 23
DPTR FM NORMAL 13 PTCLDY (SCALE 4-7) 7
TOTAL FM JUL 1 2798 CLOUDY (SCALE 8-10) 1
DPTR FM NORMAL -463
[CDD (BASE 65) ]
TOTAL THIS MO. 8
DPTR FM NORMAL -4 [PRESSURE DATA]
TOTAL FM JAN 1 8 HIGHEST SLP M ON M
DPTR FM NORMAL -5 LOWEST SLP 29.26 ON 29
[REMARKS]
#FINAL-03-22#