000
CXUS51 KBGM 010834
CLSBGM
CLIMATE REPORT
NATIONAL WEATHER SERVICE BINGHAMTON, NY
434 AM EDT THU JUN 01 2023
...................................
...THE BINGHAMTON NY CLIMATE SUMMARY FOR THE SEASON, FROM
3/1/2023 TO 5/31/2023...
CLIMATE NORMAL PERIOD 1991 TO 2020
CLIMATE RECORD PERIOD 1951 TO 2023
WEATHER OBSERVED NORMAL DEPART LAST YEAR`S
VALUE DATE(S) VALUE FROM VALUE DATE(S)
NORMAL
................................................................
TEMPERATURE (F)
RECORD
HIGH 89 04/27/2009
05/20/1996
05/07/1982
LOW -7 03/19/1993
HIGHEST 86 04/13 53 33 86 05/31
LOWEST 17 03/12 35 -18 7 03/04
03/19
AVG. MAXIMUM 56.8 53.7 3.1 55.4
AVG. MINIMUM 36.7 35.0 1.7 36.3
MEAN 46.8 44.4 2.4 45.9
DAYS MAX >= 90 0 0.0 0.0 0
DAYS MAX <= 32 7 8.1 -1.1 8
DAYS MIN <= 32 34 36.7 -2.7 36
DAYS MIN <= 0 0 0.3 -0.3 0
PRECIPITATION (INCHES)
RECORD
MAXIMUM 19.93 2011
MINIMUM 5.07 1969
TOTALS 7.69 10.46 -2.77 11.57
DAILY AVG. 0.08 0.11 -0.03 0.12
DAYS >= .01 35 43.1 -8.1 43
DAYS >= .10 20 23.8 -3.8 23
DAYS >= .50 1 6.5 -5.5 7
DAYS >= 1.00 1 1.4 -0.4 2
GREATEST
24 HR. TOTAL 2.39 04/30 TO 05/01 1.59 04/18 TO 04/19
SNOWFALL (INCHES)
RECORDS
TOTAL 54.1 1993
24 HR TOTAL 31.3 03/14/2017 TO 03/15/2017
SNOW DEPTH 35 03/15/1993
TOTALS 16.2 20.3 -4.1 36.9
SINCE 7/1 61.5 86.5 -25.0 81.8
SNOWDEPTH AVG. 0 1
DAYS >= TRACE 23 14.3 8.7 26
DAYS >= 1.0 6 4.9 1.1 4
GREATEST
SNOW DEPTH 8 03/14 14 04/19
03/15
24 HR TOTAL 5.0 03/10 TO 03/11 14.2 04/18 TO 04/19
DEGREE DAYS
HEATING TOTAL 1701 1923 -222 1768
SINCE 7/1 6208 7074 -866 6604
COOLING TOTAL 41 25 16 36
SINCE 1/1 41 25 16 36
FREEZE DATES
RECORD
EARLIEST 09/20/1993
LATEST 05/25/1956
EARLIEST 10/18
LATEST 04/29
................................................................
WIND (MPH)
AVERAGE WIND SPEED 8.7
RESULTANT WIND SPEED/DIRECTION 3/300
HIGHEST WIND SPEED/DIRECTION 36/280 DATE 04/01
HIGHEST GUST SPEED/DIRECTION 38/240 DATE 05/01
SKY COVER
POSSIBLE SUNSHINE (PERCENT) MM
AVERAGE SKY COVER 0.47
NUMBER OF DAYS FAIR 37
NUMBER OF DAYS PC 31
NUMBER OF DAYS CLOUDY 24
AVERAGE RH (PERCENT) 62
WEATHER CONDITIONS. NUMBER OF DAYS WITH
THUNDERSTORM 3 MIXED PRECIP 0
HEAVY RAIN 4 RAIN 12
LIGHT RAIN 31 FREEZING RAIN 3
LT FREEZING RAIN 2 HAIL 0
HEAVY SNOW 2 SNOW 5
LIGHT SNOW 18 SLEET 0
FOG 38 FOG W/VIS <= 1/4 MILE 5
HAZE 7
- INDICATES NEGATIVE NUMBERS.
R INDICATES RECORD WAS SET OR TIED.
MM INDICATES DATA IS MISSING.
T INDICATES TRACE AMOUNT.
&&
10TH WARMEST MARCH TO MAY
$$
BJT