000
CXUS51 KCAR 010700
CF6BGR
PRELIMINARY LOCAL CLIMATOLOGICAL DATA (WS FORM: F-6)
STATION: BANGOR ME
MONTH: NOVEMBER
YEAR: 2022
LATITUDE: 44 47 N
LONGITUDE: 68 49 W
TEMPERATURE IN F: :PCPN: SNOW: WIND :SUNSHINE: SKY :PK WND
================================================================================
1 2 3 4 5 6A 6B 7 8 9 10 11 12 13 14 15 16 17 18
12Z AVG MX 2MIN
DY MAX MIN AVG DEP HDD CDD WTR SNW DPTH SPD SPD DIR MIN PSBL S-S WX SPD DR
================================================================================
1 67 47 57 14 8 0 0.00 0.0 0 2.2 14 310 M M 8 12 19 290
2 62 36 49 7 16 0 0.00 0.0 0 7.2 20 320 M M 1 25 330
3 60 29 45 3 20 0 0.00 0.0 0 5.7 14 190 M M 2 19 190
4 68 37 53 11 12 0 0.00 0.0 0 5.8 14 180 M M 2 1 17 180
5 73 52 63 22 2 0 0.00 0.0 0 9.4 18 200 M M 3 28 180
6 74 62 68 27 0 3 0.01 0.0 0 12.6 24 190 M M 7 37 190
7 73 48 61 20 4 0 0.09 0.0 0 11.7 25 310 M M 5 1 38 300
8 48 34 41 1 24 0 0.00 0.0 0 15.5 32 330 M M 1 44 330
9 48 26 37 -3 28 0 0.00 0.0 0 5.8 13 190 M M 3 19 200
10 63 44 54 14 11 0 0.00 0.0 0 8.1 16 170 M M 5 20 170
11 64 45 55 16 10 0 0.53 0.0 0 6.9 15 150 M M 7 1 21 200
12 68 47 58 19 7 0 1.15 0.0 0 12.4 28 190 M M 8 1 39 180
13 47 37 42 4 23 0 0.92 0.0 0 9.0 21 310 M M 10 1 30 320
14 38 30 34 -4 31 0 T 0.0 0 12.6 28 320 M M 6 39 300
15 39 27 33 -5 32 0 0.00 0.0 0 4.4 13 320 M M 5 16 330
16 34 30 32 -5 33 0 0.28 1.0 0 10.4 22 330 M M 10 146 30 330
17 38 26 32 -5 33 0 0.00 0.0 T 6.2 22 280 M M 6 29 250
18 38 24 31 -5 34 0 0.00 0.0 0 4.9 14 250 M M 5 27 240
19 40 20 30 -6 35 0 0.00 0.0 0 2.5 13 170 M M 3 16 170
20 37 22 30 -6 35 0 T T 0 9.2 22 280 M M 7 40 270
21 34 17 26 -9 39 0 0.00 0.0 0 9.4 21 280 M M 4 34 290
22 39 25 32 -3 33 0 T T 0 6.7 18 320 M M 4 26 300
23 40 21 31 -3 34 0 0.00 0.0 0 6.8 22 320 M M 6 32 320
24 36 16 26 -8 39 0 0.00 0.0 0 2.6 12 280 M M 4 15 280
25 45 24 35 1 30 0 0.31 0.0 0 3.0 15 300 M M 9 1 25 300
26 42 25 34 1 31 0 T T 0 11.2 33 320 M M 5 44 320
27 53 23 38 5 27 0 0.33 0.0 0 2.6 10 170 M M 6 1 15 180
28 45 34 40 8 25 0 0.39 0.0 0 11.2 23 320 M M 9 1 30 320
29 37 22 30 -2 35 0 0.00 0.0 0 4.7 15 330 M M 5 19 330
30 56 20 38 6 27 0 1.27 0.0 0 11.8 33 160 M M 9 18 53 150
================================================================================
SM 1506 950 718 3 5.28 1.0 232.5 M 165
================================================================================
AV 50.2 31.7 7.7 FASTST M M 6 MAX(MPH)
MISC ----> # 33 320 53 150
================================================================================
NOTES:
# LAST OF SEVERAL OCCURRENCES
COLUMN 17 PEAK WIND IN M.P.H.
PRELIMINARY LOCAL CLIMATOLOGICAL DATA (WS FORM: F-6) , PAGE 2
STATION: BANGOR ME
MONTH: NOVEMBER
YEAR: 2022
LATITUDE: 44 47 N
LONGITUDE: 68 49 W
[TEMPERATURE DATA] [PRECIPITATION DATA] SYMBOLS USED IN COLUMN 16
AVERAGE MONTHLY: 40.9 TOTAL FOR MONTH: 5.28 1 = FOG OR MIST
DPTR FM NORMAL: 3.6 DPTR FM NORMAL: 1.44 2 = FOG REDUCING VISIBILITY
HIGHEST: 74 ON 6 GRTST 24HR 1.68 ON 11-12 TO 1/4 MILE OR LESS
LOWEST: 16 ON 24 3 = THUNDER
SNOW, ICE PELLETS, HAIL 4 = ICE PELLETS
TOTAL MONTH: 1.0 INCH 5 = HAIL
GRTST 24HR 1.0 ON 16-16 6 = FREEZING RAIN OR DRIZZLE
GRTST DEPTH: T 7 = DUSTSTORM OR SANDSTORM:
VSBY 1/2 MILE OR LESS
8 = SMOKE OR HAZE
[NO. OF DAYS WITH] [WEATHER - DAYS WITH] 9 = BLOWING SNOW
X = TORNADO
MAX 32 OR BELOW: 0 0.01 INCH OR MORE: 10
MAX 90 OR ABOVE: 0 0.10 INCH OR MORE: 8
MIN 32 OR BELOW: 18 0.50 INCH OR MORE: 4
MIN 0 OR BELOW: 0 1.00 INCH OR MORE: 2
[HDD (BASE 65) ]
TOTAL THIS MO. 718 CLEAR (SCALE 0-3) 6
DPTR FM NORMAL -113 PTCLDY (SCALE 4-7) 19
TOTAL FM JUL 1 1298 CLOUDY (SCALE 8-10) 5
DPTR FM NORMAL -282
[CDD (BASE 65) ]
TOTAL THIS MO. 3
DPTR FM NORMAL 3 [PRESSURE DATA]
TOTAL FM JAN 1 488 HIGHEST SLP 30.65 ON 9
DPTR FM NORMAL 109 LOWEST SLP 29.14 ON 28
[REMARKS]
#FINAL-11-22#