000
CXUS51 KCAR 010700
CF6BGR
PRELIMINARY LOCAL CLIMATOLOGICAL DATA (WS FORM: F-6)
STATION: BANGOR ME
MONTH: MARCH
YEAR: 2022
LATITUDE: 44 47 N
LONGITUDE: 68 49 W
TEMPERATURE IN F: :PCPN: SNOW: WIND :SUNSHINE: SKY :PK WND
================================================================================
1 2 3 4 5 6A 6B 7 8 9 10 11 12 13 14 15 16 17 18
12Z AVG MX 2MIN
DY MAX MIN AVG DEP HDD CDD WTR SNW DPTH SPD SPD DIR MIN PSBL S-S WX SPD DR
================================================================================
1 33 -4 15 -10 50 0 0.07 0.9 5 5.8 17 170 M M 7 1 23 180
2 33 7 20 -6 45 0 0.04 1.2 7 8.3 21 330 M M 6 1 26 320
3 29 8 19 -7 46 0 0.11 1.6 7 11.6 28 320 M M 6 1 39 330
4 24 -1 12 -14 53 0 0.00 0.0 7 6.0 16 310 M M 2 23 320
5 37 -5 16 -11 49 0 0.00 0.0 7 4.2 16 310 M M 3 22 320
6 43 29 36 9 29 0 0.17 0.4 5 5.3 14 160 M M 8 124 17 160
7 45 31 38 11 27 0 0.48 0.0 3 5.1 22 20 M M 9 1 25 20
8 40 25 33 5 32 0 T 0.0 0 13.9 29 320 M M 4 1 41 320
9 33 20 27 -1 38 0 0.00 0.0 0 3.1 13 160 M M 8 18 150
10 48 24 36 8 29 0 0.00 0.0 0 4.6 15 240 M M 4 21 240
11 47 24 36 7 29 0 0.00 0.0 0 5.2 14 180 M M 6 18 170
12 41 26 34 5 31 0 0.60 0.3 0 12.2 32 320 M M 10 149 41 300
13 30 19 25 -5 40 0 T T T 11.7 28 310 M M 6 9 41 290
14 41 18 30 0 35 0 0.00 0.0 T 5.8 16 250 M M 6 25 270
15 47 29 38 8 27 0 T T 0 5.3 16 340 M M 8 1 24 300
16 47 32 40 10 25 0 0.05 0.6 1 6.5 15 200 M M 8 1 19 200
17 48 37 43 12 22 0 0.00 0.0 0 12.3 23 180 M M 10 12 29 180
18 66 36 51 20 14 0 T 0.0 0 3.7 16 20 M M 8 12 21 20
19 47 36 42 10 23 0 0.71 0.0 0 10.3 22 120 M M 10 1 29 140
20 52 34 43 11 22 0 0.06 0.0 0 6.2 16 330 M M 10 1 20 320
21 45 33 39 7 26 0 0.02 T 0 12.9 30 340 M M 8 37 320
22 41 30 36 3 29 0 0.00 0.0 0 18.7 35 330 M M 4 42 320
23 50 25 38 5 27 0 0.00 0.0 0 7.2 21 350 M M 1 26 350
24 38 25 32 -1 33 0 0.14 T 0 5.7 17 150 M M 9 14 23 150
25 48 34 41 7 24 0 0.51 T 0 7.6 20 30 M M 9 1 25 20
26 51 34 43 9 22 0 0.00 0.0 0 4.2 13 230 M M 8 18 280
27 51 27 39 4 26 0 T 0.0 0 6.6 21 320 M M 8 24 320
28 35 19 27 -8 38 0 0.01 T T 15.5 25 320 M M 9 1 32 320
29 34 18 26 -9 39 0 T T 0 16.7 28 320 M M 4 37 320
30 49 23 36 0 29 0 0.00 0.0 0 10.0 22 320 M M 4 28 310
31 52 34 43 7 22 0 0.27 T 0 7.2 17 180 M M 10 128 22 170
================================================================================
SM 1325 727 981 0 3.24 5.0 259.4 M 213
================================================================================
AV 42.7 23.5 8.4 FASTST M M 7 MAX(MPH)
MISC ----> 35 330 42 320
================================================================================
NOTES:
# LAST OF SEVERAL OCCURRENCES
COLUMN 17 PEAK WIND IN M.P.H.
PRELIMINARY LOCAL CLIMATOLOGICAL DATA (WS FORM: F-6) , PAGE 2
STATION: BANGOR ME
MONTH: MARCH
YEAR: 2022
LATITUDE: 44 47 N
LONGITUDE: 68 49 W
[TEMPERATURE DATA] [PRECIPITATION DATA] SYMBOLS USED IN COLUMN 16
AVERAGE MONTHLY: 33.1 TOTAL FOR MONTH: 3.24 1 = FOG OR MIST
DPTR FM NORMAL: 2.5 DPTR FM NORMAL: 0.02 2 = FOG REDUCING VISIBILITY
HIGHEST: 66 ON 18 GRTST 24HR 0.72 ON 19-20 TO 1/4 MILE OR LESS
LOWEST: -5 ON 5 3 = THUNDER
SNOW, ICE PELLETS, HAIL 4 = ICE PELLETS
TOTAL MONTH: 5.0 INCHES 5 = HAIL
GRTST 24HR 1.6 ON 3- 3 6 = FREEZING RAIN OR DRIZZLE
GRTST DEPTH: 7 ON 5, 4 7 = DUSTSTORM OR SANDSTORM:
VSBY 1/2 MILE OR LESS
8 = SMOKE OR HAZE
[NO. OF DAYS WITH] [WEATHER - DAYS WITH] 9 = BLOWING SNOW
X = TORNADO
MAX 32 OR BELOW: 3 0.01 INCH OR MORE: 14
MAX 90 OR ABOVE: 0 0.10 INCH OR MORE: 8
MIN 32 OR BELOW: 23 0.50 INCH OR MORE: 3
MIN 0 OR BELOW: 3 1.00 INCH OR MORE: 0
[HDD (BASE 65) ]
TOTAL THIS MO. 981 CLEAR (SCALE 0-3) 2
DPTR FM NORMAL -85 PTCLDY (SCALE 4-7) 19
TOTAL FM JUL 1 6182 CLOUDY (SCALE 8-10) 10
DPTR FM NORMAL -348
[CDD (BASE 65) ]
TOTAL THIS MO. 0
DPTR FM NORMAL 0 [PRESSURE DATA]
TOTAL FM JAN 1 0 HIGHEST SLP 30.46 ON 4
DPTR FM NORMAL 0 LOWEST SLP 28.91 ON 12
[REMARKS]
#FINAL-03-22#