000
CXUS51 KCAR 010600
CF6BGR
PRELIMINARY LOCAL CLIMATOLOGICAL DATA (WS FORM: F-6)
STATION: BANGOR ME
MONTH: NOVEMBER
YEAR: 2020
LATITUDE: 44 47 N
LONGITUDE: 68 49 W
TEMPERATURE IN F: :PCPN: SNOW: WIND :SUNSHINE: SKY :PK WND
================================================================================
1 2 3 4 5 6A 6B 7 8 9 10 11 12 13 14 15 16 17 18
12Z AVG MX 2MIN
DY MAX MIN AVG DEP HDD CDD WTR SNW DPTH SPD SPD DIR MIN PSBL S-S WX SPD DR
================================================================================
1 52 27 40 -2 25 0 0.32 T 0 7.3 18 160 M M 9 1 24 180
2 48 28 38 -4 27 0 0.35 T 0 11.5 25 290 M M 8 1 43 280
3 34 22 28 -13 37 0 0.15 1.8 2 9.3 24 330 M M 6 1 30 330
4 39 21 30 -11 35 0 0.00 0.0 1 3.3 15 180 M M 8 18 180
5 60 39 50 9 15 0 0.00 0.0 0 8.0 18 170 M M 6 22 180
6 63 48 56 16 9 0 0.00 0.0 0 7.5 15 190 M M 6 19 180
7 71 46 59 19 6 0 0.00 0.0 0 3.5 12 270 M M 8 16 290
8 60 42 51 11 14 0 0.00 0.0 0 5.8 13 190 M M 7 1 17 160
9 68 47 58 19 7 0 0.00 0.0 0 5.4 9 200 M M 5 12 12 200
10 72 43 58 19 7 0 0.00 0.0 0 6.9 15 190 M M 2 18 190
11 68 45 57 18 8 0 T 0.0 0 9.6 17 180 M M 6 1 23 190
12 66 37 52 14 13 0 0.02 0.0 0 9.6 24 330 M M 9 1 27 320
13 42 27 35 -3 30 0 0.17 0.0 0 5.3 12 40 M M 7 1 13 30
14 49 33 41 3 24 0 0.00 0.0 0 7.3 18 310 M M 6 1 23 310
15 47 23 35 -2 30 0 0.08 0.0 0 7.7 26 130 M M 7 1 34 130
16 54 39 47 10 18 0 0.38 0.0 0 9.5 31 180 M M 7 1 43 210
17 43 30 37 1 28 0 T 0.0 0 7.6 16 310 M M 7 23 320
18 31 22 27 -9 38 0 T T 0 12.2 25 320 M M 6 32 320
19 38 17 28 -8 37 0 0.00 0.0 0 7.5 16 200 M M 7 21 200
20 50 38 44 9 21 0 T 0.0 0 4.2 10 200 M M 9 14 200
21 53 30 42 7 23 0 0.00 0.0 0 9.3 24 320 M M 4 29 320
22 38 17 28 -7 37 0 0.00 0.0 0 3.7 10 30 M M 5 12 310
23 57 35 46 12 19 0 1.59 0.0 0 9.8 23 170 M M 10 138 32 300
24 35 17 26 -8 39 0 0.00 0.0 0 15.0 30 320 M M 4 37 320
25 36 17 27 -7 38 0 0.17 0.9 0 3.7 8 350 M M 9 1 10 170
26 37 31 34 1 31 0 0.44 0.0 T 2.7 8 320 M M 10 126 11 320
27 49 32 41 8 24 0 0.01 0.0 0 1.2 8 40 M M 9 12 10 50
28 43 36 40 8 25 0 T 0.0 0 2.4 8 260 M M 10 12 11 280
29 48 27 38 6 27 0 0.00 0.0 0 3.2 12 250 M M 6 12 16 260
30 58 26 42 11 23 0 1.54 0.0 0 10.5 37 160 M M 8 1 58 160
================================================================================
SM 1509 942 715 0 5.22 2.7 210.5 M 211
================================================================================
AV 50.3 31.4 7.0 FASTST M M 7 MAX(MPH)
MISC ----> 37 160 58 160
================================================================================
NOTES:
# LAST OF SEVERAL OCCURRENCES
COLUMN 17 PEAK WIND IN M.P.H.
PRELIMINARY LOCAL CLIMATOLOGICAL DATA (WS FORM: F-6) , PAGE 2
STATION: BANGOR ME
MONTH: NOVEMBER
YEAR: 2020
LATITUDE: 44 47 N
LONGITUDE: 68 49 W
[TEMPERATURE DATA] [PRECIPITATION DATA] SYMBOLS USED IN COLUMN 16
AVERAGE MONTHLY: 40.9 TOTAL FOR MONTH: 5.22 1 = FOG OR MIST
DPTR FM NORMAL: 3.9 DPTR FM NORMAL: 1.02 2 = FOG REDUCING VISIBILITY
HIGHEST: 72 ON 10 GRTST 24HR 1.59 ON 23-23 TO 1/4 MILE OR LESS
LOWEST: 17 ON 25,24 3 = THUNDER
SNOW, ICE PELLETS, HAIL 4 = ICE PELLETS
TOTAL MONTH: 2.7 INCHES 5 = HAIL
GRTST 24HR 1.8 ON 3- 3 6 = FREEZING RAIN OR DRIZZLE
GRTST DEPTH: 2 ON 3 7 = DUSTSTORM OR SANDSTORM:
VSBY 1/2 MILE OR LESS
8 = SMOKE OR HAZE
[NO. OF DAYS WITH] [WEATHER - DAYS WITH] 9 = BLOWING SNOW
X = TORNADO
MAX 32 OR BELOW: 1 0.01 INCH OR MORE: 12
MAX 90 OR ABOVE: 0 0.10 INCH OR MORE: 9
MIN 32 OR BELOW: 17 0.50 INCH OR MORE: 2
MIN 0 OR BELOW: 0 1.00 INCH OR MORE: 2
[HDD (BASE 65) ]
TOTAL THIS MO. 715 CLEAR (SCALE 0-3) 1
DPTR FM NORMAL -128 PTCLDY (SCALE 4-7) 18
TOTAL FM JUL 1 1479 CLOUDY (SCALE 8-10) 11
DPTR FM NORMAL -189
[CDD (BASE 65) ]
TOTAL THIS MO. 0
DPTR FM NORMAL 0 [PRESSURE DATA]
TOTAL FM JAN 1 523 HIGHEST SLP M ON M
DPTR FM NORMAL 205 LOWEST SLP 29.23 ON 2
[REMARKS]
#FINAL-11-20#