000
CXUS55 KVEF 011705
CLMBIH
CLIMATE REPORT
NATIONAL WEATHER SERVICE LAS VEGAS, NV
1005 AM PDT MON MAY 01 2023
...................................
...THE BISHOP CA CLIMATE SUMMARY FOR THE MONTH OF APRIL 2023...
CLIMATE NORMAL PERIOD: 1991 TO 2020
CLIMATE RECORD PERIOD: 1943 TO 2023
WEATHER OBSERVED NORMAL DEPART LAST YEAR`S
VALUE DATE(S) VALUE FROM VALUE DATE(S)
NORMAL
................................................................
TEMPERATURE (F)
RECORD
HIGH 94 04/28/2020
LOW 15 04/09/1953
HIGHEST 89 04/29 MM MM 87 04/08
LOWEST 21 04/05 MM MM 20 04/13
AVG. MAXIMUM 74.1 73.7 0.4 76.5
AVG. MINIMUM 35.8 36.7 -0.9 36.2
MEAN 54.9 55.2 -0.3 56.4
DAYS MAX >= 90 0 0.5 -0.5 0
DAYS MAX <= 32 0 0.0 0.0 0
DAYS MIN <= 32 8 8.3 -0.3 11
DAYS MIN <= 0 0 0.0 0.0 0
PRECIPITATION (INCHES)
RECORD
MAXIMUM 2.26 1956
MINIMUM 0.00 2008
TOTALS 0.00R 0.22 -0.22 T
DAILY AVG. 0.00 0.01 -0.01 T
DAYS >= .01 0 1.7 -1.7 0
DAYS >= .10 0 0.7 -0.7 0
DAYS >= .50 0 0.1 -0.1 0
DAYS >= 1.00 0 0.0 0.0 0
GREATEST
24 HR. TOTAL MM
SNOWFALL (INCHES)
RECORDS
TOTAL 8.8 1956
24 HR TOTAL 8.8
TOTALS 0.0 MM MM 0.0
SINCE 7/1 2.5
SNOWDEPTH AVG. 0
DAYS >= TRACE 0
DAYS >= 1.0 0
GREATEST
SNOW DEPTH 0
24 HR TOTAL 0.0
STORM TOTAL 0.0
DEGREE DAYS
HEATING TOTAL 299 298 1 255
SINCE 7/1 4392 3872 520 MM
COOLING TOTAL 4 4 0 2
SINCE 1/1 4 4 0 MM
FREEZE DATES
RECORD
EARLIEST 09/11/1952
LATEST 06/16/1944
EARLIEST 10/24
LATEST 05/12
................................................................
WIND (MPH)
AVERAGE WIND SPEED 8.6
HIGHEST WIND SPEED/DIRECTION 39/360 DATE 04/13
HIGHEST GUST SPEED/DIRECTION 54/230 DATE 04/02
SKY COVER
POSSIBLE SUNSHINE (PERCENT) MM
AVERAGE SKY COVER 0.03
NUMBER OF DAYS FAIR 29
NUMBER OF DAYS PC 1
NUMBER OF DAYS CLOUDY 0
AVERAGE RH (PERCENT) 36
WEATHER CONDITIONS. NUMBER OF DAYS WITH
THUNDERSTORM 0 MIXED PRECIP 0
HEAVY RAIN 0 RAIN 0
LIGHT RAIN 0 FREEZING RAIN 0
LT FREEZING RAIN 0 HAIL 0
HEAVY SNOW 0 SNOW 0
LIGHT SNOW 0 SLEET 0
FOG 0 FOG W/VIS <= 1/4 MILE 0
HAZE 1
- INDICATES NEGATIVE NUMBERS.
R INDICATES RECORD WAS SET OR TIED.
MM INDICATES DATA IS MISSING.
T INDICATES TRACE AMOUNT.
$$