000
CXUS55 KBYZ 011000
CF6BIL
PRELIMINARY LOCAL CLIMATOLOGICAL DATA (WS FORM: F-6)
STATION: BILLINGS MT
MONTH: AUGUST
YEAR: 2023
LATITUDE: 45 47 N
LONGITUDE: 108 32 W
TEMPERATURE IN F: :PCPN: SNOW: WIND :SUNSHINE: SKY :PK WND
================================================================================
1 2 3 4 5 6A 6B 7 8 9 10 11 12 13 14 15 16 17 18
12Z AVG MX 2MIN
DY MAX MIN AVG DEP HDD CDD WTR SNW DPTH SPD SPD DIR MIN PSBL S-S WX SPD DR
================================================================================
1 98 68 83 8 0 18 0.00 0.0 0 8.2 20 240 M M 4 27 240
2 93 65 79 4 0 14 0.00 0.0 0 8.5 23 230 M M 7 32 220
3 80 67 74 -1 0 9 0.00 0.0 0 8.2 23 220 M M 9 30 220
4 83 65 74 -1 0 9 0.00 0.0 0 11.4 23 40 M M 7 31 50
5 75 60 68 -6 0 3 0.00 0.0 0 7.8 15 50 M M 7 20 60
6 74 59 67 -7 0 2 0.04 0.0 0 8.2 18 60 M M 7 25 50
7 77 58 68 -6 0 3 0.19 0.0 0 4.7 13 50 M M 7 1 19 40
8 81 56 69 -5 0 4 0.36 T 0 8.0 32 50 M M 4 35 47 60
9 88 57 73 -1 0 8 T 0.0 0 11.6 33 300 M M 3 45 300
10 86 59 73 -1 0 8 0.08 0.0 0 13.4 31 310 M M 5 46 270
11 86 57 72 -1 0 7 0.00 0.0 0 7.4 18 280 M M 1 29 270
12 86 59 73 0 0 8 0.02 0.0 0 11.0 32 20 M M 6 44 360
13 80 55 68 -5 0 3 0.03 0.0 0 6.1 16 350 M M 4 23 30
14 89 52 71 -1 0 6 0.00 0.0 0 7.4 15 230 M M 0 8 15 230
15 101 62 82 10 0 17 0.00 0.0 0 11.5 20 240 M M 0 33 280
16 85 69 77 5 0 12 0.00 0.0 0 10.9 21 50 M M 3 27 40
17 99 60 80 8 0 15 0.00 0.0 0 7.2 15 230 M M 2 20 240
18 99 76 88 17 0 23 T 0.0 0 11.8 38 280 M M 5 52 270
19 77 54 66 -5 0 1 0.13 0.0 0 13.4 21 40 M M 7 1 29 310
20 61 53 57 -14 8 0 0.13 0.0 0 6.3 12 50 M M 10 1 15 50
21 84 58 71 1 0 6 0.31 0.0 0 5.5 41 190 M M 8 138 59 190
22 91 64 78 8 0 13 T 0.0 0 9.2 30 200 M M 7 3 45 210
23 89 65 77 7 0 12 0.00 0.0 0 6.5 15 260 M M 4 22 240
24 90 59 75 5 0 10 0.00 0.0 0 7.9 16 40 M M 2 25 310
25 81 56 69 0 0 4 0.00 0.0 0 9.3 20 70 M M 2 28 70
26 91 62 77 8 0 12 0.00 0.0 0 8.1 14 240 M M 5 17 250
27 89 62 76 7 0 11 0.00 0.0 0 6.3 16 240 M M 4 21 230
28 90 59 75 7 0 10 0.00 0.0 0 8.6 18 230 M M 3 22 240
29 95 56 76 8 0 11 T 0.0 0 10.3 22 240 M M 2 3 32 230
30 86 64 75 7 0 10 T 0.0 0 12.5 43 300 M M 4 8 56 290
31 84 62 73 6 0 8 0.00 0.0 0 10.5 25 280 M M 4 37 270
================================================================================
SM 2668 1878 8 277 1.29 T 277.7 M 143
================================================================================
AV 86.1 60.6 9.0 FASTST M M 5 MAX(MPH)
MISC ----> 43 300 59 190
================================================================================
NOTES:
# LAST OF SEVERAL OCCURRENCES
COLUMN 17 PEAK WIND IN M.P.H.
PRELIMINARY LOCAL CLIMATOLOGICAL DATA (WS FORM: F-6) , PAGE 2
STATION: BILLINGS MT
MONTH: AUGUST
YEAR: 2023
LATITUDE: 45 47 N
LONGITUDE: 108 32 W
[TEMPERATURE DATA] [PRECIPITATION DATA] SYMBOLS USED IN COLUMN 16
AVERAGE MONTHLY: 73.3 TOTAL FOR MONTH: 1.29 1 = FOG OR MIST
DPTR FM NORMAL: 1.7 DPTR FM NORMAL: 0.42 2 = FOG REDUCING VISIBILITY
HIGHEST: 101 ON 15 GRTST 24HR 0.37 ON 20-21 TO 1/4 MILE OR LESS
LOWEST: 52 ON 14 3 = THUNDER
SNOW, ICE PELLETS, HAIL 4 = ICE PELLETS
TOTAL MONTH: T 5 = HAIL
GRTST 24HR T ON 8- 8 6 = FREEZING RAIN OR DRIZZLE
GRTST DEPTH: 0 7 = DUSTSTORM OR SANDSTORM:
VSBY 1/2 MILE OR LESS
8 = SMOKE OR HAZE
[NO. OF DAYS WITH] [WEATHER - DAYS WITH] 9 = BLOWING SNOW
X = TORNADO
MAX 32 OR BELOW: 0 0.01 INCH OR MORE: 9
MAX 90 OR ABOVE: 10 0.10 INCH OR MORE: 5
MIN 32 OR BELOW: 0 0.50 INCH OR MORE: 0
MIN 0 OR BELOW: 0 1.00 INCH OR MORE: 0
[HDD (BASE 65) ]
TOTAL THIS MO. 8 CLEAR (SCALE 0-3) 8
DPTR FM NORMAL -16 PTCLDY (SCALE 4-7) 21
TOTAL FM JUL 1 16 CLOUDY (SCALE 8-10) 2
DPTR FM NORMAL -18
[CDD (BASE 65) ]
TOTAL THIS MO. 277
DPTR FM NORMAL 47 [PRESSURE DATA]
TOTAL FM JAN 1 632 HIGHEST SLP 30.29 ON 25
DPTR FM NORMAL 37 LOWEST SLP 29.51 ON 18
[REMARKS]
#FINAL-08-23#