000
CXUS56 KBOI 011750
CF6BKE
PRELIMINARY LOCAL CLIMATOLOGICAL DATA (WS FORM: F-6)
STATION: BAKER OR
MONTH: JANUARY
YEAR: 2024
LATITUDE: 44 50 N
LONGITUDE: 117 49 W
TEMPERATURE IN F: :PCPN: SNOW: WIND :SUNSHINE: SKY :PK WND
================================================================================
1 2 3 4 5 6A 6B 7 8 9 10 11 12 13 14 15 16 17 18
12Z AVG MX 2MIN
DY MAX MIN AVG DEP HDD CDD WTR SNW DPTH SPD SPD DIR MIN PSBL S-S WX SPD DR
================================================================================
1 39 25 32 4 33 0 0.00 M M 2.0 7 210 M M 10 12 9 290
2 39 26 33 5 32 0 0.01 M M 9.9 20 110 M M 8 128 26 110
3 40 30 35 7 30 0 T M M 2.7 9 120 M M 9 18 12 130
4 44 27 36 8 29 0 0.07 M M 1.5 7 330 M M 8 18 11 320
5 42 24 33 5 32 0 0.01 M M 5.1 22 350 M M 2 128 29 360
6 39 21 30 2 35 0 T M M 10.2 26 90 M M 6 18 34 90
7 33 8 21 -7 44 0 0.02 M M 3.2 12 300 M M 6 18 16 300
8 32 4 18 -10 47 0 T M M 8.3 23 110 M M 8 18 30 110
9 40 27 34 6 31 0 0.08 M M 10.4 25 110 M M 8 12 34 100
10 36 18 27 -1 38 0 T M M 7.4 26 200 M M 8 128 35 200
11 36 7 22 -6 43 0 T M M 7.7 31 330 M M 9 128 40 330
12 30 3 17 -11 48 0 T M M 14.1 29 350 M M 10 8 39 360
13 11 -8 2 -26 63 0 0.19 M M 0.7 10 270 M M 7 8 13 280
14 17 11 14 -14 51 0 0.01 M M 3.2 10 330 M M 10 12 330
15 15 -8 4 -25 61 0 T M M 4.6 13 360 M M 6 8 17 340
16 18 -10 4 -25 61 0 0.01 M M 5.6 20 130 M M 5 128 25 150
17 26 12 19 -10 46 0 0.07 M M 2.9 9 240 M M 10 8 13 110
18 35 26 31 2 34 0 0.02 M M 1.5 10 90 M M 10 18 12 90
19 43 35 39 10 26 0 T M M 7.3 15 100 M M 7 1 19 100
20 40 37 39 10 26 0 0.02 M M 10.8 20 110 M M 10 27 120
21 47 37 42 13 23 0 0.01 M M 12.3 20 130 M M 7 25 120
22 47 35 41 12 24 0 0.05 M M 9.1 20 100 M M 10 1 24 90
23 48 34 41 11 24 0 0.02 M M 2.2 8 150 M M 8 128 11 120
24 44 32 38 8 27 0 0.04 M M 8.9 18 120 M M 6 1 25 120
25 41 28 35 5 30 0 T M M 1.7 8 250 M M 8 128 10 240
26 43 29 36 6 29 0 0.02 M M 10.5 22 130 M M 9 12 29 130
27 49 39 44 14 21 0 0.05 M M 12.0 21 110 M M 10 27 100
28 49 39 44 14 21 0 0.02 M M 8.1 18 100 M M 9 23 110
29 54 35 45 15 20 0 0.00 M M 10.6 20 110 M M 1 1 26 120
30 54 39 47 17 18 0 0.00 M M 10.7 18 100 M M 0 24 110
31 56 45 51 21 14 0 T M M 12.7 29 140 M M 0 42 140
================================================================================
SM 1187 707 1061 0 0.72 M 217.9 M 225
================================================================================
AV 38.3 22.8 7.0 FASTST M M 7 MAX(MPH)
MISC ----> 31 330 42 140
================================================================================
NOTES:
# LAST OF SEVERAL OCCURRENCES
COLUMN 17 PEAK WIND IN M.P.H.
PRELIMINARY LOCAL CLIMATOLOGICAL DATA (WS FORM: F-6) , PAGE 2
STATION: BAKER OR
MONTH: JANUARY
YEAR: 2024
LATITUDE: 44 50 N
LONGITUDE: 117 49 W
[TEMPERATURE DATA] [PRECIPITATION DATA] SYMBOLS USED IN COLUMN 16
AVERAGE MONTHLY: 30.5 TOTAL FOR MONTH: 0.72 1 = FOG OR MIST
DPTR FM NORMAL: 1.7 DPTR FM NORMAL: 0.02 2 = FOG REDUCING VISIBILITY
HIGHEST: 56 ON 31 GRTST 24HR 0.21 ON 13-14 TO 1/4 MILE OR LESS
LOWEST: -10 ON 16 3 = THUNDER
SNOW, ICE PELLETS, HAIL 4 = ICE PELLETS
TOTAL MONTH: M 5 = HAIL
GRTST 24HR M ON M 6 = FREEZING RAIN OR DRIZZLE
GRTST DEPTH: M ON M 7 = DUSTSTORM OR SANDSTORM:
VSBY 1/2 MILE OR LESS
8 = SMOKE OR HAZE
[NO. OF DAYS WITH] [WEATHER - DAYS WITH] 9 = BLOWING SNOW
X = TORNADO
MAX 32 OR BELOW: 7 0.01 INCH OR MORE: 18
MAX 90 OR ABOVE: 0 0.10 INCH OR MORE: 1
MIN 32 OR BELOW: 21 0.50 INCH OR MORE: 0
MIN 0 OR BELOW: 3 1.00 INCH OR MORE: 0
[HDD (BASE 65) ]
TOTAL THIS MO. 1061 CLEAR (SCALE 0-3) 4
DPTR FM NORMAL -61 PTCLDY (SCALE 4-7) 12
TOTAL FM JUL 1 3627 CLOUDY (SCALE 8-10) 15
DPTR FM NORMAL -320
[CDD (BASE 65) ]
TOTAL THIS MO. 0
DPTR FM NORMAL 0 [PRESSURE DATA]
TOTAL FM JAN 1 0 HIGHEST SLP M ON M
DPTR FM NORMAL 0 LOWEST SLP 29.50 ON 10
[REMARKS]
#FINAL-01-24#