355
CXUS51 KRLX 011913
CF6BKW
PRELIMINARY LOCAL CLIMATOLOGICAL DATA (WS FORM: F-6)
STATION: BECKLEY WV
MONTH: JUNE
YEAR: 2020
LATITUDE: 37 46 N
LONGITUDE: 81 7 W
TEMPERATURE IN F: :PCPN: SNOW: WIND :SUNSHINE: SKY :PK WND
================================================================================
1 2 3 4 5 6A 6B 7 8 9 10 11 12 13 14 15 16 17 18
12Z AVG MX 2MIN
DY MAX MIN AVG DEP HDD CDD WTR SNW DPTH SPD SPD DIR MIN PSBL S-S WX SPD DR
================================================================================
1 72 41 57 -7 8 0 0.00 0.0 0 3.3 13 310 M M 0 15 10
2 82 56 69 5 0 4 T 0.0 0 8.4 20 290 M M 4 24 290
3 84 64 74 10 0 9 0.00 0.0 0 7.5 21 280 M M 1 27 280
4 85 61 73 8 0 8 0.08 0.0 0 6.8 25 230 M M 3 34 230
5 77 62 70 5 0 5 0.44 0.0 0 5.1 17 240 M M 7 128 24 240
6 83 62 73 8 0 8 0.12 0.0 0 5.8 16 300 M M 7 123 23 300
7 78 56 67 2 0 2 0.00 0.0 0 5.0 15 330 M M 1 1 20 320
8 84 51 68 2 0 3 0.00 0.0 0 5.3 12 120 M M 0 17 130
9 86 66 76 10 0 11 0.17 0.0 0 7.2 20 150 M M 2 13 26 170
10 83 66 75 9 0 10 0.41 0.0 0 9.7 20 290 M M 4 13 28 310
11 74 55 65 -1 0 0 0.29 0.0 0 7.3 13 350 M M 6 1 23 290
12 77 52 65 -2 0 0 0.00 0.0 0 4.9 16 10 M M 2 23 10
13 76 50 63 -4 2 0 0.00 0.0 0 3.8 15 10 M M 2 3 18 360
14 69 56 63 -4 2 0 0.53 0.0 0 7.8 17 150 M M 7 13 25 150
15 63 52 58 -10 7 0 0.10 0.0 0 9.6 22 120 M M 10 28 120
16 61 51 56 -12 9 0 0.34 0.0 0 3.7 13 80 M M 10 1 16 70
17 63 55 59 -9 6 0 0.84 0.0 0 4.7 8 10 M M 10 1 M M
18 69 58 64 -4 1 0 1.13 0.0 0 3.2 12 80 M M 9 123 14 80
19 75 59 67 -1 0 2 0.11 0.0 0 4.5 14 280 M M 6 138 17 250
20 80 57 69 0 0 4 0.09 0.0 0 2.8 12 360 M M 5 12 14 360
21 81 59 70 1 0 5 0.02 0.0 0 4.9 14 150 M M 2 13 20 160
22 80 64 72 3 0 7 T 0.0 0 7.7 16 260 M M 6 21 260
23 80 63 72 3 0 7 0.21 0.0 0 8.5 18 200 M M 5 1 26 230
24 76 59 68 -1 0 3 0.01 0.0 0 5.8 17 260 M M 4 22 260
25 78 58 68 -2 0 3 0.06 0.0 0 4.8 21 360 M M 5 1 28 10
26 80 57 69 -1 0 4 T 0.0 0 5.9 15 260 M M 2 19 300
27 76 63 70 0 0 5 0.45 0.0 0 8.1 20 280 M M 8 1 25 270
28 70 65 68 -2 0 3 0.30 0.0 0 6.1 14 220 M M 10 1 17 220
29 81 65 73 3 0 8 0.00 0.0 0 4.2 13 360 M M 7 1 16 340
30 79 66 73 3 0 8 0.29 0.0 0 4.3 18 230 M M 5 13 24 220
================================================================================
SM 2302 1749 35 119 5.99 0.0 176.7 M 150
================================================================================
AV 76.7 58.3 5.9 FASTST M M 5 MAX(MPH)
MISC ----> 25 230 34 230
================================================================================
NOTES:
# LAST OF SEVERAL OCCURRENCES
COLUMN 17 PEAK WIND IN M.P.H.
PRELIMINARY LOCAL CLIMATOLOGICAL DATA (WS FORM: F-6) , PAGE 2
STATION: BECKLEY WV
MONTH: JUNE
YEAR: 2020
LATITUDE: 37 46 N
LONGITUDE: 81 7 W
[TEMPERATURE DATA] [PRECIPITATION DATA] SYMBOLS USED IN COLUMN 16
AVERAGE MONTHLY: 67.5 TOTAL FOR MONTH: 5.99 1 = FOG OR MIST
DPTR FM NORMAL: 0.1 DPTR FM NORMAL: 1.99 2 = FOG REDUCING VISIBILITY
HIGHEST: 86 ON 9 GRTST 24HR 1.13 ON 18-18 TO 1/4 MILE OR LESS
LOWEST: 41 ON 1 3 = THUNDER
SNOW, ICE PELLETS, HAIL 4 = ICE PELLETS
TOTAL MONTH: 0.0 INCH 5 = HAIL
GRTST 24HR 0.0 6 = FREEZING RAIN OR DRIZZLE
GRTST DEPTH: 0 7 = DUSTSTORM OR SANDSTORM:
VSBY 1/2 MILE OR LESS
8 = SMOKE OR HAZE
[NO. OF DAYS WITH] [WEATHER - DAYS WITH] 9 = BLOWING SNOW
X = TORNADO
MAX 32 OR BELOW: 0 0.01 INCH OR MORE: 20
MAX 90 OR ABOVE: 0 0.10 INCH OR MORE: 15
MIN 32 OR BELOW: 0 0.50 INCH OR MORE: 3
MIN 0 OR BELOW: 0 1.00 INCH OR MORE: 1
[HDD (BASE 65) ]
TOTAL THIS MO. 35 CLEAR (SCALE 0-3) 10
DPTR FM NORMAL -4 PTCLDY (SCALE 4-7) 15
TOTAL FM JUL 1 4705 CLOUDY (SCALE 8-10) 5
DPTR FM NORMAL -634
[CDD (BASE 65) ]
TOTAL THIS MO. 119
DPTR FM NORMAL 8 [PRESSURE DATA]
TOTAL FM JAN 1 192 HIGHEST SLP 30.34 ON 15
DPTR FM NORMAL 40 LOWEST SLP 29.72 ON 23
[REMARKS]
#FINAL-06-20#