000
CXUS51 KRLX 020534
CLSBKW
CLIMATE REPORT
NATIONAL WEATHER SERVICE CHARLESTON WV
134 AM EDT FRI SEP 02 2022
...................................
...THE BECKLEY WV CLIMATE SUMMARY FOR THE SEASON, FROM
6/1/2022 TO 8/31/2022...
CLIMATE NORMAL PERIOD: 1991 TO 2020
CLIMATE RECORD PERIOD: 1893 TO 2022
WEATHER OBSERVED NORMAL DEPART LAST YEAR`S
VALUE DATE(S) VALUE FROM VALUE
NORMAL
..............................................................
TEMPERATURE (F)
RECORD
HIGH 103 08/11/1926
07/21/1926
LOW 32 06/11/1972
06/01/1955
06/15/1933
HIGHEST 90 06/15 89
LOWEST 42 06/19 45
AVG. MAXIMUM 80.0 79.5 0.5 80.8
AVG. MINIMUM 61.1 60.7 0.4 61.5
MEAN 70.6 70.1 0.5 71.2
DAYS MAX >= 90 1 0.9 0.1 0
DAYS MAX <= 32 0 0.0 0.0 0
DAYS MAX >= 80 52 65
DAYS MIN <= 32 0 0.0 0.0 0
DAYS MIN <= 0 0 0.0 0.0 0
DAYS MIN <= 10 0 0
DAYS MIN <= -5 0 0
PRECIPITATION (INCHES)
RECORD
MAXIMUM 23.74 1940
MINIMUM 5.12 1899
TOTALS 17.28 12.98 4.30 15.25
DAILY AVG. 0.19 0.14 0.05 0.17
DAYS >= .01 49 38.7 10.3 43
DAYS >= .10 35 25.1 9.9 27
DAYS >= .50 15 8.6 6.4 13
DAYS >= 1.00 4 2.8 1.2 2
GREATEST
24 HR. TOTAL 1.85 1.77
SNOWFALL (INCHES)
RECORDS
TOTAL MM MM
24 HR TOTAL MM
TOTALS 0.0 0.0 0.0 0.0
SINCE 7/1 0.0 0.0 0.0 MM
DAYS >= TRACE 0 0.0 0.0 0
DAYS >= 1.0 0 0.0 0.0 0
DAYS >= 3.0 0 0
GREATEST
SNOW DEPTH 0 0
24 HR TOTAL 0.0 0.0
DEGREE DAYS
HEATING TOTAL 33 45 -12 27
SINCE 7/1 1 9 -8 MM
COOLING TOTAL 572 516 56 621
SINCE 1/1 641 578 63 MM
..............................................................
WIND (MPH)
AVERAGE WIND SPEED 5.3
HIGHEST WIND SPEED/DIRECTION 37/350 DATE 06/22
HIGHEST GUST SPEED/DIRECTION 48/310 DATE 06/13
SKY COVER
POSSIBLE SUNSHINE (PERCENT) MM
AVERAGE SKY COVER 0.39
NUMBER OF DAYS FAIR 42
NUMBER OF DAYS PC 45
NUMBER OF DAYS CLOUDY 5
AVERAGE RH (PERCENT) 75
WEATHER CONDITIONS. NUMBER OF DAYS WITH
THUNDERSTORM 31 MIXED PRECIP 0
HEAVY RAIN 35 RAIN 31
LIGHT RAIN 52 FREEZING RAIN 0
LT FREEZING RAIN 0 HAIL 0
HEAVY SNOW 0 SNOW 0
LIGHT SNOW 0 SLEET 0
FOG 58 FOG W/VIS <= 1/4 MILE 6
HAZE 9
- INDICATES NEGATIVE NUMBERS.
R INDICATES RECORD WAS SET OR TIED.
MM INDICATES DATA IS MISSING.
T INDICATES TRACE AMOUNT.
$$