000
CXUS51 KRNK 010840
CLSBLF
CLIMATE REPORT
NATIONAL WEATHER SERVICE BLACKSBURG, VA
340 AM EST MON MAR 01 2021
...................................
...THE BLUEFIELD WV CLIMATE SUMMARY FOR THE SEASON, FROM
12/1/2020 TO 2/28/2021...
CLIMATE NORMAL PERIOD: 1981 TO 2010
CLIMATE RECORD PERIOD: 1909 TO 2021
WEATHER OBSERVED NORMAL DEPART LAST YEAR`S
VALUE DATE(S) VALUE FROM VALUE
NORMAL
..............................................................
TEMPERATURE (F)
RECORD
HIGH 75 02/26/1977
LOW -21 01/21/1985
HIGHEST 65 02/28 68
LOWEST 6 12/26 10
AVG. MAXIMUM 39.7 44.2 -4.5 46.2
AVG. MINIMUM 26.0 28.3 -2.3 30.4
MEAN 32.8 36.2 -3.4 38.3
DAYS MAX >= 90 0 0.0 0.0 0
DAYS MAX <= 32 24 15.4 8.6 12
DAYS MIN <= 32 74 57.3 16.7 57
DAYS MIN <= 0 0 0.9 -0.9 0
PRECIPITATION (INCHES)
RECORD
MAXIMUM 12.72 1993
MINIMUM 4.38 1980
TOTALS 11.18 8.57 2.61 9.73
DAYS >= .01 46 40.3 5.7 43
DAYS >= .10 23 20.7 2.3 25
DAYS >= .50 7 5.4 1.6 4
DAYS >= 1.00 4 1.0 3.0 1
GREATEST
24 HR. TOTAL 1.76 2.09
SNOWFALL (INCHES)
TOTALS 44.9 11.4
DAYS >= TRACE 45 34
DAYS >= 1.0 14 4
GREATEST
24 HR TOTAL 8.0 2.8
DEGREE DAYS
HEATING TOTAL 2874 2589 285 2404
COOLING TOTAL 0 0 0 0
..............................................................
WIND (MPH)
AVERAGE WIND SPEED 7.6
RESULTANT WIND SPEED/DIRECTION 4/270
HIGHEST WIND SPEED/DIRECTION 31/250 DATE 12/22
HIGHEST GUST SPEED/DIRECTION 49/290 DATE 12/22
SKY COVER
AVERAGE SKY COVER 0.64
AVERAGE RH (PERCENT) 78
WEATHER CONDITIONS. NUMBER OF DAYS WITH
THUNDERSTORM 0 MIXED PRECIP 0
HEAVY RAIN 6 RAIN 10
LIGHT RAIN 26 FREEZING RAIN 4
LT FREEZING RAIN 9 HAIL 0
HEAVY SNOW 4 SNOW 11
LIGHT SNOW 41 SLEET 7
FOG 54 FOG W/VIS <= 1/4 MILE 19
HAZE 0
- INDICATES NEGATIVE NUMBERS.
R INDICATES RECORD WAS SET OR TIED.
MM INDICATES DATA IS MISSING.
T INDICATES TRACE AMOUNT.
$$
PW