000
CXUS55 KSEW 010930
CF6BLI
PRELIMINARY LOCAL CLIMATOLOGICAL DATA (WS FORM: F-6)
STATION: BELLINGHAM WA AIRPORT
MONTH: APRIL
YEAR: 2023
LATITUDE: 48 47 N
LONGITUDE: 122 32 W
TEMPERATURE IN F: :PCPN: SNOW: WIND :SUNSHINE: SKY :PK WND
================================================================================
1 2 3 4 5 6A 6B 7 8 9 10 11 12 13 14 15 16 17 18
12Z AVG MX 2MIN
DY MAX MIN AVG DEP HDD CDD WTR SNW DPTH SPD SPD DIR MIN PSBL S-S WX SPD DR
================================================================================
1 50 38 44 -4 21 0 0.02 M M 6.9 15 180 M M 8 1 25 210
2 46 33 40 -8 25 0 0.16 M M 5.4 14 360 M M 8 1 21 180
3 50 34 42 -6 23 0 T M M 4.6 13 150 M M 7 1 17 290
4 51 34 43 -5 22 0 0.00 M M 4.7 12 180 M M 5 17 170
5 53 29 41 -7 24 0 0.00 M M 5.2 14 180 M M 5 21 170
6 57 42 50 2 15 0 0.06 M M 11.0 29 160 M M 10 45 150
7 57 47 52 4 13 0 0.07 M M 8.7 30 160 M M 10 1 45 160
8 54 48 51 3 14 0 T M M 15.6 29 160 M M 9 44 180
9 58 44 51 2 14 0 0.10 M M 16.6 40 160 M M 9 1 64 160
10 49 43 46 -3 19 0 0.10 M M 3.7 10 180 M M 9 1 16 180
11 51 35 43 -6 22 0 0.01 M M 7.4 17 180 M M 7 1 29 170
12 53 32 43 -6 22 0 0.00 M M 4.8 12 290 M M 1 18 280
13 53 35 44 -5 21 0 T M M 6.9 16 160 M M 5 23 160
14 56 30 43 -6 22 0 0.00 M M 2.2 10 190 M M 0 1 17 230
15 52 36 44 -5 21 0 0.03 M M 5.5 18 140 M M 8 1 26 120
16 54 39 47 -3 18 0 0.31 M M 10.5 28 160 M M 9 1 43 190
17 53 38 46 -4 19 0 0.13 M M 10.4 21 150 M M 6 1 30 190
18 50 40 45 -5 20 0 0.04 M M 15.8 25 150 M M 5 1 38 170
19 54 37 46 -4 19 0 T M M 8.2 18 180 M M 5 1 28 170
20 51 36 44 -6 21 0 0.01 M M 11.8 28 150 M M 6 1 39 150
21 53 44 49 -1 16 0 0.19 M M 4.2 13 190 M M 8 1 22 200
22 60 44 52 1 13 0 0.04 M M 4.7 9 40 M M 9 1 14 40
23 52 48 50 -1 15 0 0.31 M M 7.3 15 180 M M 10 1 22 160
24 58 41 50 -1 15 0 0.01 M M 6.4 13 160 M M 7 1 18 200
25 58 43 51 0 14 0 0.00 M M 4.8 13 160 M M 3 17 160
26 58 43 51 0 14 0 0.05 M M 2.3 12 180 M M 7 1 16 180
27 66 39 53 1 12 0 0.00 M M 3.2 13 280 M M 2 12 17 280
28 72 41 57 5 8 0 0.00 M M 3.5 13 290 M M 0 18 19 10
29 73 45 59 7 6 0 0.00 M M 5.4 13 200 M M 0 26 210
30 56 50 53 1 12 0 T M M 7.3 14 180 M M 5 23 200
================================================================================
SM 1658 1188 520 0 1.64 M 215.0 M 183
================================================================================
AV 55.3 39.6 7.2 FASTST M M 6 MAX(MPH)
MISC ----> 40 160 64 160
================================================================================
NOTES:
# LAST OF SEVERAL OCCURRENCES
COLUMN 17 PEAK WIND IN M.P.H.
PRELIMINARY LOCAL CLIMATOLOGICAL DATA (WS FORM: F-6) , PAGE 2
STATION: BELLINGHAM WA AIRPORT
MONTH: APRIL
YEAR: 2023
LATITUDE: 48 47 N
LONGITUDE: 122 32 W
[TEMPERATURE DATA] [PRECIPITATION DATA] SYMBOLS USED IN COLUMN 16
AVERAGE MONTHLY: 47.4 TOTAL FOR MONTH: 1.64 1 = FOG OR MIST
DPTR FM NORMAL: -2.2 DPTR FM NORMAL: -1.13 2 = FOG REDUCING VISIBILITY
HIGHEST: 73 ON 29 GRTST 24HR 0.44 ON 16-17 TO 1/4 MILE OR LESS
LOWEST: 29 ON 5 3 = THUNDER
SNOW, ICE PELLETS, HAIL 4 = ICE PELLETS
TOTAL MONTH: M 5 = HAIL
GRTST 24HR M ON M 6 = FREEZING RAIN OR DRIZZLE
GRTST DEPTH: M ON M 7 = DUSTSTORM OR SANDSTORM:
VSBY 1/2 MILE OR LESS
8 = SMOKE OR HAZE
[NO. OF DAYS WITH] [WEATHER - DAYS WITH] 9 = BLOWING SNOW
X = TORNADO
MAX 32 OR BELOW: 0 0.01 INCH OR MORE: 17
MAX 90 OR ABOVE: 0 0.10 INCH OR MORE: 7
MIN 32 OR BELOW: 3 0.50 INCH OR MORE: 0
MIN 0 OR BELOW: 0 1.00 INCH OR MORE: 0
[HDD (BASE 65) ]
TOTAL THIS MO. 520 CLEAR (SCALE 0-3) 6
DPTR FM NORMAL 60 PTCLDY (SCALE 4-7) 15
TOTAL FM JUL 1 4761 CLOUDY (SCALE 8-10) 9
DPTR FM NORMAL 114
[CDD (BASE 65) ]
TOTAL THIS MO. 0
DPTR FM NORMAL 0 [PRESSURE DATA]
TOTAL FM JAN 1 0 HIGHEST SLP M ON M
DPTR FM NORMAL 0 LOWEST SLP 29.61 ON 18
[REMARKS]
#FINAL-04-23#