000
CXUS54 KEWX 011110
CF6BMQ
PRELIMINARY LOCAL CLIMATOLOGICAL DATA (WS FORM: F-6)
STATION: BURNET
MONTH: FEBRUARY
YEAR: 2024
LATITUDE: 30 43 N
LONGITUDE: 98 14 W
TEMPERATURE IN F: :PCPN: SNOW: WIND :SUNSHINE: SKY :PK WND
================================================================================
1 2 3 4 5 6A 6B 7 8 9 10 11 12 13 14 15 16 17 18
12Z AVG MX 2MIN
DY MAX MIN AVG DEP HDD CDD WTR SNW DPTH SPD SPD DIR MIN PSBL S-S WX SPD DR
================================================================================
1 70 46 58 7 7 0 0.00 M M 5.4 16 180 M M 3 24 180
2 65 56 61 10 4 0 0.04 M M 8.8 23 140 M M 9 13 35 130
3 69 48 59 8 6 0 0.09 M M 5.1 22 270 M M 4 1 38 240
4 65 50 58 7 7 0 T M M 13.9 30 330 M M 2 45 290
5 65 48 57 6 8 0 0.00 M M 11.5 21 330 M M 5 30 330
6 68 41 55 4 10 0 0.00 M M 3.1 8 190 M M 0 12 180
7 66 47 57 5 8 0 T M M 8.7 21 140 M M 2 34 180
8 70 55 63 11 2 0 T M M 2.6 13 280 M M 3 17 270
9 72 55 64 12 1 0 0.00 M M 2.5 12 230 M M 6 1 15 220
10 64 56 60 8 5 0 0.94 M M 6.9 15 300 M M 9 13 22 160
11 56 40 48 -4 17 0 0.29 M M 11.4 23 320 M M 10 13 34 330
12 57 37 47 -5 18 0 0.00 M M 11.9 23 310 M M 3 42 290
13 67 34 51 -1 14 0 0.00 M M 3.7 14 190 M M 0 22 180
14 63 45 54 1 11 0 0.00 M M 6.2 13 180 M M 5 20 170
15 68 56 62 9 3 0 0.00 M M 5.8 10 180 M M 4 17 220
16 74 47 61 8 4 0 0.00 M M 8.5 18 360 M M 0 30 20
17 47 35 41 -12 24 0 0.00 M M 11.5 20 10 M M 3 36 10
18 55 30 43 -10 22 0 0.00 M M 4.1 12 360 M M 2 17 350
19 70 36 53 -1 12 0 0.00 M M 5.6 16 220 M M 0 25 230
20 81 43 62 8 3 0 0.00 M M 5.2 17 200 M M 0 26 180
21 79 56 68 14 0 3 0.00 M M 10.1 24 180 M M 2 1 34 180
22 84 62 73 19 0 8 0.00 M M 10.7 25 290 M M 4 39 280
23 74 54 64 10 1 0 0.00 M M 7.3 16 40 M M 0 23 10
24 77 43 60 5 5 0 0.00 M M 4.8 15 190 M M 0 24 160
25 86 50 68 13 0 3 0.00 M M 6.6 16 200 M M 0 26 210
26 92 54 73 18 0 8 0.00 M M 5.5 20 210 M M 0 28 210
27 83 65 74 19 0 9 0.00 M M 5.9 13 190 M M 3 18 20 200
28 72 44 58 2 7 0 0.00 M M 11.3 22 20 M M 1 36 30
29 47 39 43 -13 22 0 T M M 6.4 16 30 M M 9 25 20
================================================================================
SM 2006 1372 221 31 1.36 M 211.0 M 89
================================================================================
AV 69.2 47.3 7.3 FASTST M M 3 MAX(MPH)
MISC ----> 30 330 45 290
================================================================================
NOTES:
# LAST OF SEVERAL OCCURRENCES
COLUMN 17 PEAK WIND IN M.P.H.
PRELIMINARY LOCAL CLIMATOLOGICAL DATA (WS FORM: F-6) , PAGE 2
STATION: BURNET
MONTH: FEBRUARY
YEAR: 2024
LATITUDE: 30 43 N
LONGITUDE: 98 14 W
[TEMPERATURE DATA] [PRECIPITATION DATA] SYMBOLS USED IN COLUMN 16
AVERAGE MONTHLY: 58.2 TOTAL FOR MONTH: 1.36 1 = FOG OR MIST
DPTR FM NORMAL: 5.3 DPTR FM NORMAL: -0.27 2 = FOG REDUCING VISIBILITY
HIGHEST: 92 ON 26 GRTST 24HR 1.11 ON 10-11 TO 1/4 MILE OR LESS
LOWEST: 30 ON 18 3 = THUNDER
SNOW, ICE PELLETS, HAIL 4 = ICE PELLETS
TOTAL MONTH: M 5 = HAIL
GRTST 24HR M ON M 6 = FREEZING RAIN OR DRIZZLE
GRTST DEPTH: M ON M 7 = DUSTSTORM OR SANDSTORM:
VSBY 1/2 MILE OR LESS
8 = SMOKE OR HAZE
[NO. OF DAYS WITH] [WEATHER - DAYS WITH] 9 = BLOWING SNOW
X = TORNADO
MAX 32 OR BELOW: 0 0.01 INCH OR MORE: 4
MAX 90 OR ABOVE: 1 0.10 INCH OR MORE: 2
MIN 32 OR BELOW: 1 0.50 INCH OR MORE: 1
MIN 0 OR BELOW: 0 1.00 INCH OR MORE: 0
[HDD (BASE 65) ]
TOTAL THIS MO. 221 CLEAR (SCALE 0-3) 18
DPTR FM NORMAL -128 PTCLDY (SCALE 4-7) 7
TOTAL FM JUL 1 1416 CLOUDY (SCALE 8-10) 4
DPTR FM NORMAL -193
[CDD (BASE 65) ]
TOTAL THIS MO. 31
DPTR FM NORMAL 21 [PRESSURE DATA]
TOTAL FM JAN 1 31 HIGHEST SLP 30.39 ON 29
DPTR FM NORMAL 17 LOWEST SLP 29.53 ON 3
[REMARKS]
#FINAL-02-24#