000
CXUS54 KMAF 011110
CF6BPG
PRELIMINARY LOCAL CLIMATOLOGICAL DATA (WS FORM: F-6)
STATION: BIG SPRING MCMAHON-WRINKLE FI
MONTH: APRIL
YEAR: 2023
LATITUDE: 32 12 N
LONGITUDE: 101 31 W
TEMPERATURE IN F: :PCPN: SNOW: WIND :SUNSHINE: SKY :PK WND
================================================================================
1 2 3 4 5 6A 6B 7 8 9 10 11 12 13 14 15 16 17 18
12Z AVG MX 2MIN
DY MAX MIN AVG DEP HDD CDD WTR SNW DPTH SPD SPD DIR MIN PSBL S-S WX SPD DR
================================================================================
1 79 37 58 M 7 0 M M M 8.5 17 60 M M 0 21 60
2 87 55 71 M 0 6 M M M 16.1 26 250 M M 0 8 38 270
3 91 46 69 M 0 4 M M M 16.4 29 230 M M 0 8 38 230
4 90 57 74 M 0 9 M M M 16.9 31 240 M M 2 8 43 220
5 70 40 55 M 10 0 M M M 13.5 22 340 M M 0 8 35 290
6 67 44 56 M 9 0 M M M 14.9 21 70 M M 0 29 60
7 69 40 55 M 10 0 M M M 10.2 16 40 M M 2 22 60
8 76 46 61 M 4 0 M M M 6.7 14 140 M M 2 M M
9 80 55 68 M 0 3 0.02 M M 12.1 22 80 M M 3 30 100
10 81 52 67 M 0 2 M M M 8.7 22 90 M M 1 30 90
11 82 53 68 M 0 3 M M M 11.2 21 130 M M 1 1 24 130
12 85 56 71 M 0 6 M M M 15.7 21 130 M M 0 24 140
13 85 55 70 M 0 5 M M M 18.5 22 170 M M 0 28 170
14 86 59 73 M 0 8 M M M 15.7 25 240 M M 1 8 35 250
15 79 53 66 M 0 1 M M M 11.4 21 310 M M 0 8 31 60
16 74 45 60 M 5 0 M M M 10.7 21 50 M M 0 29 60
17 75 55 65 M 0 0 0.02 M M 18.5 33 180 M M 2 38 40 180
18 93 58 76 M 0 11 M M M 17.7 25 230 M M 0 32 220
19 92 63 78 M 0 13 M M M 19.4 29 190 M M 0 37 210
20 80 61 71 M 0 6 M M M 12.0 22 20 M M 2 18 26 190
21 77 50 64 M 1 0 M M M 8.2 18 50 M M 0 8 25 50
22 82 48 65 M 0 0 M M M 15.8 32 40 M M 1 8 41 40
23 48 40 44 M 21 0 0.11 M M 14.6 26 60 M M 10 13 35 60
24 67 45 56 M 9 0 M M M 10.5 18 170 M M 6 18 23 170
25 85 58 72 M 0 7 M M M 12.0 20 180 M M 5 28 170
26 81 55 68 M 0 3 M M M 14.9 26 10 M M 3 8 36 320
27 81 44 63 M 2 0 M M M 9.0 14 240 M M 0 22 310
28 66 46 56 M 9 0 M M M 19.0 33 10 M M 4 40 10
29 80 40 60 M 5 0 M M M 9.6 20 310 M M 0 26 310
30 96 49 73 M 0 8 M M M 15.7 36 40 M M 0 8 44 40
================================================================================
SM 2384 1505 92 95 0.15 M 404.1 M 45
================================================================================
AV 79.5 50.2 13.5 FASTST M M 2 MAX(MPH)
MISC ----> 36 40 44 40
================================================================================
NOTES:
# LAST OF SEVERAL OCCURRENCES
COLUMN 17 PEAK WIND IN M.P.H.
PRELIMINARY LOCAL CLIMATOLOGICAL DATA (WS FORM: F-6) , PAGE 2
STATION: BIG SPRING MCMAHON-WRINKLE FI
MONTH: APRIL
YEAR: 2023
LATITUDE: 32 12 N
LONGITUDE: 101 31 W
[TEMPERATURE DATA] [PRECIPITATION DATA] SYMBOLS USED IN COLUMN 16
AVERAGE MONTHLY: 64.8 TOTAL FOR MONTH: 0.15 1 = FOG OR MIST
DPTR FM NORMAL: 0.0 DPTR FM NORMAL: M 2 = FOG REDUCING VISIBILITY
HIGHEST: 96 ON 30 GRTST 24HR 0.11 ON 23-23 TO 1/4 MILE OR LESS
LOWEST: 37 ON 1 3 = THUNDER
SNOW, ICE PELLETS, HAIL 4 = ICE PELLETS
TOTAL MONTH: M 5 = HAIL
GRTST 24HR M ON M 6 = FREEZING RAIN OR DRIZZLE
GRTST DEPTH: M ON M 7 = DUSTSTORM OR SANDSTORM:
VSBY 1/2 MILE OR LESS
8 = SMOKE OR HAZE
[NO. OF DAYS WITH] [WEATHER - DAYS WITH] 9 = BLOWING SNOW
X = TORNADO
MAX 32 OR BELOW: 0 0.01 INCH OR MORE: 3
MAX 90 OR ABOVE: 5 0.10 INCH OR MORE: 1
MIN 32 OR BELOW: 0 0.50 INCH OR MORE: 0
MIN 0 OR BELOW: 0 1.00 INCH OR MORE: 0
[HDD (BASE 65) ]
TOTAL THIS MO. 92 CLEAR (SCALE 0-3) 26
DPTR FM NORMAL M PTCLDY (SCALE 4-7) 3
TOTAL FM JUL 1 2314 CLOUDY (SCALE 8-10) 1
DPTR FM NORMAL M
[CDD (BASE 65) ]
TOTAL THIS MO. 95
DPTR FM NORMAL M [PRESSURE DATA]
TOTAL FM JAN 1 128 HIGHEST SLP M ON M
DPTR FM NORMAL M LOWEST SLP M ON M
[REMARKS]
#FINAL-04-23#